{"id":1197,"date":"2020-05-15T12:28:08","date_gmt":"2020-05-15T10:28:08","guid":{"rendered":"https:\/\/www.cjvt.starkmat.si\/kolos\/?page_id=1197"},"modified":"2021-05-28T16:33:20","modified_gmt":"2021-05-28T14:33:20","slug":"projektni-sklopi","status":"publish","type":"page","link":"https:\/\/www.cjvt.si\/kolos\/projektni-sklopi\/","title":{"rendered":"Projektni sklopi"},"content":{"rendered":"<div class=\"flex_column av_one_full  flex_column_div av-zero-column-padding first  avia-builder-el-0  el_before_av_one_full  avia-builder-el-first  \" style='border-radius:0px; '><section class=\"av_textblock_section \"  itemscope=\"itemscope\" itemtype=\"https:\/\/schema.org\/CreativeWork\" ><div class='avia_textblock  '   itemprop=\"text\" ><h1>Projektni sklopi<\/h1>\n<\/div><\/section><br \/>\n<div   class='hr hr-short hr-left   avia-builder-el-2  el_after_av_textblock  avia-builder-el-last '><span class='hr-inner ' ><span class='hr-inner-style'><\/span><\/span><\/div><\/p><\/div>\n<div class=\"flex_column av_one_full  no_margin flex_column_div av-zero-column-padding first  avia-builder-el-3  el_after_av_one_full  el_before_av_one_full  column-top-margin\" style='margin-top:0px; margin-bottom:20px; border-radius:0px; '><section class=\"av_textblock_section \"  itemscope=\"itemscope\" itemtype=\"https:\/\/schema.org\/CreativeWork\" ><div class='avia_textblock  '   itemprop=\"text\" ><p>Projektno delo bo razdeljeno na pet delovnih sklopov, od tega so \u0161tirje raziskovalni, peti pa pokriva koordinacijo in vodenje dela na projektu in diseminacijo.<\/p>\n<p>Glavni korpusni vir projekta je korpus Gigafida, ki je nastal v projektu Sporazumevanje v slovenskem jeziku (2008\u20132013) in je referen\u010dni korpus slovenskega jezika z ve\u010d kot milijardo besed iz besedil, tiskanih ali spletno objavljenih v letih 1990\u20132011 (podrobneje je predstavljen v Logar idr. 2012).<\/p>\n<p>Glavni leksikalni vir projekta je Leksikalna baza za sloven\u0161\u010dino (Gantar et al. 2012, Gantar 2015), ki je nastala v okviru istega projekta v letih 2008\u20132012 ter predstavlja iz\u010drpen pomenski in skladenjski opis izbranega nabora slovenskih besed, ki je bil izdelan izklju\u010dno na podlagi analize referen\u010dnih besedilnih korpusov.<\/p>\n<p>Od ostalih virov bomo pri primerjalnih analizah in evalvacijah uporabljali \u0161e razli\u010dne specializirane korpuse, kot so korpus Kres, vzor\u010deni uravnote\u017eeni podkorpus s 100 milijoni besed; milijonski korpus \u0161olskih pisnih izdelkov \u0160olar; korpus KoRP, ki je nastal v projektu Terminolo\u0161ke baze podatkov kot osnova strokovnih znanj in obsega nekaj ve\u010d kot 1,8 milijona besed ter zajema besedila iz obdobja 1994\u20132007, korpus akademske sloven\u0161\u010dine, korpus slovenskih tvitov iz projekta JANES ipd.<\/p>\n<\/div><\/section><\/div><div class=\"flex_column av_one_full  no_margin flex_column_div av-zero-column-padding first  avia-builder-el-5  el_after_av_one_full  avia-builder-el-last  column-top-margin\" style='margin-top:0px; margin-bottom:20px; border-radius:0px; '><section class=\"av_textblock_section \"  itemscope=\"itemscope\" itemtype=\"https:\/\/schema.org\/CreativeWork\" ><div class='avia_textblock  '   itemprop=\"text\" ><h3><a href=\"https:\/\/www.cjvt.si\/kolos\/ds1-merjenje-kolokativnosti\/\">Delovni sklop 1: Merjenje kolokativnosti<\/a><\/h3>\n<h3><a href=\"https:\/\/www.cjvt.si\/kolos\/ds2-semanticni-nizi-kolokatorjev\/\">Delovni sklop 2: Semanti\u010dni nizi kolokatorjev<\/a><\/h3>\n<h3><a href=\"https:\/\/www.cjvt.si\/kolos\/ds3-kolokacijske-lastnosti-sinonimov\/\">Delovni sklop 3: Kolokacijske lastnosti sinonimov<\/a><\/h3>\n<h3><a href=\"https:\/\/www.cjvt.si\/kolos\/ds4-kolokacije-casovni-vidiki\/\">Delovni sklop 4: Kolokacije \u2013 \u010dasovni vidiki<\/a><\/h3>\n<\/div><\/section><\/div><\/p>\n","protected":false},"excerpt":{"rendered":"","protected":false},"author":7,"featured_media":0,"parent":0,"menu_order":0,"comment_status":"closed","ping_status":"closed","template":"","meta":{"_acf_changed":false,"_relevanssi_hide_post":"","_relevanssi_hide_content":"","_relevanssi_pin_for_all":"","_relevanssi_pin_keywords":"","_relevanssi_unpin_keywords":"","_relevanssi_related_keywords":"","_relevanssi_related_include_ids":"","_relevanssi_related_exclude_ids":"","_relevanssi_related_no_append":"","_relevanssi_related_not_related":"","_relevanssi_related_posts":"","_relevanssi_noindex_reason":"","inline_featured_image":false,"episode_type":"","audio_file":"","podmotor_file_id":"","podmotor_episode_id":"","cover_image":"","cover_image_id":"","duration":"","filesize":"","filesize_raw":"","date_recorded":"","explicit":"","block":"","itunes_episode_number":"","itunes_title":"","itunes_season_number":"","itunes_episode_type":"","footnotes":""},"class_list":["post-1197","page","type-page","status-publish","hentry"],"acf":[],"yoast_head":"<!-- This site is optimized with the Yoast SEO plugin v27.3 - https:\/\/yoast.com\/product\/yoast-seo-wordpress\/ -->\n<title>Projektni sklopi - KOLOS - Kolokacije v sloven\u0161\u010dini<\/title>\n<meta name=\"robots\" content=\"index, follow, max-snippet:-1, max-image-preview:large, max-video-preview:-1\" \/>\n<link rel=\"canonical\" href=\"https:\/\/www.cjvt.si\/kolos\/projektni-sklopi\/\" \/>\n<meta property=\"og:locale\" content=\"sl_SI\" \/>\n<meta property=\"og:type\" content=\"article\" \/>\n<meta property=\"og:title\" content=\"Projektni sklopi - KOLOS - Kolokacije v sloven\u0161\u010dini\" \/>\n<meta property=\"og:url\" content=\"https:\/\/www.cjvt.si\/kolos\/projektni-sklopi\/\" \/>\n<meta property=\"og:site_name\" content=\"KOLOS - Kolokacije v sloven\u0161\u010dini\" \/>\n<meta property=\"article:modified_time\" content=\"2021-05-28T14:33:20+00:00\" \/>\n<meta name=\"twitter:card\" content=\"summary_large_image\" \/>\n<meta name=\"twitter:label1\" content=\"Est. reading time\" \/>\n\t<meta name=\"twitter:data1\" content=\"4 minute\" \/>\n<script type=\"application\/ld+json\" class=\"yoast-schema-graph\">{\"@context\":\"https:\\\/\\\/schema.org\",\"@graph\":[{\"@type\":\"WebPage\",\"@id\":\"https:\\\/\\\/www.cjvt.si\\\/kolos\\\/projektni-sklopi\\\/\",\"url\":\"https:\\\/\\\/www.cjvt.si\\\/kolos\\\/projektni-sklopi\\\/\",\"name\":\"Projektni sklopi - KOLOS - Kolokacije v sloven\u0161\u010dini\",\"isPartOf\":{\"@id\":\"https:\\\/\\\/www.cjvt.si\\\/kolos\\\/#website\"},\"datePublished\":\"2020-05-15T10:28:08+00:00\",\"dateModified\":\"2021-05-28T14:33:20+00:00\",\"breadcrumb\":{\"@id\":\"https:\\\/\\\/www.cjvt.si\\\/kolos\\\/projektni-sklopi\\\/#breadcrumb\"},\"inLanguage\":\"sl-SI\",\"potentialAction\":[{\"@type\":\"ReadAction\",\"target\":[\"https:\\\/\\\/www.cjvt.si\\\/kolos\\\/projektni-sklopi\\\/\"]}]},{\"@type\":\"BreadcrumbList\",\"@id\":\"https:\\\/\\\/www.cjvt.si\\\/kolos\\\/projektni-sklopi\\\/#breadcrumb\",\"itemListElement\":[{\"@type\":\"ListItem\",\"position\":1,\"name\":\"Home\",\"item\":\"https:\\\/\\\/www.cjvt.si\\\/kolos\\\/\"},{\"@type\":\"ListItem\",\"position\":2,\"name\":\"Projektni sklopi\"}]},{\"@type\":\"WebSite\",\"@id\":\"https:\\\/\\\/www.cjvt.si\\\/kolos\\\/#website\",\"url\":\"https:\\\/\\\/www.cjvt.si\\\/kolos\\\/\",\"name\":\"KOLOS - Kolokacije v sloven\u0161\u010dini\",\"description\":\"Tipi\u010dne besedne sopojavitve - v odzivnem slovarju\",\"potentialAction\":[{\"@type\":\"SearchAction\",\"target\":{\"@type\":\"EntryPoint\",\"urlTemplate\":\"https:\\\/\\\/www.cjvt.si\\\/kolos\\\/?s={search_term_string}\"},\"query-input\":{\"@type\":\"PropertyValueSpecification\",\"valueRequired\":true,\"valueName\":\"search_term_string\"}}],\"inLanguage\":\"sl-SI\"}]}<\/script>\n<!-- \/ Yoast SEO plugin. -->","yoast_head_json":{"title":"Projektni sklopi - KOLOS - Kolokacije v sloven\u0161\u010dini","robots":{"index":"index","follow":"follow","max-snippet":"max-snippet:-1","max-image-preview":"max-image-preview:large","max-video-preview":"max-video-preview:-1"},"canonical":"https:\/\/www.cjvt.si\/kolos\/projektni-sklopi\/","og_locale":"sl_SI","og_type":"article","og_title":"Projektni sklopi - KOLOS - Kolokacije v sloven\u0161\u010dini","og_url":"https:\/\/www.cjvt.si\/kolos\/projektni-sklopi\/","og_site_name":"KOLOS - Kolokacije v sloven\u0161\u010dini","article_modified_time":"2021-05-28T14:33:20+00:00","twitter_card":"summary_large_image","twitter_misc":{"Est. reading time":"4 minute"},"schema":{"@context":"https:\/\/schema.org","@graph":[{"@type":"WebPage","@id":"https:\/\/www.cjvt.si\/kolos\/projektni-sklopi\/","url":"https:\/\/www.cjvt.si\/kolos\/projektni-sklopi\/","name":"Projektni sklopi - KOLOS - Kolokacije v sloven\u0161\u010dini","isPartOf":{"@id":"https:\/\/www.cjvt.si\/kolos\/#website"},"datePublished":"2020-05-15T10:28:08+00:00","dateModified":"2021-05-28T14:33:20+00:00","breadcrumb":{"@id":"https:\/\/www.cjvt.si\/kolos\/projektni-sklopi\/#breadcrumb"},"inLanguage":"sl-SI","potentialAction":[{"@type":"ReadAction","target":["https:\/\/www.cjvt.si\/kolos\/projektni-sklopi\/"]}]},{"@type":"BreadcrumbList","@id":"https:\/\/www.cjvt.si\/kolos\/projektni-sklopi\/#breadcrumb","itemListElement":[{"@type":"ListItem","position":1,"name":"Home","item":"https:\/\/www.cjvt.si\/kolos\/"},{"@type":"ListItem","position":2,"name":"Projektni sklopi"}]},{"@type":"WebSite","@id":"https:\/\/www.cjvt.si\/kolos\/#website","url":"https:\/\/www.cjvt.si\/kolos\/","name":"KOLOS - Kolokacije v sloven\u0161\u010dini","description":"Tipi\u010dne besedne sopojavitve - v odzivnem slovarju","potentialAction":[{"@type":"SearchAction","target":{"@type":"EntryPoint","urlTemplate":"https:\/\/www.cjvt.si\/kolos\/?s={search_term_string}"},"query-input":{"@type":"PropertyValueSpecification","valueRequired":true,"valueName":"search_term_string"}}],"inLanguage":"sl-SI"}]}},"_links":{"self":[{"href":"https:\/\/www.cjvt.si\/kolos\/wp-json\/wp\/v2\/pages\/1197","targetHints":{"allow":["GET"]}}],"collection":[{"href":"https:\/\/www.cjvt.si\/kolos\/wp-json\/wp\/v2\/pages"}],"about":[{"href":"https:\/\/www.cjvt.si\/kolos\/wp-json\/wp\/v2\/types\/page"}],"author":[{"embeddable":true,"href":"https:\/\/www.cjvt.si\/kolos\/wp-json\/wp\/v2\/users\/7"}],"replies":[{"embeddable":true,"href":"https:\/\/www.cjvt.si\/kolos\/wp-json\/wp\/v2\/comments?post=1197"}],"version-history":[{"count":6,"href":"https:\/\/www.cjvt.si\/kolos\/wp-json\/wp\/v2\/pages\/1197\/revisions"}],"predecessor-version":[{"id":1418,"href":"https:\/\/www.cjvt.si\/kolos\/wp-json\/wp\/v2\/pages\/1197\/revisions\/1418"}],"wp:attachment":[{"href":"https:\/\/www.cjvt.si\/kolos\/wp-json\/wp\/v2\/media?parent=1197"}],"curies":[{"name":"wp","href":"https:\/\/api.w.org\/{rel}","templated":true}]}}