{"id":668,"date":"2020-03-17T07:53:25","date_gmt":"2020-03-17T06:53:25","guid":{"rendered":"https:\/\/www.cjvt.starkmat.si\/template\/?page_id=668"},"modified":"2020-08-31T19:25:25","modified_gmt":"2020-08-31T17:25:25","slug":"aktivnosti","status":"publish","type":"page","link":"https:\/\/www.cjvt.si\/komass\/publikacije\/","title":{"rendered":"Publikacije"},"content":{"rendered":"<div class=\"flex_column av_one_full  flex_column_div av-zero-column-padding first  avia-builder-el-0  avia-builder-el-no-sibling  \" style='border-radius:0px; '><section class=\"av_textblock_section \"  itemscope=\"itemscope\" itemtype=\"https:\/\/schema.org\/CreativeWork\" ><div class='avia_textblock  '   itemprop=\"text\" ><h1>Publikacije<\/h1>\n<\/div><\/section><br \/>\n<div   class='hr hr-short hr-left   avia-builder-el-2  el_after_av_textblock  el_before_av_textblock '><span class='hr-inner ' ><span class='hr-inner-style'><\/span><\/span><\/div><br \/>\n<section class=\"av_textblock_section \"  itemscope=\"itemscope\" itemtype=\"https:\/\/schema.org\/CreativeWork\" ><div class='avia_textblock  '   itemprop=\"text\" ><div class=\"zn_text_box eluidefa79c40 zn_text_box-light element-scheme--light\">\n<h3 class=\"zn_text_box-title zn_text_box-title--style1 text-custom\">Sklop 1.1: Analiza stanja<\/h3>\n<p><span lang=\"sl-SI\">Glavne ugotovitve analize stanja so bile, da so obstoje\u010di slovarji in sorodni viri za slovensko-mad\u017earsko kombinacijo dokaj zastareli in neprilagojeni sodobnim medijem, poleg tega pa je njihova pokritost besedi\u0161\u010da dokaj skromna. Vendar pa ti viri vseeno predstavljajo pomembna spoznanja dvojezi\u010dnega slovaropisja za slovensko-mad\u017earski par in v marsi\u010dem ponujajo pomembno osnovo za re\u0161itve v konceptu. Poleg tega smo s pomo\u010djo analize identificirali nekaj podatkovnih baz, ki smo jih lahko uporabili pri snovanju koncepta in vzor\u010dnih gesel. Analizo in glavna spoznanja smo tudi popisali v znanstvenem \u010dlanku:<\/span><\/p>\n<p><span lang=\"sl-SI\">B\u00c1LINT \u010cEH, J\u00falia, KOSEM, Iztok. Prvi koraki do novega velikega slovensko-mad\u017earskega slovarja : analiza relevantnih dvojezi\u010dnih virov. Sloven\u0161\u010dina 2.0 : empiri\u010dne, aplikativne in interdisciplinarne raziskave, ISSN 2335-2736, 2017, letn. 5, \u0161t. 2, str. 113-150, graf. prikazi, tabele. <a href=\"http:\/\/slovenscina2.0.trojina.si\/arhiv\/2017\/2\/Slo2.0_2017_2_06.pdf\">http:\/\/slovenscina2.0.trojina.si\/arhiv\/2017\/2\/Slo2.0_2017_2_06.pdf<\/a>, doi: <a href=\"http:\/\/slovenscina2.0.trojina.si\/si\/arhiv\/2017-2\/2017-2-06\/\">10.4312\/slo2.0.2017.2.113-150<\/a>. [COBISS.SI-ID <a href=\"https:\/\/plus.si.cobiss.net\/opac7\/bib\/66259554\">66259554<\/a>]<\/span><\/p>\n<\/div>\n<\/div><\/section><br \/>\n<div  style='height:25px' class='hr hr-invisible   avia-builder-el-4  el_after_av_textblock  el_before_av_textblock '><span class='hr-inner ' ><span class='hr-inner-style'><\/span><\/span><\/div><br \/>\n<section class=\"av_textblock_section \"  itemscope=\"itemscope\" itemtype=\"https:\/\/schema.org\/CreativeWork\" ><div class='avia_textblock  '   itemprop=\"text\" ><h3 class=\"zn_text_box eluidefa79c40 zn_text_box-light element-scheme--light\"><span style=\"font-size: 20px; font-weight: 600;\">Sklop 1.2: Analiza potreb ciljnih uporabnikov slovarja<\/span><\/h3>\n<div class=\"zn_text_box eluid05964875 zn_text_box-light element-scheme--light\">\n<p><span lang=\"sl-SI\">V okviru tega sklopa smo izvedli anketo med u\u010ditelji na dvojezi\u010dnih \u0161olah v Prekmurju o poznavanju jezikovnih virov, njihovi rabi ter glavnih te\u017eavah pri sporazumevanju v mad\u017earskem jeziku. Analiza ankete je pokazala, da ve\u010dina u\u010diteljev pozna razpolo\u017eljive jezikovne vire in jih tudi uporablja pri svojem delu. Rezultati tudi ka\u017eejo, da morajo zaradi te\u017eav pri sporazumevanju v mad\u017earskem jeziku u\u010ditelji uporabljati \u0161irok nabor jezikovnih virov, tako dvojezi\u010dnih kot enojezi\u010dnih. Pri tem jim ni v pomo\u010d dejstvo, da mnogi viri, zlasti dvojezi\u010dni, niso na voljo v digitalni obliki. Z vidika snovanja slovensko-mad\u017earskega slovarja so rezultati relevantni za izbiro oblike slovarja in (delov) geslovnika kot tudi za izbiro elementov slovarske mikrostrukture, \u0161e zlasti pomembni pa so iz rezultatov izhajajo\u010di razmisleki o vklju\u010devanju vsebin, pomembnih za produkcijo besedil oz. govor v mad\u017earskem jeziku. Rezultate ankete in glavna spoznanja, relevantna za pripravo koncepta, smo popisali v znanstvenem \u010dlanku. Poleg tega smo v lo\u010denem znanstvenem \u010dlanku opravili kriti\u010dno analizo dvojezi\u010dnega modela izobra\u017eevanja ter vloge jezikovnih virov v izobra\u017eevalnem procesu.<\/span><\/p>\n<p><span lang=\"sl-SI\">KOSEM, Iztok, KOV\u00c1CS, Attila. Raba jezikovnih virov med u\u010ditelji na dvojezi\u010dnih \u0161olah v Prekmurju. V: GORJANC, Vojko (ur.), et al.\u00a0Sloven\u0161\u010dina v dvojezi\u010dnih okoli\u0161\u010dinah, (Sloven\u0161\u010dina 2.0, Tematska \u0161tevilka, Letn. 5 (2017), \u0161t. 2). Ljubljana: Trojina, zavod za uporabno slovenistiko. 2018, letn. 5, \u0161t. 2, str. 179-214, graf. prikazi, tabele.\u00a0<a href=\"http:\/\/slovenscina2.0.trojina.si\/arhiv\/2017\/2\/Slo2.0_2017_2_08.pdf\">http:\/\/slovenscina2.0.trojina.si\/arhiv\/2017\/2\/Slo2.0_2017_2_08.pdf<\/a>, doi:\u00a0<a href=\"https:\/\/doi.org\/10.4312\/slo2.0.2017.2.179-214\">10.4312\/slo2.0.2017.2.179-214<\/a>. [COBISS.SI-ID\u00a0<a href=\"https:\/\/plus.si.cobiss.net\/opac7\/bib\/13583949?lang=sl\">13583949<\/a>]<\/span><\/p>\n<p><span lang=\"sl-SI\">RUDA\u0160, Jutka, KOLL\u00c1TH, Anna. Model dvojezi\u010dnega pouka v Prekmurju in slovar kot didakti\u010dni pripomo\u010dek. V: GORJANC, Vojko (ur.), et al.\u00a0Sloven\u0161\u010dina v dvojezi\u010dnih okoli\u0161\u010dinah, (Sloven\u0161\u010dina 2.0, Tematska \u0161tevilka, Letn. 5 (2017), \u0161t. 2). Ljubljana: Trojina, zavod za uporabno slovenistiko. 2018, letn. 5, \u0161t. 2, str. 64-84.\u00a0<a href=\"http:\/\/slovenscina2.0.trojina.si\/arhiv\/2017\/2\/Slo2.0_2017_2_04.pdf\">http:\/\/slovenscina2.0.trojina.si\/arhiv\/2017\/2\/Slo2.0_2017_2_04.pdf<\/a>, doi:\u00a0<a href=\"https:\/\/doi.org\/10.4312\/slo2.0.2017.2.64-84\">10.4312\/slo2.0.2017.2.64-84<\/a>. [COBISS.SI-ID\u00a0<a href=\"https:\/\/plus.si.cobiss.net\/opac7\/bib\/66325090?lang=sl\">66325090<\/a>]<\/span><\/p>\n<\/div>\n<\/div><\/section><br \/>\n<div  style='height:25px' class='hr hr-invisible   avia-builder-el-6  el_after_av_textblock  el_before_av_textblock '><span class='hr-inner ' ><span class='hr-inner-style'><\/span><\/span><\/div><br \/>\n<section class=\"av_textblock_section \"  itemscope=\"itemscope\" itemtype=\"https:\/\/schema.org\/CreativeWork\" ><div class='avia_textblock  '   itemprop=\"text\" ><div class=\"zn_text_box eluidefa79c40 zn_text_box-light element-scheme--light\"><\/div>\n<div class=\"zn_text_box eluid05964875 zn_text_box-light element-scheme--light\">\n<h3 class=\"zn_text_box-title zn_text_box-title--style1 text-custom\">Sklop 2: Izdelava koncepta slovensko-mad\u017earskega slovarja<\/h3>\n<p><span lang=\"sl-SI\">Glavni sklop projekta je vklju\u010deval izdelavo slovarskega koncepta, katerega priprava se je osredoto\u010dila na slovensko-mad\u017earski del slovarja. Pomembna ugotovitev analiz med uporabniki ter analiz u\u010dbeni\u0161kih gradiv je bila, da tudi u\u010ditelji in ostali udele\u017eenci izobra\u017eevalnega procesa potrebujejo slovar ve\u010djega obsega (ve\u010dkot 70.000 gesel), ki pokriva tako splo\u0161no kot terminolo\u0161ko besedi\u0161\u010de. Tako smo pripravili koncept za Veliki slovensko-mad\u017earski slovar (VSMS), temeljni dvojezi\u010dni slovar, kar je tudi vskladu s potrebami skupnosti in navsezadnje z rezultati na\u0161ih analiz. Poleg tega smo se zavedali dodatne vloge koncepta VSMS, ki je prvi koncept dvojezi\u010dnega slovarja za par sloven\u0161\u010dina-tuji jezik v \u010dasu e-leksikografije in bo tako imel \u0161ir\u0161o vlogo v skupnosti. Posledi\u010dno smo precej pozornosti posvetili strukturi slovarske baze in izdelavi podrobne metodologije ter se odlo\u010dili izdelati nabor vzor\u010dnih gesel.<\/span><\/p>\n<\/div>\n<div class=\"zn_text_box eluida458bd5a zn_text_box-light element-scheme--light\">\n<p>Osnutek koncepta Velikega slovensko-mad\u017earskega slovarja [<a href=\"https:\/\/www.cjvt.si\/komass\/wp-content\/uploads\/sites\/17\/2020\/08\/Osnutek-koncepta-VSMS-v1-1.pdf\">PDF<\/a>]<\/p>\n<\/div>\n<\/div><\/section><br \/>\n<div  style='height:25px' class='hr hr-invisible   avia-builder-el-8  el_after_av_textblock  el_before_av_textblock '><span class='hr-inner ' ><span class='hr-inner-style'><\/span><\/span><\/div><br \/>\n<section class=\"av_textblock_section \"  itemscope=\"itemscope\" itemtype=\"https:\/\/schema.org\/CreativeWork\" ><div class='avia_textblock  '   itemprop=\"text\" ><div class=\"zn_text_box eluidefa79c40 zn_text_box-light element-scheme--light\"><\/div>\n<div>\n<h4 class=\"zn_text_box-title zn_text_box-title--style1 text-custom\">Sklop 3: Izdelava navodil za leksikografsko ekipo<\/h4>\n<\/div>\n<div class=\"zn_text_box eluidfe79b4d5 zn_text_box-light element-scheme--light\">\n<p><span lang=\"sl-SI\">Hkrati z izdelavo koncepta in pripravo vzor\u010dnih gesel so se pripravljala navodila za leksikografsko ekipo. Navodila so sestavljena poglavij o gradivnih virih, orodjih, ki se uporabljajo pri izdelavi slovarskih gesel, podrobne predstavitve vseh korakov izdelave gesla, ponazorjenih s konkretnimi primeri in izpostavljenimi potencialnimi problemi ter njihovimi re\u0161itvami. Pripravljen je bil tudi opis slovarske obdelave za vsako besedno vrsto in njene posebnosti. Ob zaklju\u010dku projekta je bila pripravljena prva verzija navodil, za katero pa pri\u010dakujemo, da se bo v projektu izdelave slovarja \u0161e naprej dopolnjevala. Organizirali smo tudi tri delavnice s \u010dlani ekipe in zunanjimi sodelavci (v Ljubljani, Mariboru in Lendavi) na temo uporabe slovarskega orodja <a href=\"http:\/\/www.lexonomy.eu\/\">Lexonomy<\/a>. Hkrati smo pripravili videoposnetke s kratkimi navodili uporabe posameznih delov orodja Lexonomy.<\/span><\/p>\n<\/div>\n<\/div><\/section><\/p><\/div>\n","protected":false},"excerpt":{"rendered":"","protected":false},"author":1,"featured_media":0,"parent":0,"menu_order":0,"comment_status":"closed","ping_status":"closed","template":"","meta":{"_acf_changed":false,"_relevanssi_hide_post":"","_relevanssi_hide_content":"","_relevanssi_pin_for_all":"","_relevanssi_pin_keywords":"","_relevanssi_unpin_keywords":"","_relevanssi_related_keywords":"","_relevanssi_related_include_ids":"","_relevanssi_related_exclude_ids":"","_relevanssi_related_no_append":"","_relevanssi_related_not_related":"","_relevanssi_related_posts":"","_relevanssi_noindex_reason":"","inline_featured_image":false,"episode_type":"","audio_file":"","podmotor_file_id":"","podmotor_episode_id":"","cover_image":"","cover_image_id":"","duration":"","filesize":"","filesize_raw":"","date_recorded":"","explicit":"","block":"","itunes_episode_number":"","itunes_title":"","itunes_season_number":"","itunes_episode_type":"","footnotes":""},"class_list":["post-668","page","type-page","status-publish","hentry"],"acf":[],"yoast_head":"<!-- This site is optimized with the Yoast SEO plugin v27.5 - https:\/\/yoast.com\/product\/yoast-seo-wordpress\/ -->\n<title>Publikacije - Komass<\/title>\n<meta name=\"robots\" content=\"index, follow, max-snippet:-1, max-image-preview:large, max-video-preview:-1\" \/>\n<link rel=\"canonical\" href=\"https:\/\/www.cjvt.si\/komass\/publikacije\/\" \/>\n<meta property=\"og:locale\" content=\"sl_SI\" \/>\n<meta property=\"og:type\" content=\"article\" \/>\n<meta property=\"og:title\" content=\"Publikacije - Komass\" \/>\n<meta property=\"og:url\" content=\"https:\/\/www.cjvt.si\/komass\/publikacije\/\" \/>\n<meta property=\"og:site_name\" content=\"Komass\" \/>\n<meta property=\"article:modified_time\" content=\"2020-08-31T17:25:25+00:00\" \/>\n<meta name=\"twitter:card\" content=\"summary_large_image\" \/>\n<meta name=\"twitter:label1\" content=\"Est. reading time\" \/>\n\t<meta name=\"twitter:data1\" content=\"6 minut\" \/>\n<script type=\"application\/ld+json\" class=\"yoast-schema-graph\">{\"@context\":\"https:\\\/\\\/schema.org\",\"@graph\":[{\"@type\":\"WebPage\",\"@id\":\"https:\\\/\\\/www.cjvt.si\\\/komass\\\/publikacije\\\/\",\"url\":\"https:\\\/\\\/www.cjvt.si\\\/komass\\\/publikacije\\\/\",\"name\":\"Publikacije - Komass\",\"isPartOf\":{\"@id\":\"https:\\\/\\\/www.cjvt.si\\\/komass\\\/#website\"},\"datePublished\":\"2020-03-17T06:53:25+00:00\",\"dateModified\":\"2020-08-31T17:25:25+00:00\",\"breadcrumb\":{\"@id\":\"https:\\\/\\\/www.cjvt.si\\\/komass\\\/publikacije\\\/#breadcrumb\"},\"inLanguage\":\"sl-SI\",\"potentialAction\":[{\"@type\":\"ReadAction\",\"target\":[\"https:\\\/\\\/www.cjvt.si\\\/komass\\\/publikacije\\\/\"]}]},{\"@type\":\"BreadcrumbList\",\"@id\":\"https:\\\/\\\/www.cjvt.si\\\/komass\\\/publikacije\\\/#breadcrumb\",\"itemListElement\":[{\"@type\":\"ListItem\",\"position\":1,\"name\":\"Home\",\"item\":\"https:\\\/\\\/www.cjvt.si\\\/komass\\\/\"},{\"@type\":\"ListItem\",\"position\":2,\"name\":\"Publikacije\"}]},{\"@type\":\"WebSite\",\"@id\":\"https:\\\/\\\/www.cjvt.si\\\/komass\\\/#website\",\"url\":\"https:\\\/\\\/www.cjvt.si\\\/komass\\\/\",\"name\":\"Komass\",\"description\":\"\",\"potentialAction\":[{\"@type\":\"SearchAction\",\"target\":{\"@type\":\"EntryPoint\",\"urlTemplate\":\"https:\\\/\\\/www.cjvt.si\\\/komass\\\/?s={search_term_string}\"},\"query-input\":{\"@type\":\"PropertyValueSpecification\",\"valueRequired\":true,\"valueName\":\"search_term_string\"}}],\"inLanguage\":\"sl-SI\"}]}<\/script>\n<!-- \/ Yoast SEO plugin. -->","yoast_head_json":{"title":"Publikacije - Komass","robots":{"index":"index","follow":"follow","max-snippet":"max-snippet:-1","max-image-preview":"max-image-preview:large","max-video-preview":"max-video-preview:-1"},"canonical":"https:\/\/www.cjvt.si\/komass\/publikacije\/","og_locale":"sl_SI","og_type":"article","og_title":"Publikacije - Komass","og_url":"https:\/\/www.cjvt.si\/komass\/publikacije\/","og_site_name":"Komass","article_modified_time":"2020-08-31T17:25:25+00:00","twitter_card":"summary_large_image","twitter_misc":{"Est. reading time":"6 minut"},"schema":{"@context":"https:\/\/schema.org","@graph":[{"@type":"WebPage","@id":"https:\/\/www.cjvt.si\/komass\/publikacije\/","url":"https:\/\/www.cjvt.si\/komass\/publikacije\/","name":"Publikacije - Komass","isPartOf":{"@id":"https:\/\/www.cjvt.si\/komass\/#website"},"datePublished":"2020-03-17T06:53:25+00:00","dateModified":"2020-08-31T17:25:25+00:00","breadcrumb":{"@id":"https:\/\/www.cjvt.si\/komass\/publikacije\/#breadcrumb"},"inLanguage":"sl-SI","potentialAction":[{"@type":"ReadAction","target":["https:\/\/www.cjvt.si\/komass\/publikacije\/"]}]},{"@type":"BreadcrumbList","@id":"https:\/\/www.cjvt.si\/komass\/publikacije\/#breadcrumb","itemListElement":[{"@type":"ListItem","position":1,"name":"Home","item":"https:\/\/www.cjvt.si\/komass\/"},{"@type":"ListItem","position":2,"name":"Publikacije"}]},{"@type":"WebSite","@id":"https:\/\/www.cjvt.si\/komass\/#website","url":"https:\/\/www.cjvt.si\/komass\/","name":"Komass","description":"","potentialAction":[{"@type":"SearchAction","target":{"@type":"EntryPoint","urlTemplate":"https:\/\/www.cjvt.si\/komass\/?s={search_term_string}"},"query-input":{"@type":"PropertyValueSpecification","valueRequired":true,"valueName":"search_term_string"}}],"inLanguage":"sl-SI"}]}},"_links":{"self":[{"href":"https:\/\/www.cjvt.si\/komass\/wp-json\/wp\/v2\/pages\/668","targetHints":{"allow":["GET"]}}],"collection":[{"href":"https:\/\/www.cjvt.si\/komass\/wp-json\/wp\/v2\/pages"}],"about":[{"href":"https:\/\/www.cjvt.si\/komass\/wp-json\/wp\/v2\/types\/page"}],"author":[{"embeddable":true,"href":"https:\/\/www.cjvt.si\/komass\/wp-json\/wp\/v2\/users\/1"}],"replies":[{"embeddable":true,"href":"https:\/\/www.cjvt.si\/komass\/wp-json\/wp\/v2\/comments?post=668"}],"version-history":[{"count":112,"href":"https:\/\/www.cjvt.si\/komass\/wp-json\/wp\/v2\/pages\/668\/revisions"}],"predecessor-version":[{"id":1240,"href":"https:\/\/www.cjvt.si\/komass\/wp-json\/wp\/v2\/pages\/668\/revisions\/1240"}],"wp:attachment":[{"href":"https:\/\/www.cjvt.si\/komass\/wp-json\/wp\/v2\/media?parent=668"}],"curies":[{"name":"wp","href":"https:\/\/api.w.org\/{rel}","templated":true}]}}