{"id":1172,"date":"2024-12-19T10:45:38","date_gmt":"2024-12-19T09:45:38","guid":{"rendered":"https:\/\/www.cjvt.si\/llm4dh\/?page_id=1172"},"modified":"2025-05-14T10:53:32","modified_gmt":"2025-05-14T08:53:32","slug":"cilj-4","status":"publish","type":"page","link":"https:\/\/www.cjvt.si\/llm4dh\/projektni-sklopi\/projektni-sklop-4\/","title":{"rendered":"Izziv 4: Napredne tehnologije za digitalno humanistiko"},"content":{"rendered":"<div class=\"flex_column av_one_full  no_margin flex_column_div av-zero-column-padding first  avia-builder-el-0  el_before_av_one_full  avia-builder-el-first  \" style='margin-top:0px; margin-bottom:30px; border-radius:0px; '><section class=\"av_textblock_section \"  itemscope=\"itemscope\" itemtype=\"https:\/\/schema.org\/CreativeWork\" ><div class='avia_textblock  '   itemprop=\"text\" ><h1>Izziv 4: Napredne tehnologije za digitalno humanistiko<\/h1>\n<\/div><\/section><\/div>\n<div class=\"flex_column av_one_full  no_margin flex_column_div av-zero-column-padding first  avia-builder-el-2  el_after_av_one_full  el_before_av_tab_section  avia-builder-el-last  column-top-margin\" style='margin-top:0px; margin-bottom:30px; border-radius:0px; '><section class=\"av_textblock_section \"  itemscope=\"itemscope\" itemtype=\"https:\/\/schema.org\/CreativeWork\" ><div class='avia_textblock  '   itemprop=\"text\" ><p>Specifi\u010dne pomembne naloge na podro\u010dju digitalne humanistike zahtevajo nove napredne jezikovne tehnologije ali prilagoditve obstoje\u010dih splo\u0161nih pristopov. V tem izzivu predstavljamo \u0161tiri tehnologije za re\u0161evanje splo\u0161nih problemov, ki jih bomo v naslednjem izzivu prilagodili specifi\u010dnim nalogam digitalne humanistike.<\/p>\n<\/div><\/section><\/div>\n<\/div><\/div><\/div><!-- close content main div --><\/div><\/div><div id='av-tab-section-1'  class='av-tab-section-container entry-content-wrapper main_color av-tab-no-transition   av-tab-above-content  avia-builder-el-4  el_after_av_one_full  avia-builder-el-last  submenu-not-first container_wrap fullsize' style=' '  ><div class='av-tab-section-outer-container'><div class='av-tab-section-tab-title-container avia-tab-title-padding-default ' ><a href='#aktivnost-4.1' data-av-tab-section-title='1' class='av-section-tab-title av-active-tab-title no-scroll av-tab-no-icon av-tab-no-image  '><span class='av-outer-tab-title'><span class='av-inner-tab-title'>Aktivnost 4.1<\/span><\/span><span class='av-tab-arrow-container'><span><\/span><\/span><\/a><a href='#aktivnost-4.2' data-av-tab-section-title='2' class='av-section-tab-title  av-tab-no-icon av-tab-no-image  '><span class='av-outer-tab-title'><span class='av-inner-tab-title'>Aktivnost 4.2<\/span><\/span><span class='av-tab-arrow-container'><span><\/span><\/span><\/a><a href='#aktivnost-4.3' data-av-tab-section-title='3' class='av-section-tab-title  av-tab-no-icon av-tab-no-image  '><span class='av-outer-tab-title'><span class='av-inner-tab-title'>Aktivnost 4.3<\/span><\/span><span class='av-tab-arrow-container'><span><\/span><\/span><\/a><a href='#aktivnost-4.4' data-av-tab-section-title='4' class='av-section-tab-title  av-tab-no-icon av-tab-no-image  '><span class='av-outer-tab-title'><span class='av-inner-tab-title'>Aktivnost 4.4<\/span><\/span><span class='av-tab-arrow-container'><span><\/span><\/span><\/a><a href='#letna-poroila' data-av-tab-section-title='5' class='av-section-tab-title  av-tab-no-icon av-tab-no-image  '><span class='av-outer-tab-title'><span class='av-inner-tab-title'>Letna poro\u010dila<\/span><\/span><span class='av-tab-arrow-container'><span><\/span><\/span><\/a><\/div><div class='av-tab-section-inner-container avia-section-default' style='width:500vw; left:0%;'><span class='av_prev_tab_section av_tab_navigation'><\/span><span class='av_next_tab_section av_tab_navigation'><\/span>\n<div data-av-tab-section-content=\"1\" class=\"av-layout-tab av-animation-delay-container av-active-tab-content __av_init_open  avia-builder-el-5  el_before_av_tab_sub_section  avia-builder-el-first   \" style='vertical-align:middle; '  data-tab-section-id=\"aktivnost-4.1\"><div class='av-layout-tab-inner'><div class='container'><section class=\"av_textblock_section \"  itemscope=\"itemscope\" itemtype=\"https:\/\/schema.org\/CreativeWork\" ><div class='avia_textblock  '   itemprop=\"text\" ><h3><em>Aktivnost 4.1: Grafi imenskih entitet<\/em><\/h3>\n<\/div><\/section><br \/>\n<section class=\"av_textblock_section \"  itemscope=\"itemscope\" itemtype=\"https:\/\/schema.org\/CreativeWork\" ><div class='avia_textblock  '   itemprop=\"text\" ><section class=\"av_textblock_section \">\n<div class=\"avia_textblock \">\n<p>V razli\u010dnih korpusih obstaja potreba po raziskovanju omre\u017eij ljudi, organizacij, krajev in drugih entitet. Trenutne metode prepoznavanja imenskih entitet in povezovanja (Boros et al., 2020) niso ustrezno prilagojene za jezike z manj viri, zaradi \u010desar so ti jeziki premalo zastopani v ve\u010djezi\u010dnih korpusih zgodovinopisnih virov (Schweter et al., 2022). Ta neprilagojenost omejuje mo\u017enost gradnje celovitih interakcijskih grafov za analizo pomembnih entitet in njihovih povezav v razli\u010dnih \u010dasovnih obdobjih. Kompleksna analiza omre\u017eij lahko pomaga pri razvr\u0161\u010danju in vizualizaciji teh entitet, uporaba predu\u010denih jezikovno-agnosti\u010dnih modelov, kot je ULTRA (Galkin et al., 2024), za utemeljevanje tovrstnih grafov in ekstrakcijo smiselnih, jezikovno-agnosti\u010dnih podatkov pa lahko dodatno izbolj\u0161a analizo \u010dasopisja iz starej\u0161ih zgodovinskih obdobij in sedanjosti ter parlamentarnih transkriptov in knji\u017eevnosti. S konstrukcijo in vizualizacijo celovitih interakcijskih grafov \u017eelimo bistveno izbolj\u0161ati razumevanje odnosov, sentimenta in pripovednih struktur v teh besedilih ter zagotoviti prepotreben vir za sloven\u0161\u010dino in druge jezike z manj viri.<\/p>\n<\/div>\n<p>Za raziskovanje omre\u017eij ljudi, organizacij, krajev in drugih entitet v razli\u010dnih korpusih bomo metode prepoznavanja imenskih entitet in povezovanja, kot je (Prelevikj in \u017ditnik, 2021), prilagodili slovenskim in ve\u010djezi\u010dnim korpusom zgodovinopisnih virov. Tako bomo omogo\u010dili izdelavo interakcijskih grafov za analizo pomembnih entitet in njihovih povezav v sodobnem in zgodovinskem kontekstu. Kompleksna analiza omre\u017eij bo razvrstila in vizualizirala klju\u010dne entitete in motive v omre\u017ejih. Za utemeljevanje grafov bomo uporabili predu\u010dene, jezikovno-agnosti\u010dne modele, kot je ULTRA.<\/p>\n<\/section>\n<section class=\"av_textblock_section \">\n<div class=\"avia_textblock \"><\/div>\n<\/section>\n<\/div><\/section><br \/>\n<div class=\"flex_column av_one_fifth  flex_column_div av-zero-column-padding first  avia-builder-el-8  el_after_av_textblock  el_before_av_four_fifth  column-top-margin\" style='border-radius:0px; '><span  class=\"av_font_icon avia_animate_when_visible avia-icon-animate  av-icon-style-  av-no-color avia-icon-pos-left \" style=\"\"><span class='av-icon-char' style='font-size:40px;line-height:40px;' aria-hidden='true' data-av_icon='\ue810' data-av_iconfont='entypo-fontello' ><\/span><\/span><\/div><div class=\"flex_column av_four_fifth  flex_column_div av-zero-column-padding   avia-builder-el-10  el_after_av_one_fifth  avia-builder-el-last  column-top-margin\" style='border-radius:0px; '><section class=\"av_textblock_section \"  itemscope=\"itemscope\" itemtype=\"https:\/\/schema.org\/CreativeWork\" ><div class='avia_textblock  '   itemprop=\"text\" ><p><strong><em>Kazalniki 4.1: Interakcijski grafi zgodovinskih imenskih entitet (M12). Vizualizacija ektrahiranih grafov imenskih entitet (M24).<\/em><\/strong><\/p>\n<\/div><\/section><\/div><\/p>\n<\/div><\/div><\/div><div data-av-tab-section-content=\"2\" class=\"av-layout-tab av-animation-delay-container   avia-builder-el-12  el_after_av_tab_sub_section  el_before_av_tab_sub_section   \" style='vertical-align:middle; '  data-tab-section-id=\"aktivnost-4.2\"><div class='av-layout-tab-inner'><div class='container'><section class=\"av_textblock_section \"  itemscope=\"itemscope\" itemtype=\"https:\/\/schema.org\/CreativeWork\" ><div class='avia_textblock  '   itemprop=\"text\" ><h3><em>Aktivnost 4.2: Veliki jezikovni modeli za diahrono analizo<\/em><\/h3>\n<\/div><\/section><br \/>\n<section class=\"av_textblock_section \"  itemscope=\"itemscope\" itemtype=\"https:\/\/schema.org\/CreativeWork\" ><div class='avia_textblock  '   itemprop=\"text\" ><section class=\"av_textblock_section \">\n<div class=\"avia_textblock \">\n<p>Avtomatizirano odkrivanje semanti\u010dnih sprememb je naloga ugotavljanja in analiziranja, kako se semanti\u010dni pomeni besed razlikujejo v razli\u010dnih kontekstih, pogosto v ve\u010d letih ali desetletjih. \u010ceprav je bilo v ta namen razvitih ve\u010d metod, se obi\u010dajno uporabljajo na majhnih, specifi\u010dnih podatkovnih mno\u017eic, ki predstavljajo zlati standard (Schlechtwer et al., 2020) in se osredoto\u010dajo na nove leksikalne pomene. Te\u017eji korak nastopi, ko \u017eelimo metode prilagoditi tako, da bi do smiselnih rezultatov pri\u0161li v tistih primerih v digitalni humanistiki, kjer zaznamo le majhne nianse v spremembi pomena. Cilj te aktivnosti bo z uporabo velikih jezikovnih modelov razviti nove metode za odkrivanje semanti\u010dnih sprememb, ki bodo v digitalni humanstiki podprle diahrono analizo.<\/p>\n<p>Obstoje\u010de pristope diahrone analize, ki temeljijo na kontekstualnih vlo\u017eitvah (Montariol et al., 2021), bomo raz\u0161irili z generativnimi velikimi jezikovnimi modeli. Novi pristop za generiranje nadomestnih besed (Periti et al. 2024) bo prilagojen za uporabo brez dou\u010ditve. Ustvarili bomo porazdelitev verjetnih zamenjav besed, vsaka zamenjava pa bo imela \u201eute\u017e\u201c, ki bo temeljila na verjetnosti generiranja besed. V nasprotju z omenjeno raziskavo (Periti et al., 2024), ki vsaki generirani besedi pripi\u0161e enako te\u017eo, bo na\u0161 pristop zaznal bolj natan\u010dne pomenske razlike. Metode bomo preizkusili na zlatem standardu za semanti\u010dne spremembe za sloven\u0161\u010dino (Pranji\u0107 et al., 2024) ter na diahronih spremembah.<\/p>\n<\/div>\n<\/section>\n<section class=\"av_textblock_section \">\n<div class=\"avia_textblock \"><\/div>\n<\/section>\n<\/div><\/section><br \/>\n<div class=\"flex_column av_one_fifth  flex_column_div av-zero-column-padding first  avia-builder-el-15  el_after_av_textblock  el_before_av_four_fifth  column-top-margin\" style='border-radius:0px; '><span  class=\"av_font_icon avia_animate_when_visible avia-icon-animate  av-icon-style-  av-no-color avia-icon-pos-left \" style=\"\"><span class='av-icon-char' style='font-size:40px;line-height:40px;' aria-hidden='true' data-av_icon='\ue810' data-av_iconfont='entypo-fontello' ><\/span><\/span><\/div><div class=\"flex_column av_four_fifth  flex_column_div av-zero-column-padding   avia-builder-el-17  el_after_av_one_fifth  avia-builder-el-last  column-top-margin\" style='border-radius:0px; '><section class=\"av_textblock_section \"  itemscope=\"itemscope\" itemtype=\"https:\/\/schema.org\/CreativeWork\" ><div class='avia_textblock  '   itemprop=\"text\" ><section class=\"av_textblock_section \">\n<div class=\"avia_textblock \"><\/div>\n<\/section>\n<section class=\"av_textblock_section \">\n<div class=\"avia_textblock \">\n<p><strong><em>Kazalnik 4.2: Nova metodologija za diahrono analizo, temelje\u010do na uporabi velikih jezikovnih modelov (M24).<\/em><\/strong><\/p>\n<\/div>\n<\/section>\n<\/div><\/section><\/div><\/p>\n<\/div><\/div><\/div><div data-av-tab-section-content=\"3\" class=\"av-layout-tab av-animation-delay-container   avia-builder-el-19  el_after_av_tab_sub_section  el_before_av_tab_sub_section   \" style='vertical-align:middle; '  data-tab-section-id=\"aktivnost-4.3\"><div class='av-layout-tab-inner'><div class='container'><p><section class=\"av_textblock_section \"  itemscope=\"itemscope\" itemtype=\"https:\/\/schema.org\/CreativeWork\" ><div class='avia_textblock  '   itemprop=\"text\" ><p><strong><em>Aktivnost 4.3: Multimodalni modeli za analizo slik<\/em><\/strong><\/p>\n<\/div><\/section><br \/>\n<section class=\"av_textblock_section \"  itemscope=\"itemscope\" itemtype=\"https:\/\/schema.org\/CreativeWork\" ><div class='avia_textblock  '   itemprop=\"text\" ><section class=\"av_textblock_section \">\n<div class=\"avia_textblock \">\n<p>Analiziranje gradiv v digitalni humanistiki presega besedilo, saj pogosto vklju\u010duje multimodalna gradiva. Uporaba slikovno-jezikovnih modelov v digitalni humanistiki zlasti za jezike z manj viri, kot je sloven\u0161\u010dina, je neraziskana, zaradi \u010desar analiza vizualnega gradiva ni optimalno u\u010dinkovita. Celovita izgradnja slikovno-jezikovnih modelov zahteva velike koli\u010dine poravnanih jezikovnih in slikovnih podatkov. Na\u0161 izziv je prilagoditi obstoje\u010de slikovno-jezikovne modeleza specifi\u010dne domene z uporabo manj\u0161e koli\u010dine bolj specializiranih virov. Obstaja na primer pere\u010da potreba po prilagoditvi velikih jezikovnih modelov in slikovno-jezikovnih modelov zahtevnim nalogam, kot so izbolj\u0161anje opti\u010dne prepoznave znakov (OCR), klasifikacija in iskanje informacij, da bi u\u010dinkovito podprli raziskave v digitalni humanistiki.<\/p>\n<p>Slikovno-jezikovni model, razvit v aktivnosti 1.3, bomo prilagodili in uporabili pri ve\u010d nadaljnjih aktivnostih, povezanih z digitalno humanistiko, v delovnem sklopu 5. Model bomo dou\u010dili za iskanje in analizo fotografij ter prepoznavanje OCR z uporabo poravnanih ve\u010djezi\u010dnih korpusov zgodovinopisnih virov kot dodatnih u\u010dnih podatkov za u\u010denje specializiranih slikovno-jezikovnih modelov. Nadaljnje aktivnosti bodo vklju\u010devale razvr\u0161\u010danje vrst vizualnega gradiva iz dokumentov iz preteklosti, analizo vsebine specifi\u010dnih virov (kot so slike iz \u010dasopisja <span data-olk-copy-source=\"MessageBody\"> iz starej\u0161ih zgodovinskih obdobij<\/span>) in tematik (npr. raziskovanje in ekstrakcijo tematskih ilustracij s podro\u010dja folkloristike konfliktov in vloge junaka izob\u010denca).<\/p>\n<\/div>\n<\/section>\n<\/div><\/section><br \/>\n<div class=\"flex_column av_one_fifth  flex_column_div av-zero-column-padding first  avia-builder-el-22  el_after_av_textblock  el_before_av_four_fifth  column-top-margin\" style='border-radius:0px; '><span  class=\"av_font_icon avia_animate_when_visible avia-icon-animate  av-icon-style-  av-no-color avia-icon-pos-left \" style=\"\"><span class='av-icon-char' style='font-size:40px;line-height:40px;' aria-hidden='true' data-av_icon='\ue810' data-av_iconfont='entypo-fontello' ><\/span><\/span><\/div><div class=\"flex_column av_four_fifth  flex_column_div av-zero-column-padding   avia-builder-el-24  el_after_av_one_fifth  avia-builder-el-last  column-top-margin\" style='border-radius:0px; '><section class=\"av_textblock_section \"  itemscope=\"itemscope\" itemtype=\"https:\/\/schema.org\/CreativeWork\" ><div class='avia_textblock  '   itemprop=\"text\" ><section class=\"av_textblock_section \">\n<div class=\"avia_textblock \"><\/div>\n<\/section>\n<section class=\"av_textblock_section \">\n<div class=\"avia_textblock \">\n<p><strong><em>Kazalniki 4.3: Podatkovna mno\u017eica slik iz slovenskega \u010dasopisja iz starej\u0161ih zgodovinskih obdobij (M24). Slikovno-jezikovni model, prilagojen za izbrane aktivnosti digitalne humantistike (M30).<\/em><\/strong><\/p>\n<\/div>\n<\/section>\n<\/div><\/section><\/div><\/p>\n<\/div><\/div><\/div><div data-av-tab-section-content=\"4\" class=\"av-layout-tab av-animation-delay-container   avia-builder-el-26  el_after_av_tab_sub_section  el_before_av_tab_sub_section   \" style='vertical-align:middle; '  data-tab-section-id=\"aktivnost-4.4\"><div class='av-layout-tab-inner'><div class='container'><p><section class=\"av_textblock_section \"  itemscope=\"itemscope\" itemtype=\"https:\/\/schema.org\/CreativeWork\" ><div class='avia_textblock  '   itemprop=\"text\" ><p><strong><em>Aktivnost 4.4: Veliki jezikovni modeli in RAG za detekcijo kontradikcij<\/em><\/strong><\/p>\n<\/div><\/section><br \/>\n<section class=\"av_textblock_section \"  itemscope=\"itemscope\" itemtype=\"https:\/\/schema.org\/CreativeWork\" ><div class='avia_textblock  '   itemprop=\"text\" ><section class=\"av_textblock_section \">\n<div class=\"avia_textblock \">\n<p>\u0160tevilne aktivnosti procesiranja naravnega jezika obravnavajo dinami\u010dne dokumente, ki se s\u010dasoma spreminjajo in vsebujejo popravke prej\u0161nje vsebine (npr. spremembe zakonodaje). Odkrivanje protislovij je temeljna aktivnost v teh domenah, saj za iskanje protislovij zahteva primerjavo ve\u010d dokumentov. Vendar je iskanje pravih dokumentov za primerjavo lahko zahtevno. Perspektivni pristop, ki omogo\u010da modelu bolj\u0161o detekcijo protislovij, je uporaba sistema RAG. Dodatna te\u017eava, ki je sistemi RAG pogosto ne upo\u0161tevajo, je \u010dasovna komponenta dokumentov, saj lahko ta informacija zagotovi pomemben dodaten kontekst pri odlo\u010danju, kateri dokumenti so lahko relevantni. Cilj tega izziva je zgraditi sistem RAG, ki bo podpiral model odkrivanja protislovij z ustreznimi dokumenti kandidati, ki bi lahko vsebovali protislovja z izvirnim dokumentom. Glavni izziv je oblikovanje vlo\u017eitve dokumentov, ki poudarjajo potencialno nasprotujo\u010de si dokumente.<\/p>\n<p>Razvili bomo sistem RAG za obdelavo slovenskih dokumentov z detekcijo protislovij. Razvili bomo nov model za konstruiranje in shranjevanje vektoriziranih predstavitev dokumentov, ki bo zmo\u017een prepoznati morebitna nasprotja med dokumenti. Pri tem bo treba prepoznati klju\u010dne entitete in odnose v besedilu ter dou\u010diti model za kodiranje teh elementov v vlo\u017eitve dokumentov. S primerjavo vektoriziranih prikazov bomo te strategije integrirali v sistem RAG z namenom detekcije protislovij med novimi in \u017ee obstoje\u010dimi dokumenti. To metodologijo bomo aplicirali tudi v pravnem izzivu aktivnosti 5.3.<\/p>\n<\/div>\n<\/section>\n<\/div><\/section><br \/>\n<div class=\"flex_column av_one_fifth  flex_column_div av-zero-column-padding first  avia-builder-el-29  el_after_av_textblock  el_before_av_four_fifth  column-top-margin\" style='border-radius:0px; '><span  class=\"av_font_icon avia_animate_when_visible avia-icon-animate  av-icon-style-  av-no-color avia-icon-pos-left \" style=\"\"><span class='av-icon-char' style='font-size:40px;line-height:40px;' aria-hidden='true' data-av_icon='\ue810' data-av_iconfont='entypo-fontello' ><\/span><\/span><\/div><div class=\"flex_column av_four_fifth  flex_column_div av-zero-column-padding   avia-builder-el-31  el_after_av_one_fifth  avia-builder-el-last  column-top-margin\" style='border-radius:0px; '><section class=\"av_textblock_section \"  itemscope=\"itemscope\" itemtype=\"https:\/\/schema.org\/CreativeWork\" ><div class='avia_textblock  '   itemprop=\"text\" ><section class=\"av_textblock_section \">\n<div class=\"avia_textblock \"><\/div>\n<\/section>\n<section class=\"av_textblock_section \">\n<div class=\"avia_textblock \">\n<p><strong><em>Kazalniki 4.4: Novi RAG sistem za sloven\u0161\u010dino, zmo\u017een detekcije protislovij v dokumentih (M18).<\/em><\/strong><\/p>\n<\/div>\n<\/section>\n<\/div><\/section><\/div><\/p>\n<\/div><\/div><\/div><div data-av-tab-section-content=\"5\" class=\"av-layout-tab av-animation-delay-container   avia-builder-el-33  el_after_av_tab_sub_section  avia-builder-el-last   \" style='vertical-align:middle; '  data-tab-section-id=\"letna-poroila\"><div class='av-layout-tab-inner'><div class='container'><section class=\"av_textblock_section \"  itemscope=\"itemscope\" itemtype=\"https:\/\/schema.org\/CreativeWork\" ><div class='avia_textblock  '   itemprop=\"text\" ><p>Click here to add your own text<\/p>\n<\/div><\/section>\n<\/div><\/div><\/div><\/div><\/div><\/div>\n","protected":false},"excerpt":{"rendered":"","protected":false},"author":19,"featured_media":0,"parent":668,"menu_order":0,"comment_status":"closed","ping_status":"closed","template":"","meta":{"_acf_changed":false,"_relevanssi_hide_post":"","_relevanssi_hide_content":"","_relevanssi_pin_for_all":"","_relevanssi_pin_keywords":"","_relevanssi_unpin_keywords":"","_relevanssi_related_keywords":"","_relevanssi_related_include_ids":"","_relevanssi_related_exclude_ids":"","_relevanssi_related_no_append":"","_relevanssi_related_not_related":"","_relevanssi_related_posts":"","_relevanssi_noindex_reason":"","inline_featured_image":false,"episode_type":"","audio_file":"","podmotor_file_id":"","podmotor_episode_id":"","cover_image":"","cover_image_id":"","duration":"","filesize":"","filesize_raw":"","date_recorded":"","explicit":"","block":"","itunes_episode_number":"","itunes_title":"","itunes_season_number":"","itunes_episode_type":"","footnotes":""},"class_list":["post-1172","page","type-page","status-publish","hentry"],"acf":[],"yoast_head":"<!-- This site is optimized with the Yoast SEO plugin v27.3 - https:\/\/yoast.com\/product\/yoast-seo-wordpress\/ -->\n<title>Izziv 4: Napredne tehnologije za digitalno humanistiko - LLM4DH<\/title>\n<meta name=\"robots\" content=\"index, follow, max-snippet:-1, max-image-preview:large, max-video-preview:-1\" \/>\n<link rel=\"canonical\" href=\"https:\/\/www.cjvt.si\/llm4dh\/projektni-sklopi\/projektni-sklop-4\/\" \/>\n<meta property=\"og:locale\" content=\"sl_SI\" \/>\n<meta property=\"og:type\" content=\"article\" \/>\n<meta property=\"og:title\" content=\"Izziv 4: Napredne tehnologije za digitalno humanistiko - LLM4DH\" \/>\n<meta property=\"og:url\" content=\"https:\/\/www.cjvt.si\/llm4dh\/projektni-sklopi\/projektni-sklop-4\/\" \/>\n<meta property=\"og:site_name\" content=\"LLM4DH\" \/>\n<meta property=\"article:modified_time\" content=\"2025-05-14T08:53:32+00:00\" \/>\n<meta name=\"twitter:card\" content=\"summary_large_image\" \/>\n<meta name=\"twitter:label1\" content=\"Est. reading time\" \/>\n\t<meta name=\"twitter:data1\" content=\"10 minut\" \/>\n<script type=\"application\/ld+json\" class=\"yoast-schema-graph\">{\"@context\":\"https:\\\/\\\/schema.org\",\"@graph\":[{\"@type\":\"WebPage\",\"@id\":\"https:\\\/\\\/www.cjvt.si\\\/llm4dh\\\/projektni-sklopi\\\/projektni-sklop-4\\\/\",\"url\":\"https:\\\/\\\/www.cjvt.si\\\/llm4dh\\\/projektni-sklopi\\\/projektni-sklop-4\\\/\",\"name\":\"Izziv 4: Napredne tehnologije za digitalno humanistiko - LLM4DH\",\"isPartOf\":{\"@id\":\"https:\\\/\\\/www.cjvt.si\\\/llm4dh\\\/#website\"},\"datePublished\":\"2024-12-19T09:45:38+00:00\",\"dateModified\":\"2025-05-14T08:53:32+00:00\",\"breadcrumb\":{\"@id\":\"https:\\\/\\\/www.cjvt.si\\\/llm4dh\\\/projektni-sklopi\\\/projektni-sklop-4\\\/#breadcrumb\"},\"inLanguage\":\"sl-SI\",\"potentialAction\":[{\"@type\":\"ReadAction\",\"target\":[\"https:\\\/\\\/www.cjvt.si\\\/llm4dh\\\/projektni-sklopi\\\/projektni-sklop-4\\\/\"]}]},{\"@type\":\"BreadcrumbList\",\"@id\":\"https:\\\/\\\/www.cjvt.si\\\/llm4dh\\\/projektni-sklopi\\\/projektni-sklop-4\\\/#breadcrumb\",\"itemListElement\":[{\"@type\":\"ListItem\",\"position\":1,\"name\":\"Home\",\"item\":\"https:\\\/\\\/www.cjvt.si\\\/llm4dh\\\/\"},{\"@type\":\"ListItem\",\"position\":2,\"name\":\"Projektni sklopi\",\"item\":\"https:\\\/\\\/www.cjvt.si\\\/llm4dh\\\/projektni-sklopi\\\/\"},{\"@type\":\"ListItem\",\"position\":3,\"name\":\"Izziv 4: Napredne tehnologije za digitalno humanistiko\"}]},{\"@type\":\"WebSite\",\"@id\":\"https:\\\/\\\/www.cjvt.si\\\/llm4dh\\\/#website\",\"url\":\"https:\\\/\\\/www.cjvt.si\\\/llm4dh\\\/\",\"name\":\"LLM4DH\",\"description\":\"Work site\",\"potentialAction\":[{\"@type\":\"SearchAction\",\"target\":{\"@type\":\"EntryPoint\",\"urlTemplate\":\"https:\\\/\\\/www.cjvt.si\\\/llm4dh\\\/?s={search_term_string}\"},\"query-input\":{\"@type\":\"PropertyValueSpecification\",\"valueRequired\":true,\"valueName\":\"search_term_string\"}}],\"inLanguage\":\"sl-SI\"}]}<\/script>\n<!-- \/ Yoast SEO plugin. -->","yoast_head_json":{"title":"Izziv 4: Napredne tehnologije za digitalno humanistiko - LLM4DH","robots":{"index":"index","follow":"follow","max-snippet":"max-snippet:-1","max-image-preview":"max-image-preview:large","max-video-preview":"max-video-preview:-1"},"canonical":"https:\/\/www.cjvt.si\/llm4dh\/projektni-sklopi\/projektni-sklop-4\/","og_locale":"sl_SI","og_type":"article","og_title":"Izziv 4: Napredne tehnologije za digitalno humanistiko - LLM4DH","og_url":"https:\/\/www.cjvt.si\/llm4dh\/projektni-sklopi\/projektni-sklop-4\/","og_site_name":"LLM4DH","article_modified_time":"2025-05-14T08:53:32+00:00","twitter_card":"summary_large_image","twitter_misc":{"Est. reading time":"10 minut"},"schema":{"@context":"https:\/\/schema.org","@graph":[{"@type":"WebPage","@id":"https:\/\/www.cjvt.si\/llm4dh\/projektni-sklopi\/projektni-sklop-4\/","url":"https:\/\/www.cjvt.si\/llm4dh\/projektni-sklopi\/projektni-sklop-4\/","name":"Izziv 4: Napredne tehnologije za digitalno humanistiko - LLM4DH","isPartOf":{"@id":"https:\/\/www.cjvt.si\/llm4dh\/#website"},"datePublished":"2024-12-19T09:45:38+00:00","dateModified":"2025-05-14T08:53:32+00:00","breadcrumb":{"@id":"https:\/\/www.cjvt.si\/llm4dh\/projektni-sklopi\/projektni-sklop-4\/#breadcrumb"},"inLanguage":"sl-SI","potentialAction":[{"@type":"ReadAction","target":["https:\/\/www.cjvt.si\/llm4dh\/projektni-sklopi\/projektni-sklop-4\/"]}]},{"@type":"BreadcrumbList","@id":"https:\/\/www.cjvt.si\/llm4dh\/projektni-sklopi\/projektni-sklop-4\/#breadcrumb","itemListElement":[{"@type":"ListItem","position":1,"name":"Home","item":"https:\/\/www.cjvt.si\/llm4dh\/"},{"@type":"ListItem","position":2,"name":"Projektni sklopi","item":"https:\/\/www.cjvt.si\/llm4dh\/projektni-sklopi\/"},{"@type":"ListItem","position":3,"name":"Izziv 4: Napredne tehnologije za digitalno humanistiko"}]},{"@type":"WebSite","@id":"https:\/\/www.cjvt.si\/llm4dh\/#website","url":"https:\/\/www.cjvt.si\/llm4dh\/","name":"LLM4DH","description":"Work site","potentialAction":[{"@type":"SearchAction","target":{"@type":"EntryPoint","urlTemplate":"https:\/\/www.cjvt.si\/llm4dh\/?s={search_term_string}"},"query-input":{"@type":"PropertyValueSpecification","valueRequired":true,"valueName":"search_term_string"}}],"inLanguage":"sl-SI"}]}},"_links":{"self":[{"href":"https:\/\/www.cjvt.si\/llm4dh\/wp-json\/wp\/v2\/pages\/1172","targetHints":{"allow":["GET"]}}],"collection":[{"href":"https:\/\/www.cjvt.si\/llm4dh\/wp-json\/wp\/v2\/pages"}],"about":[{"href":"https:\/\/www.cjvt.si\/llm4dh\/wp-json\/wp\/v2\/types\/page"}],"author":[{"embeddable":true,"href":"https:\/\/www.cjvt.si\/llm4dh\/wp-json\/wp\/v2\/users\/19"}],"replies":[{"embeddable":true,"href":"https:\/\/www.cjvt.si\/llm4dh\/wp-json\/wp\/v2\/comments?post=1172"}],"version-history":[{"count":8,"href":"https:\/\/www.cjvt.si\/llm4dh\/wp-json\/wp\/v2\/pages\/1172\/revisions"}],"predecessor-version":[{"id":1576,"href":"https:\/\/www.cjvt.si\/llm4dh\/wp-json\/wp\/v2\/pages\/1172\/revisions\/1576"}],"up":[{"embeddable":true,"href":"https:\/\/www.cjvt.si\/llm4dh\/wp-json\/wp\/v2\/pages\/668"}],"wp:attachment":[{"href":"https:\/\/www.cjvt.si\/llm4dh\/wp-json\/wp\/v2\/media?parent=1172"}],"curies":[{"name":"wp","href":"https:\/\/api.w.org\/{rel}","templated":true}]}}