{"id":926,"date":"2020-03-31T18:52:43","date_gmt":"2020-03-31T16:52:43","guid":{"rendered":"https:\/\/www.cjvt.starkmat.si\/template\/?page_id=926"},"modified":"2025-05-14T10:53:09","modified_gmt":"2025-05-14T08:53:09","slug":"projektni-sklop-2-2","status":"publish","type":"page","link":"https:\/\/www.cjvt.si\/llm4dh\/projektni-sklopi\/projektni-sklop-2\/","title":{"rendered":"Izziv 2: Veliki jezikovni modeli za jezikoslovje in upravljanje znanja"},"content":{"rendered":"<div class=\"flex_column av_one_full  no_margin flex_column_div av-zero-column-padding first  avia-builder-el-0  el_before_av_one_full  avia-builder-el-first  \" style='margin-top:0px; margin-bottom:30px; border-radius:0px; '><section class=\"av_textblock_section \"  itemscope=\"itemscope\" itemtype=\"https:\/\/schema.org\/CreativeWork\" ><div class='avia_textblock  '   itemprop=\"text\" ><h1><strong>Izziv 2: Veliki jezikovni modeli za jezikoslovje in upravljanje znanja<\/strong><\/h1>\n<\/div><\/section><\/div>\n<div class=\"flex_column av_one_full  no_margin flex_column_div av-zero-column-padding first  avia-builder-el-2  el_after_av_one_full  el_before_av_tab_section  avia-builder-el-last  column-top-margin\" style='margin-top:0px; margin-bottom:30px; border-radius:0px; '><section class=\"av_textblock_section \"  itemscope=\"itemscope\" itemtype=\"https:\/\/schema.org\/CreativeWork\" ><div class='avia_textblock  '   itemprop=\"text\" ><p>Sloven\u0161\u010dina s svojo dvomilijonsko jezikovno skupnostjo je dober primer jezika z manj viri, kar je pokazala tudi primerjava, ki jo je pripravil projekt European Language Equality (Rehm &amp; Way, 2023). Raziskovalni izziv te naloge je omogo\u010diti izdelavo kakovostnih semanti\u010dnih opisov za jezike z (veliko) manj viri in omogo\u010diti obse\u017ene jezikovne primerjave, ki bodo omogo\u010dile nov vpogled v slovnico svetovnih jezikov.<\/p>\n<\/div><\/section><\/div>\n<\/div><\/div><\/div><!-- close content main div --><\/div><\/div><div id='av-tab-section-1'  class='av-tab-section-container entry-content-wrapper main_color av-tab-no-transition   av-tab-above-content  avia-builder-el-4  el_after_av_one_full  avia-builder-el-last  submenu-not-first container_wrap fullsize' style=' '  ><div class='av-tab-section-outer-container'><div class='av-tab-section-tab-title-container avia-tab-title-padding-default ' ><a href='#aktivnost-2.1' data-av-tab-section-title='1' class='av-section-tab-title av-active-tab-title no-scroll av-tab-no-icon av-tab-no-image  '><span class='av-outer-tab-title'><span class='av-inner-tab-title'>Aktivnost 2.1<\/span><\/span><span class='av-tab-arrow-container'><span><\/span><\/span><\/a><a href='#aktivnost-2.2' data-av-tab-section-title='2' class='av-section-tab-title  av-tab-no-icon av-tab-no-image  '><span class='av-outer-tab-title'><span class='av-inner-tab-title'>Aktivnost 2.2<\/span><\/span><span class='av-tab-arrow-container'><span><\/span><\/span><\/a><a href='#aktivnost-2.3' data-av-tab-section-title='3' class='av-section-tab-title  av-tab-no-icon av-tab-no-image  '><span class='av-outer-tab-title'><span class='av-inner-tab-title'>Aktivnost 2.3<\/span><\/span><span class='av-tab-arrow-container'><span><\/span><\/span><\/a><a href='#letna-poroila' data-av-tab-section-title='4' class='av-section-tab-title  av-tab-no-icon av-tab-no-image  '><span class='av-outer-tab-title'><span class='av-inner-tab-title'>Letna poro\u010dila<\/span><\/span><span class='av-tab-arrow-container'><span><\/span><\/span><\/a><\/div><div class='av-tab-section-inner-container avia-section-default' style='width:400vw; left:0%;'><span class='av_prev_tab_section av_tab_navigation'><\/span><span class='av_next_tab_section av_tab_navigation'><\/span>\n<div data-av-tab-section-content=\"1\" class=\"av-layout-tab av-animation-delay-container av-active-tab-content __av_init_open  avia-builder-el-5  el_before_av_tab_sub_section  avia-builder-el-first   \" style='vertical-align:middle; '  data-tab-section-id=\"aktivnost-2.1\"><div class='av-layout-tab-inner'><div class='container'><section class=\"av_textblock_section \"  itemscope=\"itemscope\" itemtype=\"https:\/\/schema.org\/CreativeWork\" ><div class='avia_textblock  '   itemprop=\"text\" ><h3><em><strong>Aktivnost 2.1: Veliki jezikovni modeli za u\u010dinkovito leksikografijo<\/strong><\/em><\/h3>\n<\/div><\/section><br \/>\n<section class=\"av_textblock_section \"  itemscope=\"itemscope\" itemtype=\"https:\/\/schema.org\/CreativeWork\" ><div class='avia_textblock  '   itemprop=\"text\" ><section class=\"av_textblock_section \">\n<div class=\"avia_textblock \">\n<p>V zadnjih tridesetih letih so leksikografi, ki se ukvarjajo z leksikalnimi opisi, posku\u0161ali uporabiti razli\u010dne avtomatizirane postopke za analizo jezikovnih podatkov in izdelavo leksikografskih opisov (Atkins in Rundell 2008, Gantar et al. 2016). Zaradi najnovej\u0161ega razvoja na podro\u010dju generativne umetne inteligence je pri\u0161lo do poskusov uporabe novih orodij v leksikografske namene (Lew 2023; Rees idr. 2023; Jakub\u00ed\u010dek in Rundell 2023). Vendar se je po prvih poskusih izkazalo, da obstaja precej\u0161en razmak med kakovostjo leksikografskih vsebin, ki jih modeli generirajo v angle\u0161\u010dini, in tistimi, ki jih generirajo v drugih jezikih, zlasti v jezikih z manj viri ali tisti, ki so v modelih manj zastopani (de Schryver, 2024).<\/p>\n<\/div>\n<p>Digitalna slovarska zbirka za sloven\u0161\u010dino (DSB) bo na razli\u010dnih ravneh jezikovnega opisa izbolj\u0161ana z uporabo modelov, izdelanih v aktivnosti 1.1. Generirali bomo morfolo\u0161ke in semanti\u010dne podatke, pri \u010demer se bomo osredoto\u010dili na: 1) oblikovanje morfolo\u0161kih paradigem, 2) besednovrstno razlo\u010devanje, 3) oblikovanje razli\u010dnih vrst definicij (pomenski kazalniki, poenostavljene, terminolo\u0161ke itd.), 4) izbolj\u0161anje kolokacij in primerov rabe; 5) pripisovanje oznak (slogovne, normativne, podro\u010dne, \u017eanrske itd.) 6) opis idiomatskega, figurativnega in metafori\u010dnega jezika itd. Rezultat bo bistveno izbolj\u0161ana DSB, ki jo bomo posledi\u010dno uporabili za izbolj\u0161anje modelov v aktivnosti 1.1. Vse razli\u010dice DSB bodo na voljo kot javno dostopne podatkovne zbirke in prek API-ja z odprtim dostopom.<\/p>\n<div class=\"avia_textblock \"><\/div>\n<\/section>\n<section class=\"av_textblock_section \">\n<div class=\"avia_textblock \"><\/div>\n<\/section>\n<\/div><\/section><br \/>\n<div class=\"flex_column av_one_fifth  flex_column_div av-zero-column-padding first  avia-builder-el-8  el_after_av_textblock  el_before_av_four_fifth  column-top-margin\" style='border-radius:0px; '><span  class=\"av_font_icon avia_animate_when_visible avia-icon-animate  av-icon-style-  av-no-color avia-icon-pos-left \" style=\"\"><span class='av-icon-char' style='font-size:40px;line-height:40px;' aria-hidden='true' data-av_icon='\ue810' data-av_iconfont='entypo-fontello' ><\/span><\/span><\/div><div class=\"flex_column av_four_fifth  flex_column_div av-zero-column-padding   avia-builder-el-10  el_after_av_one_fifth  avia-builder-el-last  column-top-margin\" style='border-radius:0px; '><section class=\"av_textblock_section \"  itemscope=\"itemscope\" itemtype=\"https:\/\/schema.org\/CreativeWork\" ><div class='avia_textblock  '   itemprop=\"text\" ><p><em><strong>Kazalniki 2.1: Digitalna slovarska baza z generiranimi leksikografskimi podatki \u2013 prva razli\u010dica (M24), digitalna slovarska baza z generiranimi eksikografskimi podatki \u2013 kon\u010dna razli\u010dica (M36)<\/strong><\/em><\/p>\n<\/div><\/section><\/div><\/p>\n<\/div><\/div><\/div><div data-av-tab-section-content=\"2\" class=\"av-layout-tab av-animation-delay-container   avia-builder-el-12  el_after_av_tab_sub_section  el_before_av_tab_sub_section   \" style='vertical-align:middle; '  data-tab-section-id=\"aktivnost-2.2\"><div class='av-layout-tab-inner'><div class='container'><section class=\"av_textblock_section \"  itemscope=\"itemscope\" itemtype=\"https:\/\/schema.org\/CreativeWork\" ><div class='avia_textblock  '   itemprop=\"text\" ><h3><strong><em>Aktivnost 2.2: Nevronsko preverjanje pravopisa in slovnice<\/em><\/strong><\/h3>\n<\/div><\/section><br \/>\n<section class=\"av_textblock_section \"  itemscope=\"itemscope\" itemtype=\"https:\/\/schema.org\/CreativeWork\" ><div class='avia_textblock  '   itemprop=\"text\" ><section class=\"av_textblock_section \">\n<div class=\"avia_textblock \">\n<p>Zlasti pri jezikih z manj viri se razvoj nevronskih popravkov slovnice pogosto opira na sinteti\u010dne podatke, kot so generirani primeri napa\u010dne rabe jezika. \u010ceprav je ta pristop uporaben za re\u0161evanje problema pomanjkanja podatkov, mu manjkata avtenti\u010dnost in raznovrtnost kontekstov, kar vodi do neoptimalne u\u010dinkovitosti v prakti\u010dnih uporabah. To vpra\u0161anje je \u0161e posebno problemati\u010dno v izobra\u017eevalnih okoljih, kjer so natan\u010dni in kontekstualno ustrezni popravki bistveni za u\u010dinkovito u\u010denje in zaupanje uporabnikov. Za re\u0161evanje tega izziva predlagamo metodologije, ki zdru\u017eujejo prednosti sinteti\u010dnih in avtenti\u010dnih jezikovnih podatkov za obdelavo slovnice.<\/p>\n<p>Za napredno sintezo zgledov jezikovnih napak, ki temelji na velikih jezikovnih modelih, bomo uporabili podatke iz korpusov Lektor, KOST in \u0160olar, ki popisujejo napake (slednji podrobno opisuje 180 razli\u010dnih vrst napak). Za vsako vrsto napake bomo preizkusili razli\u010dne parametre, kot so razli\u010dne vrste vhodnih podatkov in formulacije pozivov, ter eksperimentirali z razli\u010dnimi metodami vstavljanja napak. Iterativno bomo pripravljali sinteti\u010dne podatke in nenehno izpopolnjevali svoj pristop z jezikovnimi evalvacijami in natan\u010dnim prilagajanjem slovenskih slovni\u010dnih detektorjev, da bi dolo\u010dili konfiguracije z najbolj realisti\u010dnimi rezultati. Nato bomo ustvarili visokokakovostne referen\u010dne podatkovne zbirke za vrednotenje z razli\u010dnimi vrstami slovenskih besedil. Poleg \u0161olskih esejev bomo zajeli tudi druge besedilne zvrsti in tako pripravili avtenti\u010dne odprtokodne podatkovne nize z besedili odraslih piscev stopnje L1 in L2.<\/p>\n<\/div>\n<\/section>\n<section class=\"av_textblock_section \">\n<div class=\"avia_textblock \"><\/div>\n<\/section>\n<\/div><\/section><br \/>\n<div class=\"flex_column av_one_fifth  flex_column_div av-zero-column-padding first  avia-builder-el-15  el_after_av_textblock  el_before_av_four_fifth  column-top-margin\" style='border-radius:0px; '><span  class=\"av_font_icon avia_animate_when_visible avia-icon-animate  av-icon-style-  av-no-color avia-icon-pos-left \" style=\"\"><span class='av-icon-char' style='font-size:40px;line-height:40px;' aria-hidden='true' data-av_icon='\ue810' data-av_iconfont='entypo-fontello' ><\/span><\/span><\/div><div class=\"flex_column av_four_fifth  flex_column_div av-zero-column-padding   avia-builder-el-17  el_after_av_one_fifth  avia-builder-el-last  column-top-margin\" style='border-radius:0px; '><section class=\"av_textblock_section \"  itemscope=\"itemscope\" itemtype=\"https:\/\/schema.org\/CreativeWork\" ><div class='avia_textblock  '   itemprop=\"text\" ><section class=\"av_textblock_section \">\n<div class=\"avia_textblock \"><\/div>\n<\/section>\n<section class=\"av_textblock_section \">\n<div class=\"avia_textblock \">\n<p><em><strong>Kazalniki 2.2: Podatkovne mno\u017eice sinteti\u010dnih jezikovnih napak (M12). Veliki jezikovni modeli za preverjanje slovnice (M18). Evalvacijske mno\u017eice za preverjanje avtenti\u010dne slovnice (M24).<\/strong><\/em><\/p>\n<\/div>\n<\/section>\n<\/div><\/section><\/div><\/p>\n<\/div><\/div><\/div><div data-av-tab-section-content=\"3\" class=\"av-layout-tab av-animation-delay-container   avia-builder-el-19  el_after_av_tab_sub_section  el_before_av_tab_sub_section   \" style='vertical-align:middle; '  data-tab-section-id=\"aktivnost-2.3\"><div class='av-layout-tab-inner'><div class='container'><section class=\"av_textblock_section \"  itemscope=\"itemscope\" itemtype=\"https:\/\/schema.org\/CreativeWork\" ><div class='avia_textblock  '   itemprop=\"text\" ><h3><strong><em>Aktivnost 2.3: Napredna slovni\u010dna analiza ve\u010djezi\u010dnih korpusov<\/em><\/strong><\/h3>\n<\/div><\/section><br \/>\n<section class=\"av_textblock_section \"  itemscope=\"itemscope\" itemtype=\"https:\/\/schema.org\/CreativeWork\" ><div class='avia_textblock  '   itemprop=\"text\" ><section class=\"av_textblock_section \">\n<div class=\"avia_textblock \">\n<p>V zadnjih desetletjih je zaradi pojava obse\u017enih korpusov in naprednih ra\u010dunalni\u0161kih orodij jezikoslovje do\u017eivelo revolucionarni prehod od raziskav, ki temeljijo na intuiciji, k pristopom, ki temeljijo na podatkih. Ta premik je pripeljal do pomembnih novih odkritij o zgradbi in rabi jezika, zlasti na podro\u010dju deskriptivne in primerjalne slovni\u010dne analize. Vendar tradicionalne korpusne metode \u0161e vedno zahtevajo veliko dela in se implicitno zana\u0161ajo na \u017ee obstoje\u010de jezikoslovne predpostavke, ki usmerjajo pridobivanje ustreznih vzorcev iz korpusov in njihovo nadaljnjo analizo. Pojav velikih jezikovnih modelov s sofisticiranimi zmo\u017enostmi utemeljevanja ponuja prelomno prilo\u017enost za izbolj\u0161anje in raz\u0161iritev teh metod z racionalizacijo in pospe\u0161itvijo korpusne jezikovne analize ter morebitnim odkrivanjem prej neznanih vzorcev jezikovne rabe. Nov pristop k slovni\u010dni analizi ve\u010djezi\u010dnih korpusov bomo razvili z dou\u010ditvijo najsodobnej\u0161ih jezikovnih modelov na podatkovni mno\u017eici Universal Dependencies (UD), ki zagotavlja obse\u017ene in zanesljive morfosintakti\u010dne anotacije za \u0161tevilne svetovne jezike. Sistemati\u010dno bomo ocenili mo\u017enosti tak\u0161nih jezikovnih modelov, izbolj\u0161anih z eksplicitnim slovni\u010dnim znanjem z namenom pridobivanja novega vpogleda v slovnico svetovnih jezikov in olaj\u0161anja jezikovne analize jezikovnih korpusov na splo\u0161no.<\/p>\n<p>Razvili in evalvirali bomo novo metodo za slovni\u010dno analizo ve\u010djezi\u010dnih korpusov na podlagi velikih jezikovnih modelov. Najprej bomo mno\u017ei\u010dne ve\u010djezi\u010dnih velike jezikovne modele, kot sta LLaMa-3 ali T5-XXL, u\u010dili na mno\u017ei\u010dni ve\u010djezi\u010dni podatkovni mno\u017eici UD. Nato bomo sestavili ve\u010dplastno podatkovno mno\u017eico z izbranimi najsodobnej\u0161imi jezikoslovnimi ugotovitvami za tri tipi\u010dne korpusnojezikovne naloge: anotacijo podatkov, ekstrakcijo vzorcev in povzemanje podatkov. Na koncu bomo kvantitativno in kvalitativno ocenili zmo\u017enosti in omejitve novega ve\u010djezi\u010dnega jezikoslovnega jezikovnega modela za te naloge, pri \u010demer bomo upo\u0161tevali tudi razli\u010dne strategije ustvarjanja izto\u010dnic. Novi model bo omogo\u010dil nov jezikoslovni vpogled v svetovne jezike, zajete v podatkovni mno\u017eici UD, in podprl slovni\u010dno analizo jezikovnih korpusov na splo\u0161no.<\/p>\n<\/div>\n<\/section>\n<section class=\"av_textblock_section \">\n<div class=\"avia_textblock \"><\/div>\n<\/section>\n<\/div><\/section><br \/>\n<div class=\"flex_column av_one_fifth  flex_column_div av-zero-column-padding first  avia-builder-el-22  el_after_av_textblock  el_before_av_four_fifth  column-top-margin\" style='border-radius:0px; '><span  class=\"av_font_icon avia_animate_when_visible avia-icon-animate  av-icon-style-  av-no-color avia-icon-pos-left \" style=\"\"><span class='av-icon-char' style='font-size:40px;line-height:40px;' aria-hidden='true' data-av_icon='\ue810' data-av_iconfont='entypo-fontello' ><\/span><\/span><\/div><div class=\"flex_column av_four_fifth  flex_column_div av-zero-column-padding   avia-builder-el-24  el_after_av_one_fifth  avia-builder-el-last  column-top-margin\" style='border-radius:0px; '><section class=\"av_textblock_section \"  itemscope=\"itemscope\" itemtype=\"https:\/\/schema.org\/CreativeWork\" ><div class='avia_textblock  '   itemprop=\"text\" ><section class=\"av_textblock_section \">\n<div class=\"avia_textblock \"><\/div>\n<\/section>\n<section class=\"av_textblock_section \">\n<div class=\"avia_textblock \">\n<p><em><strong>Kazalniki 2.3: Veliki jezikovni modeli z izbolj\u0161anim slovni\u010dnim znanjem (M12). Podatkovna mno\u017eica za evalvacijo slovni\u010dnega znanja velikih jezikovnih modelov (M18). Ve\u010djezi\u010dne in medjezi\u010dne slovni\u010dne analize (M36).<\/strong><\/em><\/p>\n<\/div>\n<\/section>\n<\/div><\/section><\/div><\/p>\n<\/div><\/div><\/div><div data-av-tab-section-content=\"4\" class=\"av-layout-tab av-animation-delay-container   avia-builder-el-26  el_after_av_tab_sub_section  avia-builder-el-last   \" style='vertical-align:middle; '  data-tab-section-id=\"letna-poroila\"><div class='av-layout-tab-inner'><div class='container'><section class=\"av_textblock_section \"  itemscope=\"itemscope\" itemtype=\"https:\/\/schema.org\/CreativeWork\" ><div class='avia_textblock  '   itemprop=\"text\" ><p>Click here to add your own text<\/p>\n<\/div><\/section>\n<\/div><\/div><\/div><\/div><\/div><\/div>\n","protected":false},"excerpt":{"rendered":"","protected":false},"author":1,"featured_media":0,"parent":668,"menu_order":0,"comment_status":"closed","ping_status":"closed","template":"","meta":{"_acf_changed":false,"_relevanssi_hide_post":"","_relevanssi_hide_content":"","_relevanssi_pin_for_all":"","_relevanssi_pin_keywords":"","_relevanssi_unpin_keywords":"","_relevanssi_related_keywords":"","_relevanssi_related_include_ids":"","_relevanssi_related_exclude_ids":"","_relevanssi_related_no_append":"","_relevanssi_related_not_related":"","_relevanssi_related_posts":"","_relevanssi_noindex_reason":"","inline_featured_image":false,"episode_type":"","audio_file":"","podmotor_file_id":"","podmotor_episode_id":"","cover_image":"","cover_image_id":"","duration":"","filesize":"","filesize_raw":"","date_recorded":"","explicit":"","block":"","itunes_episode_number":"","itunes_title":"","itunes_season_number":"","itunes_episode_type":"","footnotes":""},"class_list":["post-926","page","type-page","status-publish","hentry"],"acf":[],"yoast_head":"<!-- This site is optimized with the Yoast SEO plugin v27.3 - https:\/\/yoast.com\/product\/yoast-seo-wordpress\/ -->\n<title>Izziv 2: Veliki jezikovni modeli za jezikoslovje in upravljanje znanja - LLM4DH<\/title>\n<meta name=\"robots\" content=\"index, follow, max-snippet:-1, max-image-preview:large, max-video-preview:-1\" \/>\n<link rel=\"canonical\" href=\"https:\/\/www.cjvt.si\/llm4dh\/projektni-sklopi\/projektni-sklop-2\/\" \/>\n<meta property=\"og:locale\" content=\"sl_SI\" \/>\n<meta property=\"og:type\" content=\"article\" \/>\n<meta property=\"og:title\" content=\"Izziv 2: Veliki jezikovni modeli za jezikoslovje in upravljanje znanja - LLM4DH\" \/>\n<meta property=\"og:url\" content=\"https:\/\/www.cjvt.si\/llm4dh\/projektni-sklopi\/projektni-sklop-2\/\" \/>\n<meta property=\"og:site_name\" content=\"LLM4DH\" \/>\n<meta property=\"article:modified_time\" content=\"2025-05-14T08:53:09+00:00\" \/>\n<meta name=\"twitter:card\" content=\"summary_large_image\" \/>\n<meta name=\"twitter:label1\" content=\"Est. reading time\" \/>\n\t<meta name=\"twitter:data1\" content=\"9 minut\" \/>\n<script type=\"application\/ld+json\" class=\"yoast-schema-graph\">{\"@context\":\"https:\\\/\\\/schema.org\",\"@graph\":[{\"@type\":\"WebPage\",\"@id\":\"https:\\\/\\\/www.cjvt.si\\\/llm4dh\\\/projektni-sklopi\\\/projektni-sklop-2\\\/\",\"url\":\"https:\\\/\\\/www.cjvt.si\\\/llm4dh\\\/projektni-sklopi\\\/projektni-sklop-2\\\/\",\"name\":\"Izziv 2: Veliki jezikovni modeli za jezikoslovje in upravljanje znanja - LLM4DH\",\"isPartOf\":{\"@id\":\"https:\\\/\\\/www.cjvt.si\\\/llm4dh\\\/#website\"},\"datePublished\":\"2020-03-31T16:52:43+00:00\",\"dateModified\":\"2025-05-14T08:53:09+00:00\",\"breadcrumb\":{\"@id\":\"https:\\\/\\\/www.cjvt.si\\\/llm4dh\\\/projektni-sklopi\\\/projektni-sklop-2\\\/#breadcrumb\"},\"inLanguage\":\"sl-SI\",\"potentialAction\":[{\"@type\":\"ReadAction\",\"target\":[\"https:\\\/\\\/www.cjvt.si\\\/llm4dh\\\/projektni-sklopi\\\/projektni-sklop-2\\\/\"]}]},{\"@type\":\"BreadcrumbList\",\"@id\":\"https:\\\/\\\/www.cjvt.si\\\/llm4dh\\\/projektni-sklopi\\\/projektni-sklop-2\\\/#breadcrumb\",\"itemListElement\":[{\"@type\":\"ListItem\",\"position\":1,\"name\":\"Home\",\"item\":\"https:\\\/\\\/www.cjvt.si\\\/llm4dh\\\/\"},{\"@type\":\"ListItem\",\"position\":2,\"name\":\"Projektni sklopi\",\"item\":\"https:\\\/\\\/www.cjvt.si\\\/llm4dh\\\/projektni-sklopi\\\/\"},{\"@type\":\"ListItem\",\"position\":3,\"name\":\"Izziv 2: Veliki jezikovni modeli za jezikoslovje in upravljanje znanja\"}]},{\"@type\":\"WebSite\",\"@id\":\"https:\\\/\\\/www.cjvt.si\\\/llm4dh\\\/#website\",\"url\":\"https:\\\/\\\/www.cjvt.si\\\/llm4dh\\\/\",\"name\":\"LLM4DH\",\"description\":\"Work site\",\"potentialAction\":[{\"@type\":\"SearchAction\",\"target\":{\"@type\":\"EntryPoint\",\"urlTemplate\":\"https:\\\/\\\/www.cjvt.si\\\/llm4dh\\\/?s={search_term_string}\"},\"query-input\":{\"@type\":\"PropertyValueSpecification\",\"valueRequired\":true,\"valueName\":\"search_term_string\"}}],\"inLanguage\":\"sl-SI\"}]}<\/script>\n<!-- \/ Yoast SEO plugin. -->","yoast_head_json":{"title":"Izziv 2: Veliki jezikovni modeli za jezikoslovje in upravljanje znanja - LLM4DH","robots":{"index":"index","follow":"follow","max-snippet":"max-snippet:-1","max-image-preview":"max-image-preview:large","max-video-preview":"max-video-preview:-1"},"canonical":"https:\/\/www.cjvt.si\/llm4dh\/projektni-sklopi\/projektni-sklop-2\/","og_locale":"sl_SI","og_type":"article","og_title":"Izziv 2: Veliki jezikovni modeli za jezikoslovje in upravljanje znanja - LLM4DH","og_url":"https:\/\/www.cjvt.si\/llm4dh\/projektni-sklopi\/projektni-sklop-2\/","og_site_name":"LLM4DH","article_modified_time":"2025-05-14T08:53:09+00:00","twitter_card":"summary_large_image","twitter_misc":{"Est. reading time":"9 minut"},"schema":{"@context":"https:\/\/schema.org","@graph":[{"@type":"WebPage","@id":"https:\/\/www.cjvt.si\/llm4dh\/projektni-sklopi\/projektni-sklop-2\/","url":"https:\/\/www.cjvt.si\/llm4dh\/projektni-sklopi\/projektni-sklop-2\/","name":"Izziv 2: Veliki jezikovni modeli za jezikoslovje in upravljanje znanja - LLM4DH","isPartOf":{"@id":"https:\/\/www.cjvt.si\/llm4dh\/#website"},"datePublished":"2020-03-31T16:52:43+00:00","dateModified":"2025-05-14T08:53:09+00:00","breadcrumb":{"@id":"https:\/\/www.cjvt.si\/llm4dh\/projektni-sklopi\/projektni-sklop-2\/#breadcrumb"},"inLanguage":"sl-SI","potentialAction":[{"@type":"ReadAction","target":["https:\/\/www.cjvt.si\/llm4dh\/projektni-sklopi\/projektni-sklop-2\/"]}]},{"@type":"BreadcrumbList","@id":"https:\/\/www.cjvt.si\/llm4dh\/projektni-sklopi\/projektni-sklop-2\/#breadcrumb","itemListElement":[{"@type":"ListItem","position":1,"name":"Home","item":"https:\/\/www.cjvt.si\/llm4dh\/"},{"@type":"ListItem","position":2,"name":"Projektni sklopi","item":"https:\/\/www.cjvt.si\/llm4dh\/projektni-sklopi\/"},{"@type":"ListItem","position":3,"name":"Izziv 2: Veliki jezikovni modeli za jezikoslovje in upravljanje znanja"}]},{"@type":"WebSite","@id":"https:\/\/www.cjvt.si\/llm4dh\/#website","url":"https:\/\/www.cjvt.si\/llm4dh\/","name":"LLM4DH","description":"Work site","potentialAction":[{"@type":"SearchAction","target":{"@type":"EntryPoint","urlTemplate":"https:\/\/www.cjvt.si\/llm4dh\/?s={search_term_string}"},"query-input":{"@type":"PropertyValueSpecification","valueRequired":true,"valueName":"search_term_string"}}],"inLanguage":"sl-SI"}]}},"_links":{"self":[{"href":"https:\/\/www.cjvt.si\/llm4dh\/wp-json\/wp\/v2\/pages\/926","targetHints":{"allow":["GET"]}}],"collection":[{"href":"https:\/\/www.cjvt.si\/llm4dh\/wp-json\/wp\/v2\/pages"}],"about":[{"href":"https:\/\/www.cjvt.si\/llm4dh\/wp-json\/wp\/v2\/types\/page"}],"author":[{"embeddable":true,"href":"https:\/\/www.cjvt.si\/llm4dh\/wp-json\/wp\/v2\/users\/1"}],"replies":[{"embeddable":true,"href":"https:\/\/www.cjvt.si\/llm4dh\/wp-json\/wp\/v2\/comments?post=926"}],"version-history":[{"count":23,"href":"https:\/\/www.cjvt.si\/llm4dh\/wp-json\/wp\/v2\/pages\/926\/revisions"}],"predecessor-version":[{"id":1617,"href":"https:\/\/www.cjvt.si\/llm4dh\/wp-json\/wp\/v2\/pages\/926\/revisions\/1617"}],"up":[{"embeddable":true,"href":"https:\/\/www.cjvt.si\/llm4dh\/wp-json\/wp\/v2\/pages\/668"}],"wp:attachment":[{"href":"https:\/\/www.cjvt.si\/llm4dh\/wp-json\/wp\/v2\/media?parent=926"}],"curies":[{"name":"wp","href":"https:\/\/api.w.org\/{rel}","templated":true}]}}