{"id":668,"date":"2020-03-17T07:53:25","date_gmt":"2020-03-17T06:53:25","guid":{"rendered":"https:\/\/www.cjvt.starkmat.si\/template\/?page_id=668"},"modified":"2023-11-07T07:26:57","modified_gmt":"2023-11-07T06:26:57","slug":"projektni-sklopi","status":"publish","type":"page","link":"https:\/\/www.cjvt.si\/povejmo\/projekti\/","title":{"rendered":"Projekti"},"content":{"rendered":"<div class=\"flex_column av_one_full  no_margin flex_column_div av-zero-column-padding first  avia-builder-el-0  el_before_av_one_full  avia-builder-el-first  \" style='margin-top:0px; margin-bottom:20px; border-radius:0px; '><section class=\"av_textblock_section \"  itemscope=\"itemscope\" itemtype=\"https:\/\/schema.org\/CreativeWork\" ><div class='avia_textblock  '   itemprop=\"text\" ><h1>Projekti<\/h1>\n<\/div><\/section><\/div>\n<div class='flex_column_table av-equal-height-column-flextable -flextable' style='margin-top:0px; margin-bottom:30px; '><div class=\"flex_column av_one_full  no_margin flex_column_table_cell av-equal-height-column av-align-top av-zero-column-padding first  avia-builder-el-2  el_after_av_one_full  el_before_av_one_full  column-top-margin\" style='border-radius:0px; '><section class=\"av_textblock_section \"  itemscope=\"itemscope\" itemtype=\"https:\/\/schema.org\/CreativeWork\" ><div class='avia_textblock  '   itemprop=\"text\" ><p>V prvem projektu <strong><a href=\"https:\/\/www.cjvt.si\/povejmo\/projektni-sklopi\/rrp1-slosbz\/\">SloSBZ: Splo\u0161na baza znanja za sloven\u0161\u010dino (RRP1)<\/a><\/strong>\u00a0 bomo najprej zgradili ustrezne jezikovne vire (korpus dialogov in sledenja ukazom) in nato v drugem projektu <strong><a href=\"https:\/\/www.cjvt.si\/povejmo\/projektni-sklopi\/rrp2-slollamai\/\">SloLLaMai: Odprtodostopni ra\u010dunsko u\u010dinkoviti modeli za sloven\u0161\u010dino (RRP2)<\/a><\/strong>\u00a0razvili odprtodostopen ra\u010dunsko u\u010dinkovit generativen jezikoven model za sloven\u0161\u010dino, ki bo prvi tak model za morfolo\u0161ko bogat jezik z malo viri, kar predstavlja velik raziskovalen izziv.\u00a0 Pripravljen korpus za sledenje ukazom bo osnova za nadaljne prilagoditve slovenskega generativnega jezikovnega modela specifi\u010dnim potrebam aplikacij, na voljo pa bo tudi za \u0161ir\u0161o akademsko in industrijsko rabo.<\/p>\n<p>V aplikativnih projektih bomo osnovni jezikovni model prilagajali z dodatnimi ukaznimi in dialo\u0161kimi u\u010dnimi mno\u017eicami za specifi\u010dne aplikacije. To bo omogo\u010dilo bistvene izbolj\u0161ave in prakti\u010dno uporabo pri integraciji govornih tehnologij v napredne industrijske aplikacije v projektih:<\/p>\n<ul>\n<li><strong><a href=\"https:\/\/www.cjvt.si\/povejmo\/projektni-sklopi\/rrp3-vemo-digi\/\">VeMo-Digi: Veliki jezikovni modeli za napredno domensko-specifi\u010dno digitalizacijo (RRP3)<\/a><\/strong><\/li>\n<li><strong><a href=\"https:\/\/www.cjvt.si\/povejmo\/projektni-sklopi\/projektni-sklop-3-2\/\">VeMo-Med: Prilagoditev velikih jezikovnih modelov za uporabo sloven\u0161\u010dine v medicini (RRP4)<\/a><\/strong><\/li>\n<li><strong><a href=\"https:\/\/www.cjvt.si\/povejmo\/projektni-sklopi\/projektni-sklop-3-2-2\/\">VeMo-Ind: Prilagoditev velikih jezikovnih modelov za uporabo v industrijskih okoljih (RRP5)<\/a><\/strong><\/li>\n<li><strong><a href=\"https:\/\/www.cjvt.si\/povejmo\/projektni-sklopi\/rrp6-vemo-iac\/\">VeMo-IaC: Prilagoditev velikih jezikovnih modelov za generiranje infrastrukturnih opisov v kodi (RRP6)<\/a><\/strong><\/li>\n<\/ul>\n<\/div><\/section><\/div><\/div><!--close column table wrapper. Autoclose: 1 -->\n<div class=\"flex_column av_one_full  no_margin flex_column_div av-zero-column-padding first  avia-builder-el-4  el_after_av_one_full  el_before_av_one_full  column-top-margin\" style='margin-top:0px; margin-bottom:30px; border-radius:0px; '><section class=\"av_textblock_section \"  itemscope=\"itemscope\" itemtype=\"https:\/\/schema.org\/CreativeWork\" ><div class='avia_textblock  '   itemprop=\"text\" ><p>Znanstveno-raziskovalni partnerji, ki vodijo projekta <strong>RRP1<\/strong>\u00a0in <strong>RRP2<\/strong>, zagotavljajo potrebna orodja in ogrodja za gradnjo velikih jezikovnih modelov. Izdelan bo tudi vsaj en splo\u0161en jezikovni model, ki bo uporaben za prilagoditev za poljubno uporabo na podro\u010dju obdelave naravnega jezika (npr. pametni asistent, odgovarjanje na vpra\u0161anja, prevajanje, zdravorazumsko sklepanje). Model bo po uspe\u0161nosti primerljiv z modelom GPT-4, na katerih temeljijo veliki prilagojeni modeli (npr. ChatGPT), ki se uporabljajo v raznovrstnih aplikacijah. Trenutni javno dostopni veliki modeli so bili nau\u010deni le na del\u010dku slovenskega besedila, zato za sloven\u0161\u010dino delujejo slab\u0161e kot za ostale ve\u010dje jezike. Izdelava tak\u0161nega modela bo slovenski raziskovalni in gospodarski sferi prinesla konkuren\u010dno prednost in jih izena\u010dila z vsemi velikimi gospodarstvi iz trgov velikih jezikovnih skupin.<\/p>\n<p>Partnerji iz gospodarstva, ki vodijo projekte <strong>RRP3<\/strong>,<strong> RRP4<\/strong>, <strong>RRP5<\/strong>\u00a0in <strong>RRP6<\/strong>\u00a0bodo pripravili specializirane korpuse in z njimi prilagodili veliki jezikovni model iz <strong>RRP2<\/strong>, da bodo lahko izdelali nove inovativne produkte ali nadgradili obstoje\u010de<span data-contrast=\"auto\">. Vsak izmed partnerjev bo izdelal vsaj eno inovacijo in jo v povezavi z obdelavo naravnega jezika ponudil \u017ee obstoje\u010dim naro\u010dnikom ter si sku\u0161al dodatno izbolj\u0161ati polo\u017eaj na trgu.\u00a0<\/span><\/p>\n<\/div><\/section><\/div><div class=\"flex_column av_one_full  flex_column_div av-zero-column-padding first  avia-builder-el-6  el_after_av_one_full  el_before_av_hr  column-top-margin\" style='border-radius:0px; '><div  class='avia-image-container  av-styling-    avia-builder-el-7  avia-builder-el-no-sibling  avia-align-center '  itemprop=\"image\" itemscope=\"itemscope\" itemtype=\"https:\/\/schema.org\/ImageObject\"  ><div class='avia-image-container-inner'><div class='avia-image-overlay-wrap'><img class='avia_image' src='https:\/\/www.cjvt.si\/povejmo\/wp-content\/uploads\/sites\/28\/2023\/10\/Povejmo_SLO.png' alt='' title='Povejmo_SLO' height=\"401\" width=\"588\"  itemprop=\"thumbnailUrl\"  \/><\/div><\/div><\/div><\/div><\/p>\n<div   class='hr hr-default   avia-builder-el-8  el_after_av_one_full  el_before_av_one_half '><span class='hr-inner ' ><span class='hr-inner-style'><\/span><\/span><\/div>\n<div class='flex_column_table av-equal-height-column-flextable -flextable' style='margin-top:0px; margin-bottom:0px; '><div class=\"flex_column av_one_half  flex_column_table_cell av-equal-height-column av-align-top first  avia-builder-el-9  el_after_av_hr  el_before_av_one_half  \" style='background: #f0f0f0; padding:20px; background-color:#f0f0f0; border-radius:0px; '><section class=\"av_textblock_section \"  itemscope=\"itemscope\" itemtype=\"https:\/\/schema.org\/CreativeWork\" ><div class='avia_textblock  '   itemprop=\"text\" ><h3><a href=\"https:\/\/www.cjvt.si\/povejmo\/projektni-sklopi\/rrp1-slosbz\/\">RRP1: SloSBZ<\/a><\/h3>\n<p style=\"text-align: left;\">Splo\u0161na baza znanja za sloven\u0161\u010dino<\/p>\n<\/div><\/section><br \/>\n<div  class='avia-button-wrap avia-button-right  avia-builder-el-11  el_after_av_textblock  avia-builder-el-last ' ><a href='https:\/\/www.cjvt.si\/povejmo\/projektni-sklopi\/rrp1-slosbz\/'  class='avia-button   avia-icon_select-no avia-color-theme-color avia-size-medium avia-position-right '   ><span class='avia_iconbox_title' >VE\u010c<\/span><\/a><\/div><\/p><\/div>\n<div class='av-flex-placeholder'><\/div><div class=\"flex_column av_one_half  flex_column_table_cell av-equal-height-column av-align-top   avia-builder-el-12  el_after_av_one_half  el_before_av_one_half  \" style='background: #f0f0f0; padding:20px; background-color:#f0f0f0; border-radius:0px; '><section class=\"av_textblock_section \"  itemscope=\"itemscope\" itemtype=\"https:\/\/schema.org\/CreativeWork\" ><div class='avia_textblock  '   itemprop=\"text\" ><h3><a href=\"https:\/\/www.cjvt.si\/povejmo\/projektni-sklopi\/rrp2-slollamai\/\">RRP2: SloLLaMai<\/a><\/h3>\n<p style=\"text-align: left;\">Odprtodostopni ra\u010dunsko u\u010dinkoviti modeli za sloven\u0161\u010dino<\/p>\n<\/div><\/section><br \/>\n<div  class='avia-button-wrap avia-button-right  avia-builder-el-14  el_after_av_textblock  avia-builder-el-last ' ><a href='https:\/\/www.cjvt.si\/povejmo\/projektni-sklopi\/rrp2-slollamai\/'  class='avia-button   avia-icon_select-no avia-color-theme-color avia-size-medium avia-position-right '   ><span class='avia_iconbox_title' >VE\u010c<\/span><\/a><\/div><\/p><\/div><\/div><!--close column table wrapper. Autoclose: 1 -->\n<div class='flex_column_table av-equal-height-column-flextable -flextable' style='margin-top:0px; margin-bottom:0px; '><div class=\"flex_column av_one_half  flex_column_table_cell av-equal-height-column av-align-top first  avia-builder-el-15  el_after_av_one_half  el_before_av_one_half  column-top-margin\" style='background: #f0f0f0; padding:20px; background-color:#f0f0f0; border-radius:0px; '><section class=\"av_textblock_section \"  itemscope=\"itemscope\" itemtype=\"https:\/\/schema.org\/CreativeWork\" ><div class='avia_textblock  '   itemprop=\"text\" ><h3><a href=\"https:\/\/www.cjvt.si\/povejmo\/projektni-sklopi\/rrp3-vemo-digi\/\">RRP3: <span data-contrast=\"auto\">VeMo-Digi<\/span><\/a><\/h3>\n<p style=\"text-align: left;\">Veliki jezikovni modeli za napredno domensko-specifi\u010dno digitalizacijo<\/p>\n<\/div><\/section><br \/>\n<div  class='avia-button-wrap avia-button-right  avia-builder-el-17  el_after_av_textblock  avia-builder-el-last ' ><a href='https:\/\/www.cjvt.si\/povejmo\/projektni-sklopi\/rrp3-vemo-digi\/'  class='avia-button   avia-icon_select-no avia-color-theme-color avia-size-medium avia-position-right '   ><span class='avia_iconbox_title' >VE\u010c<\/span><\/a><\/div><\/p><\/div>\n<div class='av-flex-placeholder'><\/div><div class=\"flex_column av_one_half  flex_column_table_cell av-equal-height-column av-align-top   avia-builder-el-18  el_after_av_one_half  el_before_av_one_half  column-top-margin\" style='background: #f0f0f0; padding:20px; background-color:#f0f0f0; border-radius:0px; '><section class=\"av_textblock_section \"  itemscope=\"itemscope\" itemtype=\"https:\/\/schema.org\/CreativeWork\" ><div class='avia_textblock  '   itemprop=\"text\" ><h3><a href=\"https:\/\/www.cjvt.si\/povejmo\/projektni-sklopi\/projektni-sklop-3-2\/\">RRP4: VeMo-Med<\/a><\/h3>\n<p style=\"text-align: left;\">Prilagoditev velikih jezikovnih modelov za uporabo sloven\u0161\u010dine v medicini<\/p>\n<\/div><\/section><br \/>\n<div  class='avia-button-wrap avia-button-right  avia-builder-el-20  el_after_av_textblock  avia-builder-el-last ' ><a href='https:\/\/www.cjvt.si\/povejmo\/projektni-sklopi\/rrp4-vemo-med\/'  class='avia-button   avia-icon_select-no avia-color-theme-color avia-size-medium avia-position-right '   ><span class='avia_iconbox_title' >VE\u010c<\/span><\/a><\/div><\/p><\/div><\/div><!--close column table wrapper. Autoclose: 1 -->\n<div class='flex_column_table av-equal-height-column-flextable -flextable' style='margin-top:0px; margin-bottom:0px; '><div class=\"flex_column av_one_half  flex_column_table_cell av-equal-height-column av-align-top first  avia-builder-el-21  el_after_av_one_half  el_before_av_one_half  column-top-margin\" style='background: #f0f0f0; padding:20px; background-color:#f0f0f0; border-radius:0px; '><section class=\"av_textblock_section \"  itemscope=\"itemscope\" itemtype=\"https:\/\/schema.org\/CreativeWork\" ><div class='avia_textblock  '   itemprop=\"text\" ><h3><a href=\"https:\/\/www.cjvt.si\/povejmo\/projektni-sklopi\/projektni-sklop-3-2-2\/\">RRP5: VeMo-Ind<\/a><\/h3>\n<p style=\"text-align: left;\">Prilagoditev velikih jezikovnih modelov za uporabo v industrijskih okoljih<\/p>\n<\/div><\/section><br \/>\n<div  class='avia-button-wrap avia-button-right  avia-builder-el-23  el_after_av_textblock  avia-builder-el-last ' ><a href='https:\/\/www.cjvt.si\/povejmo\/projektni-sklopi\/projektni-sklop-3-2-2\/'  class='avia-button   avia-icon_select-no avia-color-theme-color avia-size-medium avia-position-right '   ><span class='avia_iconbox_title' >VE\u010c<\/span><\/a><\/div><\/p><\/div>\n<div class='av-flex-placeholder'><\/div><div class=\"flex_column av_one_half  flex_column_table_cell av-equal-height-column av-align-top   avia-builder-el-24  el_after_av_one_half  avia-builder-el-last  column-top-margin\" style='background: #f0f0f0; padding:20px; background-color:#f0f0f0; border-radius:0px; '><section class=\"av_textblock_section \"  itemscope=\"itemscope\" itemtype=\"https:\/\/schema.org\/CreativeWork\" ><div class='avia_textblock  '   itemprop=\"text\" ><h3><a href=\"https:\/\/www.cjvt.si\/povejmo\/projektni-sklopi\/rrp6-vemo-iac\/\">RRP6: VeMo-IaC<\/a><\/h3>\n<p style=\"text-align: left;\">Prilagoditev velikih jezikovnih modelov za generiranje infrastrukturnih opisov v kodi<\/p>\n<\/div><\/section><br \/>\n<div  class='avia-button-wrap avia-button-right  avia-builder-el-26  el_after_av_textblock  avia-builder-el-last ' ><a href='https:\/\/www.cjvt.si\/povejmo\/projektni-sklopi\/rrp6-vemo-iac\/'  class='avia-button   avia-icon_select-no avia-color-theme-color avia-size-medium avia-position-right '   ><span class='avia_iconbox_title' >VE\u010c<\/span><\/a><\/div><\/p><\/div><\/div><!--close column table wrapper. Autoclose: 1 -->\n","protected":false},"excerpt":{"rendered":"","protected":false},"author":1,"featured_media":0,"parent":0,"menu_order":0,"comment_status":"closed","ping_status":"closed","template":"","meta":{"_acf_changed":false,"_relevanssi_hide_post":"","_relevanssi_hide_content":"","_relevanssi_pin_for_all":"","_relevanssi_pin_keywords":"","_relevanssi_unpin_keywords":"","_relevanssi_related_keywords":"","_relevanssi_related_include_ids":"","_relevanssi_related_exclude_ids":"","_relevanssi_related_no_append":"","_relevanssi_related_not_related":"","_relevanssi_related_posts":"","_relevanssi_noindex_reason":"","inline_featured_image":false,"episode_type":"","audio_file":"","cover_image":"","cover_image_id":"","duration":"","filesize":"","filesize_raw":"","date_recorded":"","explicit":"","block":"","itunes_episode_number":"","itunes_title":"","itunes_season_number":"","itunes_episode_type":"","footnotes":""},"class_list":["post-668","page","type-page","status-publish","hentry"],"acf":[],"yoast_head":"<!-- This site is optimized with the Yoast SEO plugin v26.9 - https:\/\/yoast.com\/product\/yoast-seo-wordpress\/ -->\n<title>Projekti - PoVeJMo<\/title>\n<meta name=\"robots\" content=\"noindex, follow, max-snippet:-1, max-image-preview:large, max-video-preview:-1\" \/>\n<meta property=\"og:locale\" content=\"sl_SI\" \/>\n<meta property=\"og:type\" content=\"article\" \/>\n<meta property=\"og:title\" content=\"Projekti - PoVeJMo\" \/>\n<meta property=\"og:url\" content=\"https:\/\/www.cjvt.si\/povejmo\/projekti\/\" \/>\n<meta property=\"og:site_name\" content=\"PoVeJMo\" \/>\n<meta property=\"article:modified_time\" content=\"2023-11-07T06:26:57+00:00\" \/>\n<meta name=\"twitter:card\" content=\"summary_large_image\" \/>\n<meta name=\"twitter:label1\" content=\"Est. reading time\" \/>\n\t<meta name=\"twitter:data1\" content=\"12 minut\" \/>\n<script type=\"application\/ld+json\" class=\"yoast-schema-graph\">{\"@context\":\"https:\/\/schema.org\",\"@graph\":[{\"@type\":\"WebPage\",\"@id\":\"https:\/\/www.cjvt.si\/povejmo\/projekti\/\",\"url\":\"https:\/\/www.cjvt.si\/povejmo\/projekti\/\",\"name\":\"Projekti - PoVeJMo\",\"isPartOf\":{\"@id\":\"https:\/\/www.cjvt.si\/povejmo\/#website\"},\"datePublished\":\"2020-03-17T06:53:25+00:00\",\"dateModified\":\"2023-11-07T06:26:57+00:00\",\"breadcrumb\":{\"@id\":\"https:\/\/www.cjvt.si\/povejmo\/projekti\/#breadcrumb\"},\"inLanguage\":\"sl-SI\",\"potentialAction\":[{\"@type\":\"ReadAction\",\"target\":[\"https:\/\/www.cjvt.si\/povejmo\/projekti\/\"]}]},{\"@type\":\"BreadcrumbList\",\"@id\":\"https:\/\/www.cjvt.si\/povejmo\/projekti\/#breadcrumb\",\"itemListElement\":[{\"@type\":\"ListItem\",\"position\":1,\"name\":\"Home\",\"item\":\"https:\/\/www.cjvt.si\/povejmo\/o-programu\/\"},{\"@type\":\"ListItem\",\"position\":2,\"name\":\"Projektni sklopi\"}]},{\"@type\":\"WebSite\",\"@id\":\"https:\/\/www.cjvt.si\/povejmo\/#website\",\"url\":\"https:\/\/www.cjvt.si\/povejmo\/\",\"name\":\"PoVeJMo\",\"description\":\"Work site\",\"potentialAction\":[{\"@type\":\"SearchAction\",\"target\":{\"@type\":\"EntryPoint\",\"urlTemplate\":\"https:\/\/www.cjvt.si\/povejmo\/?s={search_term_string}\"},\"query-input\":{\"@type\":\"PropertyValueSpecification\",\"valueRequired\":true,\"valueName\":\"search_term_string\"}}],\"inLanguage\":\"sl-SI\"}]}<\/script>\n<!-- \/ Yoast SEO plugin. -->","yoast_head_json":{"title":"Projekti - PoVeJMo","robots":{"index":"noindex","follow":"follow","max-snippet":"max-snippet:-1","max-image-preview":"max-image-preview:large","max-video-preview":"max-video-preview:-1"},"og_locale":"sl_SI","og_type":"article","og_title":"Projekti - PoVeJMo","og_url":"https:\/\/www.cjvt.si\/povejmo\/projekti\/","og_site_name":"PoVeJMo","article_modified_time":"2023-11-07T06:26:57+00:00","twitter_card":"summary_large_image","twitter_misc":{"Est. reading time":"12 minut"},"schema":{"@context":"https:\/\/schema.org","@graph":[{"@type":"WebPage","@id":"https:\/\/www.cjvt.si\/povejmo\/projekti\/","url":"https:\/\/www.cjvt.si\/povejmo\/projekti\/","name":"Projekti - PoVeJMo","isPartOf":{"@id":"https:\/\/www.cjvt.si\/povejmo\/#website"},"datePublished":"2020-03-17T06:53:25+00:00","dateModified":"2023-11-07T06:26:57+00:00","breadcrumb":{"@id":"https:\/\/www.cjvt.si\/povejmo\/projekti\/#breadcrumb"},"inLanguage":"sl-SI","potentialAction":[{"@type":"ReadAction","target":["https:\/\/www.cjvt.si\/povejmo\/projekti\/"]}]},{"@type":"BreadcrumbList","@id":"https:\/\/www.cjvt.si\/povejmo\/projekti\/#breadcrumb","itemListElement":[{"@type":"ListItem","position":1,"name":"Home","item":"https:\/\/www.cjvt.si\/povejmo\/o-programu\/"},{"@type":"ListItem","position":2,"name":"Projektni sklopi"}]},{"@type":"WebSite","@id":"https:\/\/www.cjvt.si\/povejmo\/#website","url":"https:\/\/www.cjvt.si\/povejmo\/","name":"PoVeJMo","description":"Work site","potentialAction":[{"@type":"SearchAction","target":{"@type":"EntryPoint","urlTemplate":"https:\/\/www.cjvt.si\/povejmo\/?s={search_term_string}"},"query-input":{"@type":"PropertyValueSpecification","valueRequired":true,"valueName":"search_term_string"}}],"inLanguage":"sl-SI"}]}},"_links":{"self":[{"href":"https:\/\/www.cjvt.si\/povejmo\/wp-json\/wp\/v2\/pages\/668","targetHints":{"allow":["GET"]}}],"collection":[{"href":"https:\/\/www.cjvt.si\/povejmo\/wp-json\/wp\/v2\/pages"}],"about":[{"href":"https:\/\/www.cjvt.si\/povejmo\/wp-json\/wp\/v2\/types\/page"}],"author":[{"embeddable":true,"href":"https:\/\/www.cjvt.si\/povejmo\/wp-json\/wp\/v2\/users\/1"}],"replies":[{"embeddable":true,"href":"https:\/\/www.cjvt.si\/povejmo\/wp-json\/wp\/v2\/comments?post=668"}],"version-history":[{"count":95,"href":"https:\/\/www.cjvt.si\/povejmo\/wp-json\/wp\/v2\/pages\/668\/revisions"}],"predecessor-version":[{"id":1530,"href":"https:\/\/www.cjvt.si\/povejmo\/wp-json\/wp\/v2\/pages\/668\/revisions\/1530"}],"wp:attachment":[{"href":"https:\/\/www.cjvt.si\/povejmo\/wp-json\/wp\/v2\/media?parent=668"}],"curies":[{"name":"wp","href":"https:\/\/api.w.org\/{rel}","templated":true}]}}