{"id":892,"date":"2020-03-31T17:36:51","date_gmt":"2020-03-31T15:36:51","guid":{"rendered":"https:\/\/www.cjvt.starkmat.si\/template\/?page_id=892"},"modified":"2025-09-29T08:19:04","modified_gmt":"2025-09-29T06:19:04","slug":"bibliografija","status":"publish","type":"page","link":"https:\/\/www.cjvt.si\/povejmo\/rezultati\/","title":{"rendered":"Rezultati"},"content":{"rendered":"<div class='flex_column_table av-equal-height-column-flextable -flextable' style='margin-top:0px; margin-bottom:24px; '><div class=\"flex_column av_one_full  no_margin flex_column_table_cell av-equal-height-column av-align-top av-zero-column-padding first  avia-builder-el-0  el_before_av_one_full  avia-builder-el-first  \" style='border-radius:0px; '><section class=\"av_textblock_section \"  itemscope=\"itemscope\" itemtype=\"https:\/\/schema.org\/CreativeWork\" ><div class='avia_textblock  '   itemprop=\"text\" ><h1>Rezultati<\/h1>\n<\/div><\/section><\/div><\/div><!--close column table wrapper. Autoclose: 1 -->\n<div class='flex_column_table av-equal-height-column-flextable -flextable' style='margin-top:0px; margin-bottom:50px; '><div class=\"flex_column av_one_full  no_margin flex_column_table_cell av-equal-height-column av-align-top av-zero-column-padding first  avia-builder-el-2  el_after_av_one_full  el_before_av_one_full  column-top-margin\" style='border-radius:0px; '><section class=\"av_textblock_section \"  itemscope=\"itemscope\" itemtype=\"https:\/\/schema.org\/CreativeWork\" ><div class='avia_textblock  '   itemprop=\"text\" ><h2>Seznam rezultatov po projektih in mesecih<\/h2>\n<\/div><\/section><\/div><\/div><!--close column table wrapper. Autoclose: 1 -->\n<div class='flex_column_table av-equal-height-column-flextable -flextable' style='margin-top:0px; margin-bottom:50px; '><div class=\"flex_column av_one_full  no_margin flex_column_table_cell av-equal-height-column av-align-top av-zero-column-padding first  avia-builder-el-4  el_after_av_one_full  avia-builder-el-last  column-top-margin\" style='border-radius:0px; '><section class=\"av_textblock_section \"  itemscope=\"itemscope\" itemtype=\"https:\/\/schema.org\/CreativeWork\" ><div class='avia_textblock  '   itemprop=\"text\" ><table width=\"453\">\n<tbody>\n<tr>\n<td>*\u0160t.<\/td>\n<td>Naziv<\/td>\n<td>Nosilec<\/td>\n<td>Tip<\/td>\n<td>TRL<\/td>\n<td>Povezave<\/td>\n<\/tr>\n<tr>\n<td style=\"text-align: center;\" colspan=\"6\" width=\"453\">\n<h3>avgust 2024<\/h3>\n<\/td>\n<\/tr>\n<tr>\n<td>D1.1<\/td>\n<td>Prostodostopna slovenska u\u010dna mno\u017eica za dialoge in ukazne zahtevke.<\/td>\n<td>FRI<\/td>\n<td>podatki<\/td>\n<td>3<\/td>\n<td>Dostop: <a href=\"http:\/\/hdl.handle.net\/11356\/1971\" target=\"_blank\" rel=\"noopener\">GaMS-Instruct-GEN 1.0 | CLARIN.SI<\/a><\/td>\n<\/tr>\n<tr>\n<td>D1.2<\/td>\n<td>Velik jezikovni korpus za pogovorni jezik in\u00a0 naslovljena terminolo\u0161ka podro\u010dja &#8211; prva razli\u010dica.<\/td>\n<td>FRI<\/td>\n<td>podatki<\/td>\n<td>3<\/td>\n<td>Dostop: <a href=\"http:\/\/hdl.handle.net\/11356\/1983\" target=\"_blank\" rel=\"noopener\">PoVeJMo-VeMo-Med 1.0 | CLARIN.SI<\/a><\/td>\n<\/tr>\n<tr>\n<td>D1.3<\/td>\n<td>Validacijski korpus za velike jezikovne modele.<\/td>\n<td>FRI<\/td>\n<td>podatki<\/td>\n<td>3<\/td>\n<td>Dostop: <a href=\"https:\/\/huggingface.co\/datasets\/cjvt\/slovenian-llm-eval\" target=\"_blank\" rel=\"noopener\">slovenian-llm-eval | HuggingFace<\/a><\/td>\n<\/tr>\n<tr>\n<td>D2.1<\/td>\n<td>Prostodostopen velik generativni jezikovni model, prilagojen dialogom in ukazom, velikosti milijarde parametrov.<\/td>\n<td>FRI<\/td>\n<td>programska oprema<\/td>\n<td>3<\/td>\n<td>Dostop: <a href=\"https:\/\/huggingface.co\/cjvt\/GaMS-1B-Chat\" target=\"_blank\" rel=\"noopener\">GaMS-1B-Chat | HuggingFace<\/a><\/td>\n<\/tr>\n<tr>\n<td>D3.1<\/td>\n<td>U\u010dna mno\u017eica z vsaj 10.000 primeri<\/td>\n<td>Semantika<\/td>\n<td>podatki<\/td>\n<td>5<\/td>\n<td>Dostop: <a href=\"http:\/\/hdl.handle.net\/11356\/1975\" target=\"_blank\" rel=\"noopener\">GaMS-Instruct-DH 1.0 | CLARIN.SI<\/a><\/td>\n<\/tr>\n<tr>\n<td>D4.1<\/td>\n<td>U\u010dna mno\u017eica s specifi\u010dnimi dialogi in ukazi s podro\u010dja medicinskih aplikacij velikosti vsaj 10.000 primerov.<\/td>\n<td>Better<\/td>\n<td>podatki (opis)<\/td>\n<td>5<\/td>\n<td>Dostop: <a href=\"http:\/\/hdl.handle.net\/11356\/1982\" target=\"_blank\" rel=\"noopener\">GaMS-Instruct-MED 1.0 | CLARIN.SI<\/a><\/td>\n<\/tr>\n<tr>\n<td>D5.1<\/td>\n<td>Analiza mo\u017enosti uporabe govornih in jezikovnih tehnologij za izbolj\u0161anje u\u010dinkovitosti komunikacije \u010dlovek-stroj v industrijskih okoljih<\/td>\n<td>\u0160pica<\/td>\n<td>dokumentacija (opis)<\/td>\n<td>5<\/td>\n<td>Dostop: <a href=\"https:\/\/www.cjvt.si\/povejmo\/wp-content\/uploads\/sites\/28\/2024\/10\/RRP5-VeMoInd-D5.1-analiza-moznosti-uporabe-govornih-in-jezikovnih-tehnologij-ZA-JAVNO-OBJAVO.pdf\">Analiza mo\u017enosti uporabe govornih in jezikovnih tehnologij | PDF<\/a><\/td>\n<\/tr>\n<tr>\n<td>D5.2<\/td>\n<td>Poro\u010dilo o primernosti tehni\u010dne opreme in mo\u017enih na\u010dinih integracije jezikovnih in govornih tehnologij v proizvodnih okoljih<\/td>\n<td>\u0160pica<\/td>\n<td>dokumentacija (opis)<\/td>\n<td>5<\/td>\n<td>Dostop: <a href=\"https:\/\/www.cjvt.si\/povejmo\/wp-content\/uploads\/sites\/28\/2024\/10\/RRP5-VeMoInd-D5.2-porocilo-o-raziskavi-tehnicne-opreme-in-moznosti-integracije-ZA-JAVNO-OBJAVO.pdf\" target=\"_blank\" rel=\"noopener\">Poro\u010dilo o primernosti tehni\u010dne opreme in mo\u017enih na\u010dinih integracije jezikovnih in govornih tehnologij v proizvodnih okoljih | PDF<\/a><\/td>\n<\/tr>\n<tr>\n<td>D6.1<\/td>\n<td>Razvit prvi na\u010drt in pristopi za uporabo u\u010dinkovito rabo velikih jezikovnih modelov v IaC: Raba in izbor u\u010dnih podatkov, opis mo\u017enih pristopov<\/td>\n<td>XLAB<\/td>\n<td>dokumentacija (opis)<\/td>\n<td>5<\/td>\n<td>Dostop: <a href=\"https:\/\/www.cjvt.si\/povejmo\/wp-content\/uploads\/sites\/28\/2024\/10\/D6.1-Dokumentacija-in-nacrt-rabe-podatkov-in-pristopov.pdf\" target=\"_blank\" rel=\"noopener\">Dokumentacija in na\u010drt rabe podatkov in pristopov | PDF<\/a><\/td>\n<\/tr>\n<tr>\n<td>D6.2<\/td>\n<td>Prva razli\u010dica programske opreme, ki omogo\u010da uporabo jezikovnih tehnologij pri IaC in upo\u0161teva omejitve rabe zmogljivosti, robustnosti in varnosti<\/td>\n<td>XLAB<\/td>\n<td>programska oprema (opis)<\/td>\n<td>5<\/td>\n<td>Dostop: <a href=\"https:\/\/www.cjvt.si\/povejmo\/wp-content\/uploads\/sites\/28\/2024\/10\/D6.2-VeMo-IaC.pdf\" target=\"_blank\" rel=\"noopener\">VeMo-IaC &#8211; v1 (opis) | PDF<\/a><\/td>\n<\/tr>\n<tr>\n<td style=\"text-align: center;\" colspan=\"6\" width=\"453\">\n<h3>februar 2025<\/h3>\n<\/td>\n<\/tr>\n<tr>\n<td>D1.4<\/td>\n<td>Orodja za pripravo slovarskih baz za u\u010denje modelov in komponente za HuggingFace cevovod za integracijo odprtih slovarskih oblik.<\/td>\n<td>FRI<\/td>\n<td>programska oprema<\/td>\n<td>3<\/td>\n<td>Opis API-klicev za <em>Digitalno slovarsko bazo za sloven\u0161\u010dino<\/em>:<\/p>\n<p><a href=\"https:\/\/wiki.cjvt.si\/books\/digital-dictionary-database-of-slovene\/page\/api-routes\" target=\"_blank\" rel=\"noopener\">Digital Dictionary Database of Slovene &#8211; API Routes | CJVT Wiki<\/a><\/p>\n<p>Preizkus API-klicev:<\/p>\n<p><a href=\"https:\/\/ddd.cjvt.si\/api\/redoc\/\" target=\"_blank\" rel=\"noopener\">Redoc<\/a><\/p>\n<p><a href=\"https:\/\/ddd.cjvt.si\/api\/swagger\/\" target=\"_blank\" rel=\"noopener\">Swagger<\/a><\/td>\n<\/tr>\n<tr>\n<td>D1.5<\/td>\n<td>Namenski tokenizatorji za slovenski jezik &#8211; prva razli\u010dica.<\/td>\n<td>FRI<\/td>\n<td>programska oprema<\/td>\n<td>3<\/td>\n<td>Dostop:<br \/>\n<a href=\"https:\/\/huggingface.co\/cjvt\/GaMS-1B\/tree\/main\" target=\"_blank\" rel=\"noopener\">GaMS-1B | HuggingFace<\/a> (Tokenizator je vklju\u010den v model GAMS-1B, lahko pa se nalo\u017ei tudi samostojno; glej datoteke <a href=\"https:\/\/huggingface.co\/cjvt\/GaMS-1B\/blob\/main\/tokenizer.json\" target=\"_blank\" rel=\"noopener\">tokenizer.json<\/a>,\u00a0<a href=\"https:\/\/huggingface.co\/cjvt\/GaMS-1B\/blob\/main\/tokenizer_config.json\" target=\"_blank\" rel=\"noopener\">tokenizer_config.json<\/a> in <a href=\"https:\/\/huggingface.co\/cjvt\/GaMS-1B\/blob\/main\/special_tokens_map.json\" target=\"_blank\" rel=\"noopener\">special_tokens_map.json<\/a>)<\/td>\n<\/tr>\n<tr>\n<td>D2.2<\/td>\n<td>Prostodostopen velik generativni jezikovni model, prilagojen dialogom in ukazom, velikosti 10 milijard parametrov.<\/td>\n<td>FRI<\/td>\n<td>programska oprema<\/td>\n<td>3<\/td>\n<td>Dostop: <a href=\"https:\/\/huggingface.co\/cjvt\/GaMS-9B-Instruct\" target=\"_blank\" rel=\"noopener\">GaMS-9B-Instruct | HuggingFace<\/a> in <a href=\"https:\/\/huggingface.co\/cjvt\/GaMS-27B-Instruct\" target=\"_blank\" rel=\"noopener\">GaMS-27B-Instruct | HuggingFace<\/a><\/td>\n<\/tr>\n<tr>\n<td>D3.2<\/td>\n<td>Kalibrirani modeli SloLLaMai za humanistiko in sledenje navodilom<\/td>\n<td>Semantika<\/td>\n<td>programska oprema<\/td>\n<td>5<\/td>\n<td>Dostop: <a href=\"https:\/\/huggingface.co\/SemantikaEU\/Micka-gen3\" target=\"_blank\" rel=\"noopener\">Micka-gen3 | HuggingFace<\/a><\/td>\n<\/tr>\n<tr>\n<td>D4.2<\/td>\n<td>Velik generativen jezikovni model, prilagojen za podro\u010dje medicine.<\/td>\n<td>Better<\/td>\n<td>programska oprema<\/td>\n<td>5<\/td>\n<td>Dostop: <a href=\"https:\/\/huggingface.co\/collections\/cjvt\/gams-680a34e63dc760cd6fdc604c\" target=\"_blank\" rel=\"noopener\">Zbirka GaMS | HuggingFace<\/a> (<a href=\"https:\/\/huggingface.co\/cjvt\/GaMS-2B\" target=\"_blank\" rel=\"noopener\">GaMS-2B<\/a>, <a href=\"https:\/\/huggingface.co\/cjvt\/GaMS-9B\" target=\"_blank\" rel=\"noopener\">GaMS-9B<\/a>, <a href=\"https:\/\/huggingface.co\/cjvt\/GaMS-27B\" target=\"_blank\" rel=\"noopener\">GaMS-27B<\/a> \u2013 modeli, prednau\u010deni (tudi) s korpusom medicinskih besedil <a href=\"http:\/\/hdl.handle.net\/11356\/1983\" target=\"_blank\" rel=\"noopener\">PoVeJMo-VeMo-Med 1.0<\/a>)<\/td>\n<\/tr>\n<tr>\n<td colspan=\"6\" width=\"453\">\n<h3 style=\"text-align: center;\">avgust 2025<\/h3>\n<\/td>\n<\/tr>\n<tr>\n<td>D1.6<\/td>\n<td>Velik jezikovni korpus za pogovorni jezik in\u00a0 naslovljena terminolo\u0161ka podro\u010dja &#8211; druga razli\u010dica.<\/td>\n<td>FRI<\/td>\n<td>podatki<\/td>\n<td>4<\/td>\n<td>Dostop:<\/p>\n<p><a href=\"http:\/\/hdl.handle.net\/11356\/2045\" target=\"_blank\" rel=\"noopener\">GaMS-Instruct-MED 2.0 | CLARIN.SI<\/a><\/td>\n<\/tr>\n<tr>\n<td>D2.3<\/td>\n<td>Prostodostopen ra\u010dunsko malo zahteven generativni jezikovni model, prilagojen dialogom in ukazom.<\/td>\n<td>FRI<\/td>\n<td>programska oprema<\/td>\n<td>4<\/td>\n<td>Dostop: <a href=\"https:\/\/huggingface.co\/cjvt\/GaMS-2B-Instruct\" target=\"_blank\" rel=\"noopener\">GaMS-2B-Instruct | HuggingFace<\/a> (razli\u010dica modela GaMS, ki jo je mogo\u010de pognati na osnovni grafi\u010dni kartici na standardnem ra\u010dunalniku)<\/p>\n<p>Dostop: <a href=\"https:\/\/huggingface.co\/spaces\/martinkorelic\/GaMS-2B-WebGPU\" target=\"_blank\" rel=\"noopener\">GaMS-2B-WebGPU | HuggingFace<\/a> (razli\u010dica modela GaMS, optimizirana za izvajanje na spletu)<\/td>\n<\/tr>\n<tr>\n<td>D3.3<\/td>\n<td>Demonstracijska aplikacija za OCR<\/td>\n<td>Semantika<\/td>\n<td>programska oprema<\/td>\n<td>6<\/td>\n<td>Dostop: <a href=\"https:\/\/www.cjvt.si\/povejmo\/wp-content\/uploads\/sites\/28\/2025\/09\/PoVejMo_D3.3_Semantika-1.pdf\" target=\"_blank\" rel=\"noopener\">GalisOnline | Opis programske opreme (PDF)<\/a><\/td>\n<\/tr>\n<tr>\n<td>D3.4<\/td>\n<td>Demonstracijska aplikacija za semanti\u010dno iskanje<\/td>\n<td>Semantika<\/td>\n<td>programska oprema<\/td>\n<td>6<\/td>\n<td>Dostop: <a href=\"https:\/\/www.cjvt.si\/povejmo\/wp-content\/uploads\/sites\/28\/2025\/09\/PoVejMo_D3.4_Semantika.pdf\" target=\"_blank\" rel=\"noopener\">Demonstracijska aplikacija za OCR | Opis aplikacije (PDF)<\/a><\/td>\n<\/tr>\n<tr>\n<td>D4.3<\/td>\n<td>Natan\u010den razpoznavalnik slovenskega govora, ki bo specializiran za podro\u010dje medicine.<\/td>\n<td>Better<\/td>\n<td>programska oprema<\/td>\n<td>5<\/td>\n<td><\/td>\n<\/tr>\n<tr>\n<td>D5.3<\/td>\n<td>Spletni servis za akusti\u010dno predprocesiranje zvo\u010dnega signala in odpravo \u0161uma<\/td>\n<td>\u0160pica<\/td>\n<td>programska oprema<\/td>\n<td>5<\/td>\n<td>\n<div dir=\"ltr\" data-olk-copy-source=\"MessageBody\">Opis: <a href=\"https:\/\/www.cjvt.si\/wp-content\/uploads\/2025\/09\/Izdelek_D5.3.pdf\" target=\"_blank\" rel=\"noopener\">Spletni servis za akusti\u010dno predprocesiranje zvo\u010dnega signala in odpravo \u0161uma | Opis (PDF)<\/a>, <a href=\"https:\/\/www.cjvt.si\/wp-content\/uploads\/2025\/09\/ASR_WER_Report_with_Detailed_Error_Analysis.pdf\" target=\"_blank\" rel=\"noopener\">ASR Performance Evaluation Post Speech Enhancement: WER Analysis and Tuning | Priloga 1 (PDF)<\/a>, <a href=\"https:\/\/www.cjvt.si\/wp-content\/uploads\/2025\/09\/Speech_Enhancement_Report.pdf\" target=\"_blank\" rel=\"noopener\">Evaluation of Custom Masking-Based Speech Enhancement and Pretrained NVIDIA BNR Model for Slovenian Language Applications | Priloga 2 (PDF)<\/a><\/div>\n<div dir=\"ltr\" data-olk-copy-source=\"MessageBody\"><\/div>\n<div dir=\"ltr\" data-olk-copy-source=\"MessageBody\"><\/div>\n<div dir=\"ltr\" data-olk-copy-source=\"MessageBody\">Dostop do spletnega servisa:<\/div>\n<div dir=\"ltr\" data-olk-copy-source=\"MessageBody\"><a href=\"https:\/\/speech-enhancement.true-bar.si\/\" target=\"_blank\" rel=\"noopener\">Spletni servis<\/a><\/div>\n<div dir=\"ltr\"><\/div>\n<div dir=\"ltr\">Preizkus API-klicev:<\/div>\n<div dir=\"ltr\"><a href=\"https:\/\/speech-enhancement.true-bar.si\/docs\" target=\"_blank\" rel=\"noopener\">Swagger<\/a><\/div>\n<div dir=\"ltr\"><a href=\"https:\/\/speech-enhancement.true-bar.si\/redoc\" target=\"_blank\" rel=\"noopener\">Redoc<\/a><\/div>\n<\/td>\n<\/tr>\n<tr>\n<td>D5.4<\/td>\n<td>Natan\u010den in robusten ve\u010djezi\u010dni model razpoznave govora za ju\u017enoslovanske jezike<\/td>\n<td>\u0160pica<\/td>\n<td>programska oprema<\/td>\n<td>5<\/td>\n<td>Opis: <a href=\"https:\/\/www.cjvt.si\/povejmo\/wp-content\/uploads\/sites\/28\/2025\/09\/Izdelek_D5.4.pdf\" target=\"_blank\" rel=\"noopener\">Natan\u010den in robusten ve\u010djezi\u010dni model razpoznave govora za ju\u017enoslovanske jezike | Opis (PDF)<\/a><\/p>\n<p>Za dostop do modela se obrnite na naslov <span data-olk-copy-source=\"MessageBody\"><a href=\"&#109;a&#x69;l&#x74;&#111;&#x3a;&#105;&#x6e;&#102;o&#x40;v&#x69;&#116;&#x61;&#115;&#x69;&#115;&#x2e;&#115;i\" target=\"_blank\" rel=\"noopener\">&#105;&#110;&#x66;o&#64;&#x76;&#x69;t&#97;&#x73;&#x69;s&#46;&#x73;i<\/a>.<\/span><\/td>\n<\/tr>\n<tr>\n<td>D6.3<\/td>\n<td>Dodelava na\u010drta in popravki pristopov za u\u010dinkovito rabo velikih jezikovnih modelov v IaC: Raba in izbor u\u010dnih podatkov, opis pristopov pri gradnji<\/td>\n<td>XLAB<\/td>\n<td>dokumentacija<\/td>\n<td>5<\/td>\n<td>Opis: <a href=\"https:\/\/www.cjvt.si\/povejmo\/wp-content\/uploads\/sites\/28\/2025\/09\/D6.3-Dokumentacija-in-nac\u02c7rt-rabe-podatkov-in-pristopov.pdf\" target=\"_blank\" rel=\"noopener\">Dokumentacija in na\u010drt rabe podatkov in pristopov | Opis (PDF)<\/a><\/td>\n<\/tr>\n<tr>\n<td>D6.4<\/td>\n<td>Druga razli\u010dica programske opreme, ki omogo\u010da uporabo jezikovnih tehnologij pri IaC in upo\u0161teva omejitve rabe zmogljivosti, robustnosti in varnosti \u2013 dose\u017een TRL5<\/td>\n<td>XLAB<\/td>\n<td>programska oprema<\/td>\n<td>5<\/td>\n<td>Opis: <a href=\"https:\/\/www.cjvt.si\/povejmo\/wp-content\/uploads\/sites\/28\/2025\/09\/D6.4-VeMo-IaC.pdf\" target=\"_blank\" rel=\"noopener\">Druga razli\u010dica programske opreme | Opis (PDF)<\/a><\/td>\n<\/tr>\n<tr>\n<td colspan=\"6\" width=\"453\">\n<h3 style=\"text-align: center;\">februar 2026<\/h3>\n<\/td>\n<\/tr>\n<tr>\n<td>D1.7<\/td>\n<td>Namenski tokenizatorji za slovenski jezik &#8211; kon\u010dna razi\u010dica.<\/td>\n<td>FRI<\/td>\n<td>programska oprema<\/td>\n<td>4<\/td>\n<td><\/td>\n<\/tr>\n<tr>\n<td>D2.4<\/td>\n<td>Prostodostopen velik jezikovni model z vstavljenim dodatnim znanjem.<\/td>\n<td>FRI<\/td>\n<td>programska oprema<\/td>\n<td>3<\/td>\n<td><\/td>\n<\/tr>\n<tr>\n<td>D3.5<\/td>\n<td>Demonstracijska aplikacija za samodejno generiranje opisov zbirk<\/td>\n<td>Semantika<\/td>\n<td>programska oprema<\/td>\n<td>6<\/td>\n<td><\/td>\n<\/tr>\n<tr>\n<td>D3.6<\/td>\n<td>Demonstracijska aplikacija za povzemalnik<\/td>\n<td>Semantika<\/td>\n<td>programska oprema<\/td>\n<td>6<\/td>\n<td><\/td>\n<\/tr>\n<tr>\n<td>D3.7<\/td>\n<td>Demonstracijska aplikacija za prevajalnik<\/td>\n<td>Semantika<\/td>\n<td>programska oprema<\/td>\n<td>6<\/td>\n<td><\/td>\n<\/tr>\n<tr>\n<td>D3.8<\/td>\n<td>Demonstracijska aplikacija za prevajanje med navodili v naravnem jeziku in ukaznim jezikom<\/td>\n<td>Semantika<\/td>\n<td>programska oprema<\/td>\n<td>6<\/td>\n<td><\/td>\n<\/tr>\n<tr>\n<td>D3.9<\/td>\n<td>izdelava aplikacije za strojno ekstrakcijo entitet in izvedbo anonimizacije dokumentov, ter demonstracija na podatkovnih zbirkah Semantike<\/td>\n<td>Semantika<\/td>\n<td>programska oprema<\/td>\n<td>5<\/td>\n<td><\/td>\n<\/tr>\n<tr>\n<td>D4.4<\/td>\n<td>Medicinska aplikacija, ki uporablja razpoznavalnik govora in velik generativen jezikovni model.<\/td>\n<td>Better<\/td>\n<td>programska oprema<\/td>\n<td>6<\/td>\n<td><\/td>\n<\/tr>\n<tr>\n<td colspan=\"6\" width=\"453\">\n<h3 style=\"text-align: center;\">junij 2026<\/h3>\n<\/td>\n<\/tr>\n<tr>\n<td>D1.8<\/td>\n<td>Velik jezikovni korpus za pogovorni jezik in\u00a0 naslovljena terminolo\u0161ka podro\u010dja &#8211; kon\u010dna razli\u010dica.<\/td>\n<td>FRI<\/td>\n<td>podatki<\/td>\n<td>4<\/td>\n<td><\/td>\n<\/tr>\n<tr>\n<td>D1.9<\/td>\n<td>Baza znanja, izdelana na podlagi Digitalne slovarske baze<\/td>\n<td>FRI<\/td>\n<td>podatki<\/td>\n<td>3<\/td>\n<td><\/td>\n<\/tr>\n<tr>\n<td>D3.10<\/td>\n<td>Demonstracija nadgrajenega digitalnega vodi\u010da<\/td>\n<td>Semantika<\/td>\n<td>programska oprema<\/td>\n<td>6<\/td>\n<td><\/td>\n<\/tr>\n<tr>\n<td>D5.5<\/td>\n<td>Prototip integracije sistema za govorno komunikacijo z izbrano re\u0161itvijo za upravljanje s poslovnimi procesi v proizvodnji<\/td>\n<td>\u0160pica<\/td>\n<td>programska oprema<\/td>\n<td>6<\/td>\n<td><\/td>\n<\/tr>\n<tr>\n<td>D6.5<\/td>\n<td>Kon\u010dna razli\u010dica programske opreme, ki omogo\u010da uporabo jezikovnih tehnologij pri IaC in upo\u0161teva omejitve rabe zmogljivosti, robustnosti in varnosti \u2013 dose\u017een TRL6<\/td>\n<td>XLAB<\/td>\n<td>programska oprema<\/td>\n<td>6<\/td>\n<td><\/td>\n<\/tr>\n<\/tbody>\n<\/table>\n<\/div><\/section><\/div><\/div><!--close column table wrapper. Autoclose: 1 -->\n","protected":false},"excerpt":{"rendered":"","protected":false},"author":1,"featured_media":0,"parent":0,"menu_order":0,"comment_status":"closed","ping_status":"closed","template":"","meta":{"_acf_changed":false,"_relevanssi_hide_post":"","_relevanssi_hide_content":"","_relevanssi_pin_for_all":"","_relevanssi_pin_keywords":"","_relevanssi_unpin_keywords":"","_relevanssi_related_keywords":"","_relevanssi_related_include_ids":"","_relevanssi_related_exclude_ids":"","_relevanssi_related_no_append":"","_relevanssi_related_not_related":"","_relevanssi_related_posts":"","_relevanssi_noindex_reason":"","inline_featured_image":false,"episode_type":"","audio_file":"","cover_image":"","cover_image_id":"","duration":"","filesize":"","filesize_raw":"","date_recorded":"","explicit":"","block":"","itunes_episode_number":"","itunes_title":"","itunes_season_number":"","itunes_episode_type":"","footnotes":""},"class_list":["post-892","page","type-page","status-publish","hentry"],"acf":[],"yoast_head":"<!-- This site is optimized with the Yoast SEO plugin v26.9 - https:\/\/yoast.com\/product\/yoast-seo-wordpress\/ -->\n<title>Rezultati - PoVeJMo<\/title>\n<meta name=\"robots\" content=\"noindex, follow, max-snippet:-1, max-image-preview:large, max-video-preview:-1\" \/>\n<meta property=\"og:locale\" content=\"sl_SI\" \/>\n<meta property=\"og:type\" content=\"article\" \/>\n<meta property=\"og:title\" content=\"Rezultati - PoVeJMo\" \/>\n<meta property=\"og:url\" content=\"https:\/\/www.cjvt.si\/povejmo\/rezultati\/\" \/>\n<meta property=\"og:site_name\" content=\"PoVeJMo\" \/>\n<meta property=\"article:modified_time\" content=\"2025-09-29T06:19:04+00:00\" \/>\n<meta name=\"twitter:card\" content=\"summary_large_image\" \/>\n<meta name=\"twitter:label1\" content=\"Est. reading time\" \/>\n\t<meta name=\"twitter:data1\" content=\"7 minut\" \/>\n<script type=\"application\/ld+json\" class=\"yoast-schema-graph\">{\"@context\":\"https:\/\/schema.org\",\"@graph\":[{\"@type\":\"WebPage\",\"@id\":\"https:\/\/www.cjvt.si\/povejmo\/rezultati\/\",\"url\":\"https:\/\/www.cjvt.si\/povejmo\/rezultati\/\",\"name\":\"Rezultati - PoVeJMo\",\"isPartOf\":{\"@id\":\"https:\/\/www.cjvt.si\/povejmo\/#website\"},\"datePublished\":\"2020-03-31T15:36:51+00:00\",\"dateModified\":\"2025-09-29T06:19:04+00:00\",\"breadcrumb\":{\"@id\":\"https:\/\/www.cjvt.si\/povejmo\/rezultati\/#breadcrumb\"},\"inLanguage\":\"sl-SI\",\"potentialAction\":[{\"@type\":\"ReadAction\",\"target\":[\"https:\/\/www.cjvt.si\/povejmo\/rezultati\/\"]}]},{\"@type\":\"BreadcrumbList\",\"@id\":\"https:\/\/www.cjvt.si\/povejmo\/rezultati\/#breadcrumb\",\"itemListElement\":[{\"@type\":\"ListItem\",\"position\":1,\"name\":\"Home\",\"item\":\"https:\/\/www.cjvt.si\/povejmo\/o-programu\/\"},{\"@type\":\"ListItem\",\"position\":2,\"name\":\"Bibliografija\"}]},{\"@type\":\"WebSite\",\"@id\":\"https:\/\/www.cjvt.si\/povejmo\/#website\",\"url\":\"https:\/\/www.cjvt.si\/povejmo\/\",\"name\":\"PoVeJMo\",\"description\":\"Work site\",\"potentialAction\":[{\"@type\":\"SearchAction\",\"target\":{\"@type\":\"EntryPoint\",\"urlTemplate\":\"https:\/\/www.cjvt.si\/povejmo\/?s={search_term_string}\"},\"query-input\":{\"@type\":\"PropertyValueSpecification\",\"valueRequired\":true,\"valueName\":\"search_term_string\"}}],\"inLanguage\":\"sl-SI\"}]}<\/script>\n<!-- \/ Yoast SEO plugin. -->","yoast_head_json":{"title":"Rezultati - PoVeJMo","robots":{"index":"noindex","follow":"follow","max-snippet":"max-snippet:-1","max-image-preview":"max-image-preview:large","max-video-preview":"max-video-preview:-1"},"og_locale":"sl_SI","og_type":"article","og_title":"Rezultati - PoVeJMo","og_url":"https:\/\/www.cjvt.si\/povejmo\/rezultati\/","og_site_name":"PoVeJMo","article_modified_time":"2025-09-29T06:19:04+00:00","twitter_card":"summary_large_image","twitter_misc":{"Est. reading time":"7 minut"},"schema":{"@context":"https:\/\/schema.org","@graph":[{"@type":"WebPage","@id":"https:\/\/www.cjvt.si\/povejmo\/rezultati\/","url":"https:\/\/www.cjvt.si\/povejmo\/rezultati\/","name":"Rezultati - PoVeJMo","isPartOf":{"@id":"https:\/\/www.cjvt.si\/povejmo\/#website"},"datePublished":"2020-03-31T15:36:51+00:00","dateModified":"2025-09-29T06:19:04+00:00","breadcrumb":{"@id":"https:\/\/www.cjvt.si\/povejmo\/rezultati\/#breadcrumb"},"inLanguage":"sl-SI","potentialAction":[{"@type":"ReadAction","target":["https:\/\/www.cjvt.si\/povejmo\/rezultati\/"]}]},{"@type":"BreadcrumbList","@id":"https:\/\/www.cjvt.si\/povejmo\/rezultati\/#breadcrumb","itemListElement":[{"@type":"ListItem","position":1,"name":"Home","item":"https:\/\/www.cjvt.si\/povejmo\/o-programu\/"},{"@type":"ListItem","position":2,"name":"Bibliografija"}]},{"@type":"WebSite","@id":"https:\/\/www.cjvt.si\/povejmo\/#website","url":"https:\/\/www.cjvt.si\/povejmo\/","name":"PoVeJMo","description":"Work site","potentialAction":[{"@type":"SearchAction","target":{"@type":"EntryPoint","urlTemplate":"https:\/\/www.cjvt.si\/povejmo\/?s={search_term_string}"},"query-input":{"@type":"PropertyValueSpecification","valueRequired":true,"valueName":"search_term_string"}}],"inLanguage":"sl-SI"}]}},"_links":{"self":[{"href":"https:\/\/www.cjvt.si\/povejmo\/wp-json\/wp\/v2\/pages\/892","targetHints":{"allow":["GET"]}}],"collection":[{"href":"https:\/\/www.cjvt.si\/povejmo\/wp-json\/wp\/v2\/pages"}],"about":[{"href":"https:\/\/www.cjvt.si\/povejmo\/wp-json\/wp\/v2\/types\/page"}],"author":[{"embeddable":true,"href":"https:\/\/www.cjvt.si\/povejmo\/wp-json\/wp\/v2\/users\/1"}],"replies":[{"embeddable":true,"href":"https:\/\/www.cjvt.si\/povejmo\/wp-json\/wp\/v2\/comments?post=892"}],"version-history":[{"count":40,"href":"https:\/\/www.cjvt.si\/povejmo\/wp-json\/wp\/v2\/pages\/892\/revisions"}],"predecessor-version":[{"id":1881,"href":"https:\/\/www.cjvt.si\/povejmo\/wp-json\/wp\/v2\/pages\/892\/revisions\/1881"}],"wp:attachment":[{"href":"https:\/\/www.cjvt.si\/povejmo\/wp-json\/wp\/v2\/media?parent=892"}],"curies":[{"name":"wp","href":"https:\/\/api.w.org\/{rel}","templated":true}]}}