{"id":930,"date":"2020-03-31T19:05:55","date_gmt":"2020-03-31T17:05:55","guid":{"rendered":"https:\/\/www.cjvt.starkmat.si\/template\/?page_id=930"},"modified":"2023-11-10T06:41:00","modified_gmt":"2023-11-10T05:41:00","slug":"projektni-sklop-3","status":"publish","type":"page","link":"https:\/\/www.cjvt.si\/povejmo\/projektni-sklopi\/rrp3-vemo-digi\/","title":{"rendered":"RRP3: VeMo-Digi"},"content":{"rendered":"<div class=\"flex_column av_one_full  no_margin flex_column_div av-zero-column-padding first  avia-builder-el-0  el_before_av_one_full  avia-builder-el-first  \" style='margin-top:0px; margin-bottom:30px; border-radius:0px; '><section class=\"av_textblock_section \"  itemscope=\"itemscope\" itemtype=\"https:\/\/schema.org\/CreativeWork\" ><div class='avia_textblock  '   itemprop=\"text\" ><h2>Veliki jezikovni modeli za napredno domensko-specifi\u010dno digitalizacijo<\/h2>\n<\/div><\/section><br \/>\n<section class=\"av_textblock_section \"  itemscope=\"itemscope\" itemtype=\"https:\/\/schema.org\/CreativeWork\" ><div class='avia_textblock  '   itemprop=\"text\" ><h3><span class=\"TextRun SCXW134244926 BCX0\" lang=\"SL-SI\" xml:lang=\"SL-SI\" data-contrast=\"auto\"><span class=\"NormalTextRun SpellingErrorV2Themed SCXW134244926 BCX0\">VeMo-Digi<\/span><\/span><\/h3>\n<\/div><\/section><\/p><\/div>\n<div class=\"flex_column av_one_full  no_margin flex_column_div av-zero-column-padding first  avia-builder-el-3  el_after_av_one_full  el_before_av_one_full  column-top-margin\" style='margin-top:0px; margin-bottom:30px; border-radius:0px; '><section class=\"av_textblock_section \"  itemscope=\"itemscope\" itemtype=\"https:\/\/schema.org\/CreativeWork\" ><div class='avia_textblock  '   itemprop=\"text\" ><p>Projekt bo jezikovne modele apliciral na digitalizacijo na razli\u010dnih podro\u010djih. Semantika d.o.o. ima \u017ee razvit \u0161irok nabor re\u0161itev, ki jih tr\u017ei mednarodno (npr. platforma Museums), pri \u010demer se kot ena ve\u010djih te\u017eav ka\u017ee prav priprava ve\u010djezi\u010dnih materialov predstavitvenih gradiv. Z razvojem strojnega prevajalnika in kasnej\u0161o produkcijsko integracijo v produkte bodo slovenski uporabniki dobili enostavnej\u0161i doseg mednarodnega ob\u010dinstva produktnega portfelja podjetja, s \u010dimer bo dose\u017een tudi multiplikativni u\u010dinek rezultatov. Re\u0161itve bo mogo\u010de raz\u0161iriti tudi na druge manj zastopane jezike na trgih (npr. Bosna in Hercegovina).<\/p>\n<\/div><\/section><\/div>\n<div class=\"flex_column av_one_full  no_margin flex_column_div av-zero-column-padding first  avia-builder-el-5  el_after_av_one_full  el_before_av_one_full  column-top-margin\" style='margin-top:0px; margin-bottom:30px; border-radius:0px; '><section class=\"av_textblock_section \"  itemscope=\"itemscope\" itemtype=\"https:\/\/schema.org\/CreativeWork\" ><div class='avia_textblock  '   itemprop=\"text\" ><h3>Specifi\u010dni cilji:<\/h3>\n<ul>\n<li style=\"list-style-type: none;\"><\/li>\n<\/ul>\n<ol>\n<li>Izdelati ukazno oziroma dialo\u0161ko mno\u017eico z dialogi in ukazi s podro\u010dja humanistike.<\/li>\n<li>Nadgraditi in raz\u0161iriti obstoje\u010do infrastrukturo za digitalizacijo muzejskih zbirk in arhivskih gradiv z uporabo opti\u010dnega prepoznavanja znakov nadgrajenega s kontekstno ob\u010dutljivim \u010drkovanjem z modelom SloLLaMai.<\/li>\n<li>Demonstracija semanti\u010dnega iskalnika s podporo sporo\u010danju v naravnem jeziku, z implementacijo na primeru iskalnika po internih dokumentih s PoC v digitalni humanistiki in v visoko regulirani industriji.<\/li>\n<li>Demonstracija samodejnega generiranja, urejanja in optimizacije besedil za objavo na spletu za muzejsko dokumentacijo in gradiva.<\/li>\n<li>Demonstracija samodejnega iskanja, ekstrakcije in povzemanja relevantnih informacij iz prosto dostopnih virov, na podlagi posredovane teme (na primer priprave kratkega opisa avtorja dela na podlagi Wikipedije).<\/li>\n<li>Demonstracija strojne intepretacije zaporedja navodil v naravnem jeziku za delo z aplikacijo.<\/li>\n<li>Demonstracija strojnega prevajanja besedil s pomo\u010djo velikih jezikovnih modelov med sloven\u0161ino in a) drugimi jeziki in b) starej\u0161imi oblikami sloven\u0161\u010dine, s prevajanjem arhivskih gradiv INZ v sodobno sloven\u0161\u010dino.<\/li>\n<li>Demonstracija govornega vmesnika na primeru elektronskega vodi\u010da.<\/li>\n<li>Demonstracija re\u0161itev za avtomatsko ekstrakcijo entitet, kot so osebe, kraji, itd., z uporabo velikih jezikovnih modelov in demonstracija anonimizacije dnevnikov na njihovi podlagi.<\/li>\n<\/ol>\n<\/div><\/section><\/div><div class=\"flex_column av_one_full  no_margin flex_column_div av-zero-column-padding first  avia-builder-el-7  el_after_av_one_full  el_before_av_one_full  column-top-margin\" style='margin-top:0px; margin-bottom:30px; border-radius:0px; '><section class=\"av_textblock_section \"  itemscope=\"itemscope\" itemtype=\"https:\/\/schema.org\/CreativeWork\" ><div class='avia_textblock  '   itemprop=\"text\" ><h3>Rezultati:<\/h3>\n<ul>\n<li style=\"list-style-type: none;\"><\/li>\n<li><strong>D3.1: <\/strong>U\u010dna mno\u017eica z vsaj 10.000 primeri (avgust 2023).<\/li>\n<li><strong>D3.2: <\/strong>Kalibrirani modeli SloLLaMai za humanistiko in sledenje navodilom (februar\u00a02025)<\/li>\n<li><strong>D3.3: <\/strong>Demonstracijska aplikacija za OCR (avgust 2025).<\/li>\n<li><strong>D3.4: <\/strong>Demonstracijska aplikacija za semanti\u010dno iskanje (avgust 2025).<\/li>\n<li><strong>D3.5: <\/strong>Demonstracijska aplikacija za samodejno generiranje opisov zbirk (februar\u00a02026).<\/li>\n<li><strong>D3.6: <\/strong>Demonstracijska aplikacija za povzemalnik (februar\u00a02026).<\/li>\n<li><strong>D3.7: <\/strong>Demonstracijska aplikacija za prevajalnik (februar\u00a02026).<\/li>\n<li><strong>D3.8: <\/strong>Demonstracijska aplikacija za prevajanje med navodili v naravnem jeziku in ukaznim jezikom (februar\u00a02026).<\/li>\n<li><strong>D3.9: <\/strong>izdelava aplikacije za strojno ekstrakcijo entitet in izvedbo anonimizacije dokumentov, ter demonstracija na podatkovnih zbirkah Semantike (februar\u00a02026).<\/li>\n<\/ul>\n<\/div><\/section><\/div><\/p>\n<div class=\"flex_column av_one_full  no_margin flex_column_div av-zero-column-padding first  avia-builder-el-9  el_after_av_one_full  el_before_av_one_fourth  column-top-margin\" style='margin-top:0px; margin-bottom:30px; border-radius:0px; '><section class=\"av_textblock_section \"  itemscope=\"itemscope\" itemtype=\"https:\/\/schema.org\/CreativeWork\" ><div class='avia_textblock  '   itemprop=\"text\" ><h3>Projektni partnerji:<\/h3>\n<\/div><\/section><\/div>\n<div class=\"flex_column av_one_fourth  flex_column_div av-zero-column-padding first  avia-builder-el-11  el_after_av_one_full  el_before_av_one_fourth  column-top-margin\" style='border-radius:0px; '><section class=\"av_textblock_section \"  itemscope=\"itemscope\" itemtype=\"https:\/\/schema.org\/CreativeWork\" ><div class='avia_textblock  '   itemprop=\"text\" ><h5>Nosilec projekta:<\/h5>\n<\/div><\/section><\/div>\n<div class=\"flex_column av_one_fourth  flex_column_div av-zero-column-padding   avia-builder-el-13  el_after_av_one_fourth  el_before_av_one_fourth  column-top-margin\" style='border-radius:0px; '><div  class='avia-button-wrap avia-button-center  avia-builder-el-14  avia-builder-el-no-sibling ' ><a href='https:\/\/semantika.eu\/sl-si\/' class='avia-button avia-button-fullwidth   avia-icon_select-no avia-color-theme-color '  style='color:#ffffff; ' ><span class='avia_iconbox_title' >Semantika d.o.o.<\/span><span class='avia_button_background avia-button avia-button-fullwidth avia-color-theme-color-highlight' ><\/span><\/a><\/div><\/div>\n<div class=\"flex_column av_one_fourth  flex_column_div av-zero-column-padding   avia-builder-el-15  el_after_av_one_fourth  el_before_av_one_fourth  column-top-margin\" style='border-radius:0px; '><\/div>\n<div class=\"flex_column av_one_fourth  flex_column_div av-zero-column-padding   avia-builder-el-16  el_after_av_one_fourth  el_before_av_one_fourth  column-top-margin\" style='border-radius:0px; '><\/div>\n<div class=\"flex_column av_one_fourth  flex_column_div av-zero-column-padding first  avia-builder-el-17  el_after_av_one_fourth  el_before_av_one_fourth  column-top-margin\" style='border-radius:0px; '><section class=\"av_textblock_section \"  itemscope=\"itemscope\" itemtype=\"https:\/\/schema.org\/CreativeWork\" ><div class='avia_textblock  '   itemprop=\"text\" ><h5>Sodelujo\u010di partnerji:<\/h5>\n<\/div><\/section><\/div>\n<div class=\"flex_column av_one_fourth  flex_column_div av-zero-column-padding   avia-builder-el-19  el_after_av_one_fourth  el_before_av_one_fourth  column-top-margin\" style='border-radius:0px; '><div  class='avia-button-wrap avia-button-center  avia-builder-el-20  avia-builder-el-no-sibling ' ><a href='https:\/\/fri.uni-lj.si\/sl' class='avia-button avia-button-fullwidth   avia-icon_select-no avia-color-theme-color '  style='color:#ffffff; ' ><span class='avia_iconbox_title' >Fakulteta za ra\u010dunalni\u0161tvo in informatiko UL<\/span><span class='avia_button_background avia-button avia-button-fullwidth avia-color-theme-color-highlight' ><\/span><\/a><\/div><\/div>\n<div class=\"flex_column av_one_fourth  flex_column_div av-zero-column-padding   avia-builder-el-21  el_after_av_one_fourth  avia-builder-el-last  column-top-margin\" style='border-radius:0px; '><div  class='avia-button-wrap avia-button-center  avia-builder-el-22  avia-builder-el-no-sibling ' ><a href='https:\/\/www.inz.si\/' class='avia-button avia-button-fullwidth   avia-icon_select-no avia-color-theme-color '  style='color:#ffffff; ' ><span class='avia_iconbox_title' >In\u0161titut za novej\u0161o zgodovino<\/span><span class='avia_button_background avia-button avia-button-fullwidth avia-color-theme-color-highlight' ><\/span><\/a><\/div><\/div>\n","protected":false},"excerpt":{"rendered":"","protected":false},"author":1,"featured_media":0,"parent":668,"menu_order":0,"comment_status":"closed","ping_status":"closed","template":"","meta":{"_acf_changed":false,"_relevanssi_hide_post":"","_relevanssi_hide_content":"","_relevanssi_pin_for_all":"","_relevanssi_pin_keywords":"","_relevanssi_unpin_keywords":"","_relevanssi_related_keywords":"","_relevanssi_related_include_ids":"","_relevanssi_related_exclude_ids":"","_relevanssi_related_no_append":"","_relevanssi_related_not_related":"","_relevanssi_related_posts":"","_relevanssi_noindex_reason":"","inline_featured_image":false,"episode_type":"","audio_file":"","cover_image":"","cover_image_id":"","duration":"","filesize":"","filesize_raw":"","date_recorded":"","explicit":"","block":"","itunes_episode_number":"","itunes_title":"","itunes_season_number":"","itunes_episode_type":"","footnotes":""},"class_list":["post-930","page","type-page","status-publish","hentry"],"acf":[],"yoast_head":"<!-- This site is optimized with the Yoast SEO plugin v26.9 - https:\/\/yoast.com\/product\/yoast-seo-wordpress\/ -->\n<title>RRP3: VeMo-Digi - PoVeJMo<\/title>\n<meta name=\"robots\" content=\"noindex, follow, max-snippet:-1, max-image-preview:large, max-video-preview:-1\" \/>\n<meta property=\"og:locale\" content=\"sl_SI\" \/>\n<meta property=\"og:type\" content=\"article\" \/>\n<meta property=\"og:title\" content=\"RRP3: VeMo-Digi - PoVeJMo\" \/>\n<meta property=\"og:url\" content=\"https:\/\/www.cjvt.si\/povejmo\/projektni-sklopi\/rrp3-vemo-digi\/\" \/>\n<meta property=\"og:site_name\" content=\"PoVeJMo\" \/>\n<meta property=\"article:modified_time\" content=\"2023-11-10T05:41:00+00:00\" \/>\n<meta name=\"twitter:card\" content=\"summary_large_image\" \/>\n<meta name=\"twitter:label1\" content=\"Est. reading time\" \/>\n\t<meta name=\"twitter:data1\" content=\"12 minut\" \/>\n<script type=\"application\/ld+json\" class=\"yoast-schema-graph\">{\"@context\":\"https:\/\/schema.org\",\"@graph\":[{\"@type\":\"WebPage\",\"@id\":\"https:\/\/www.cjvt.si\/povejmo\/projektni-sklopi\/rrp3-vemo-digi\/\",\"url\":\"https:\/\/www.cjvt.si\/povejmo\/projektni-sklopi\/rrp3-vemo-digi\/\",\"name\":\"RRP3: VeMo-Digi - PoVeJMo\",\"isPartOf\":{\"@id\":\"https:\/\/www.cjvt.si\/povejmo\/#website\"},\"datePublished\":\"2020-03-31T17:05:55+00:00\",\"dateModified\":\"2023-11-10T05:41:00+00:00\",\"breadcrumb\":{\"@id\":\"https:\/\/www.cjvt.si\/povejmo\/projektni-sklopi\/rrp3-vemo-digi\/#breadcrumb\"},\"inLanguage\":\"sl-SI\",\"potentialAction\":[{\"@type\":\"ReadAction\",\"target\":[\"https:\/\/www.cjvt.si\/povejmo\/projektni-sklopi\/rrp3-vemo-digi\/\"]}]},{\"@type\":\"BreadcrumbList\",\"@id\":\"https:\/\/www.cjvt.si\/povejmo\/projektni-sklopi\/rrp3-vemo-digi\/#breadcrumb\",\"itemListElement\":[{\"@type\":\"ListItem\",\"position\":1,\"name\":\"Home\",\"item\":\"https:\/\/www.cjvt.si\/povejmo\/o-programu\/\"},{\"@type\":\"ListItem\",\"position\":2,\"name\":\"Projektni sklopi\",\"item\":\"https:\/\/www.cjvt.si\/povejmo\/projekti\/\"},{\"@type\":\"ListItem\",\"position\":3,\"name\":\"Projektni sklop 3\"}]},{\"@type\":\"WebSite\",\"@id\":\"https:\/\/www.cjvt.si\/povejmo\/#website\",\"url\":\"https:\/\/www.cjvt.si\/povejmo\/\",\"name\":\"PoVeJMo\",\"description\":\"Work site\",\"potentialAction\":[{\"@type\":\"SearchAction\",\"target\":{\"@type\":\"EntryPoint\",\"urlTemplate\":\"https:\/\/www.cjvt.si\/povejmo\/?s={search_term_string}\"},\"query-input\":{\"@type\":\"PropertyValueSpecification\",\"valueRequired\":true,\"valueName\":\"search_term_string\"}}],\"inLanguage\":\"sl-SI\"}]}<\/script>\n<!-- \/ Yoast SEO plugin. -->","yoast_head_json":{"title":"RRP3: VeMo-Digi - PoVeJMo","robots":{"index":"noindex","follow":"follow","max-snippet":"max-snippet:-1","max-image-preview":"max-image-preview:large","max-video-preview":"max-video-preview:-1"},"og_locale":"sl_SI","og_type":"article","og_title":"RRP3: VeMo-Digi - PoVeJMo","og_url":"https:\/\/www.cjvt.si\/povejmo\/projektni-sklopi\/rrp3-vemo-digi\/","og_site_name":"PoVeJMo","article_modified_time":"2023-11-10T05:41:00+00:00","twitter_card":"summary_large_image","twitter_misc":{"Est. reading time":"12 minut"},"schema":{"@context":"https:\/\/schema.org","@graph":[{"@type":"WebPage","@id":"https:\/\/www.cjvt.si\/povejmo\/projektni-sklopi\/rrp3-vemo-digi\/","url":"https:\/\/www.cjvt.si\/povejmo\/projektni-sklopi\/rrp3-vemo-digi\/","name":"RRP3: VeMo-Digi - PoVeJMo","isPartOf":{"@id":"https:\/\/www.cjvt.si\/povejmo\/#website"},"datePublished":"2020-03-31T17:05:55+00:00","dateModified":"2023-11-10T05:41:00+00:00","breadcrumb":{"@id":"https:\/\/www.cjvt.si\/povejmo\/projektni-sklopi\/rrp3-vemo-digi\/#breadcrumb"},"inLanguage":"sl-SI","potentialAction":[{"@type":"ReadAction","target":["https:\/\/www.cjvt.si\/povejmo\/projektni-sklopi\/rrp3-vemo-digi\/"]}]},{"@type":"BreadcrumbList","@id":"https:\/\/www.cjvt.si\/povejmo\/projektni-sklopi\/rrp3-vemo-digi\/#breadcrumb","itemListElement":[{"@type":"ListItem","position":1,"name":"Home","item":"https:\/\/www.cjvt.si\/povejmo\/o-programu\/"},{"@type":"ListItem","position":2,"name":"Projektni sklopi","item":"https:\/\/www.cjvt.si\/povejmo\/projekti\/"},{"@type":"ListItem","position":3,"name":"Projektni sklop 3"}]},{"@type":"WebSite","@id":"https:\/\/www.cjvt.si\/povejmo\/#website","url":"https:\/\/www.cjvt.si\/povejmo\/","name":"PoVeJMo","description":"Work site","potentialAction":[{"@type":"SearchAction","target":{"@type":"EntryPoint","urlTemplate":"https:\/\/www.cjvt.si\/povejmo\/?s={search_term_string}"},"query-input":{"@type":"PropertyValueSpecification","valueRequired":true,"valueName":"search_term_string"}}],"inLanguage":"sl-SI"}]}},"_links":{"self":[{"href":"https:\/\/www.cjvt.si\/povejmo\/wp-json\/wp\/v2\/pages\/930","targetHints":{"allow":["GET"]}}],"collection":[{"href":"https:\/\/www.cjvt.si\/povejmo\/wp-json\/wp\/v2\/pages"}],"about":[{"href":"https:\/\/www.cjvt.si\/povejmo\/wp-json\/wp\/v2\/types\/page"}],"author":[{"embeddable":true,"href":"https:\/\/www.cjvt.si\/povejmo\/wp-json\/wp\/v2\/users\/1"}],"replies":[{"embeddable":true,"href":"https:\/\/www.cjvt.si\/povejmo\/wp-json\/wp\/v2\/comments?post=930"}],"version-history":[{"count":18,"href":"https:\/\/www.cjvt.si\/povejmo\/wp-json\/wp\/v2\/pages\/930\/revisions"}],"predecessor-version":[{"id":1534,"href":"https:\/\/www.cjvt.si\/povejmo\/wp-json\/wp\/v2\/pages\/930\/revisions\/1534"}],"up":[{"embeddable":true,"href":"https:\/\/www.cjvt.si\/povejmo\/wp-json\/wp\/v2\/pages\/668"}],"wp:attachment":[{"href":"https:\/\/www.cjvt.si\/povejmo\/wp-json\/wp\/v2\/media?parent=930"}],"curies":[{"name":"wp","href":"https:\/\/api.w.org\/{rel}","templated":true}]}}