{"id":1021,"date":"2018-10-26T21:23:00","date_gmt":"2018-10-26T19:23:00","guid":{"rendered":"https:\/\/www.cjvt.si\/promocija-sopomenk\/?page_id=1021"},"modified":"2018-10-26T21:23:00","modified_gmt":"2018-10-26T19:23:00","slug":"dogodki","status":"publish","type":"page","link":"https:\/\/www.cjvt.si\/promocija-sopomenk\/dogodki\/","title":{"rendered":"Dogodki"},"content":{"rendered":"<section class=\"av_textblock_section \"  itemscope=\"itemscope\" itemtype=\"https:\/\/schema.org\/CreativeWork\" ><div class='avia_textblock  '   itemprop=\"text\" ><h3>Promocijski dogodki in predstavitve Sopomenk v letu 2018<\/h3>\n<\/div><\/section>\n<div class='avia-data-table-wrap avia_responsive_table'><table class='avia-table avia-data-table avia-table-1  avia-builder-el-1  el_after_av_textblock  el_before_av_textblock  avia_pricing_default '  itemscope=\"itemscope\" itemtype=\"https:\/\/schema.org\/Table\" ><tbody><tr class='avia-heading-row'><th class=''>Dogodek<\/th><th class=''>Ciljna publika<\/th><th class=''>Datum in kraj izvedbe<\/th><\/tr><tr class=''><td class=''><i>\u0160pela Arhar Holdt<\/i> in <i>Jaka \u010cibej<\/i><br \/>\n<b>Digitalno slovaropisje: Kdo je slovar?<\/b><\/td><td class=''>Doma\u010da strokovna javnost in \u0161tudentke ter \u0161tudenti<\/td><td class=''>22. maj 2018, Filozofska fakulteta UL<\/td><\/tr><tr class=''><td class=''><i>Iztok Kosem<\/i><br \/>\n<b>Kam se obrniti, ko zmanjka besed?<\/b><\/td><td class=''>\u0160ir\u0161a javnost<\/td><td class=''>27. junij 2018, Ljudska univerza Kranj<\/td><\/tr><tr class=''><td class=''><i>\u0160pela Arhar Holdt<\/i><br \/>\n<b>Thesaurus of Modern Slovene: By the Community for the Community<\/b><\/td><td class=''>Tuja in doma\u010da strokovna javnost<\/td><td class=''>18. julij 2018, kongres EURALEX 2018, Ljubljana<\/td><\/tr><tr class=''><td class=''><i>Andreja Pavle Jurman<\/i><br \/>\n<b>Slovar sopomenk sodobne sloven\u0161\u010dine in njegova uporabnost pri pouku sloven\u0161\u010dine<\/b><\/td><td class=''>U\u010ditelji in u\u010diteljice sloven\u0161\u010dine in drugih jezikovnih predmetov<\/td><td class=''>21. avgust 2018, Pedago\u0161ka konferenca Gimnazije Ledina, Novo mesto<\/td><\/tr><tr class=''><td class=''><i>Polona Gantar<\/i> in <i>Jaka \u010cibej<\/i><br \/>\n<b>Sopomenke in \u0161e svet: Slovar sopomenk sodobne sloven\u0161\u010dine na lektoratih v tujini<\/b><\/td><td class=''>U\u010diteljice in u\u010ditelji sloven\u0161\u010dine kot drugega\/tujega jezika<\/td><td class=''>27. avgust 2018, Filozofska fakulteta UL<\/td><\/tr><tr class=''><td class=''><i>\u0160pela Arhar Holdt<\/i><br \/>\n<b>Slovar sopomenk sodobne sloven\u0161\u010dine v lektorskem kontekstu<\/b><\/td><td class=''>\u010clanice in \u010dlani Lektorskega dru\u0161tva Slovenije<\/td><td class=''>26. september 2018, Lektorsko dru\u0161tvo Slovenije, Ljubljana<\/td><\/tr><tr class=''><td class=''><i>Jaka \u010cibej<\/i><br \/>\n<b>Jezikovni viri in tehnologije: delavnice za dijake<\/b><\/td><td class=''>U\u010ditelji in u\u010diteljice sloven\u0161\u010dine ter dijaki in dijakinje 3. in 4. letnikov<\/td><td class=''>3. oktober 2018, Gimnazija Jurija Vege Idrija<\/td><\/tr><tr class=''><td class=''><i>Andreja Pavle Jurman<\/i><br \/>\n<b>Slovar sopomenk sodobne sloven\u0161\u010dine in njegova uporabnost pri pouku sloven\u0161\u010dine<\/b><\/td><td class=''>\u010clani in \u010dlanice Slavisti\u010dnega dru\u0161tva Ljubljana<\/td><td class=''>9. oktober 2018, Gimnazija Ledina, Ljubljana<\/td><\/tr><tr class=''><td class=''><i>Polona Gantar<\/i> in <i>\u0160pela Arhar Holdt<\/i><br \/>\n<b>Slovar sopomenk sodobne sloven\u0161\u010dine: Mo\u017enosti in meje uporabni\u0161kega sodelovanja<\/b><\/td><td class=''>Doma\u010da strokovna javnost<\/td><td class=''>15. oktober 2018, Lingvisti\u010dni kro\u017eek, Filozofska fakulteta UL<\/td><\/tr><tr class=''><td class=''><i>\u0160pela Arhar Holdt<\/i> in <i>Jaka \u010cibej<\/i><br \/>\n<b>Kaj je odzivni slovar?<\/b><\/td><td class=''>\u0160ir\u0161a javnost (zamejski Slovenci in Slovenke v Italiji)<\/td><td class=''>15. november 2018, Gorica<\/td><\/tr><tr class=''><td class=''><i>Polona Gantar<\/i> in <i>Jaka \u010cibej<\/i><br \/>\n<b>Predstavitev Sopomenk in Kolokacij za u\u010diteljice in u\u010ditelje v zamejstvu<\/b><\/td><td class=''>U\u010diteljice in u\u010ditelji sloven\u0161\u010dine v zamejstvu<\/td><td class=''>22. november 2018, Center za sloven\u0161\u010dino kot drugi in tuji jezik, Ljubljana<\/td><\/tr><\/tbody><\/table><\/div><style type='text\/css'>.avia-table-1 td:nth-of-type(1):before { content: 'Dogodek'; } .avia-table-1 td:nth-of-type(2):before { content: 'Ciljna publika'; } .avia-table-1 td:nth-of-type(3):before { content: 'Datum in kraj izvedbe'; } <\/style>\n<section class=\"av_textblock_section \"  itemscope=\"itemscope\" itemtype=\"https:\/\/schema.org\/CreativeWork\" ><div class='avia_textblock  '   itemprop=\"text\" ><h3>Promocijski dogodki in predstavitve Sopomenk v letu 2019<\/h3>\n<\/div><\/section>\n<div class='avia-data-table-wrap avia_responsive_table'><table class='avia-table avia-data-table avia-table-2  avia-builder-el-3  el_after_av_textblock  avia-builder-el-last  avia_pricing_default '  itemscope=\"itemscope\" itemtype=\"https:\/\/schema.org\/Table\" ><tbody><tr class='avia-heading-row'><th class=''>Dogodek<\/th><th class=''>Ciljna publika<\/th><th class=''>Datum in kraj izvedbe<\/th><\/tr><tr class=''><td class=''><i>Teja Goli<\/i> in <i>Jaka \u010cibej<\/i><br \/>\n<b>Slovar sopomenk sodobne sloven\u0161\u010dine na informativnem dnevu Fakultete za ra\u010dunalni\u0161tvo in informatiko Univerze v Ljubljani<\/b><\/td><td class=''>Dijaki in dijakinje, \u0161tudentke in \u0161tudenti<\/td><td class=''>10. februar 2019, Fakulteta za ra\u010dunalni\u0161tvo in informatiko UL<\/td><\/tr><tr class=''><td class=''><i>\u0160pela Arhar Holdt<\/i><br \/>\n<b>How Users Responded to a Responsive Dictionary: The Case of the Thesaurus of Modern Slovene<\/b><\/td><td class=''>Tuja in doma\u010da strokovna javnost<\/td><td class=''>13. maj 2019, konferenca eReL 2019, Institut za hrvatski jezik i jezikoslovlje (Zagreb)<\/td><\/tr><tr class=''><td class=''><i>Polona Gantar<\/i> in <i>Jaka \u010cibej<\/i><br \/>\n<b>Predstavitev odzivnih jezikovnih virov na Junijskem izobra\u017eevanju CSDTJ 2019<\/b><\/td><td class=''>U\u010diteljice in u\u010ditelji sloven\u0161\u010dine kot drugega\/tujega jezika<\/td><td class=''>27. junij 2019, Filozofska fakulteta UL<\/td><\/tr><tr class=''><td class=''><i>Teja Goli<\/i> in <i>\u0160pela Arhar Holdt<\/i><br \/>\n<b>Sopomenski turnir na sejmu LIBER.AC 2019<\/b><\/td><td class=''>\u0160tudentke in \u0161tudenti<\/td><td class=''>2. julij 2019, Filozofska fakulteta UL<\/td><\/tr><tr class=''><td class=''><i>Jaka \u010cibej<\/i><br \/>\n<b>Repel the Syntruders! A Crowdsourcing Cleanup of the Thesaurus of Modern Slovene<\/b><\/td><td class=''>Tuja strokovna javnost<\/td><td class=''>4. oktober 2019, konferenca eLex 2019, Sintra, Portugalska<\/td><\/tr><\/tbody><\/table><\/div><style type='text\/css'>.avia-table-2 td:nth-of-type(1):before { content: 'Dogodek'; } .avia-table-2 td:nth-of-type(2):before { content: 'Ciljna publika'; } .avia-table-2 td:nth-of-type(3):before { content: 'Datum in kraj izvedbe'; } <\/style>\n","protected":false},"excerpt":{"rendered":"excerpt","protected":false},"author":1,"featured_media":0,"parent":0,"menu_order":0,"comment_status":"closed","ping_status":"closed","template":"","meta":{"_acf_changed":false,"_relevanssi_hide_post":"","_relevanssi_hide_content":"","_relevanssi_pin_for_all":"","_relevanssi_pin_keywords":"","_relevanssi_unpin_keywords":"","_relevanssi_related_keywords":"","_relevanssi_related_include_ids":"","_relevanssi_related_exclude_ids":"","_relevanssi_related_no_append":"","_relevanssi_related_not_related":"","_relevanssi_related_posts":"","_relevanssi_noindex_reason":"","inline_featured_image":false,"episode_type":"","audio_file":"","podmotor_file_id":"","podmotor_episode_id":"","cover_image":"","cover_image_id":"","duration":"","filesize":"","filesize_raw":"","date_recorded":"","explicit":"","block":"","footnotes":""},"class_list":["post-1021","page","type-page","status-publish","hentry"],"acf":[],"yoast_head":"<!-- This site is optimized with the Yoast SEO plugin v27.3 - https:\/\/yoast.com\/product\/yoast-seo-wordpress\/ -->\n<title>Dogodki - Promocija Sopomenk<\/title>\n<meta name=\"robots\" content=\"index, follow, max-snippet:-1, max-image-preview:large, max-video-preview:-1\" \/>\n<link rel=\"canonical\" href=\"https:\/\/www.cjvt.si\/promocija-sopomenk\/dogodki\/\" \/>\n<meta property=\"og:locale\" content=\"sl_SI\" \/>\n<meta property=\"og:type\" content=\"article\" \/>\n<meta property=\"og:title\" content=\"Dogodki - Promocija Sopomenk\" \/>\n<meta property=\"og:url\" content=\"https:\/\/www.cjvt.si\/promocija-sopomenk\/dogodki\/\" \/>\n<meta property=\"og:site_name\" content=\"Promocija Sopomenk\" \/>\n<meta name=\"twitter:card\" content=\"summary_large_image\" \/>\n<meta name=\"twitter:label1\" content=\"Est. reading time\" \/>\n\t<meta name=\"twitter:data1\" content=\"7 minut\" \/>\n<script type=\"application\/ld+json\" class=\"yoast-schema-graph\">{\"@context\":\"https:\\\/\\\/schema.org\",\"@graph\":[{\"@type\":\"WebPage\",\"@id\":\"https:\\\/\\\/www.cjvt.si\\\/promocija-sopomenk\\\/dogodki\\\/\",\"url\":\"https:\\\/\\\/www.cjvt.si\\\/promocija-sopomenk\\\/dogodki\\\/\",\"name\":\"Dogodki - Promocija Sopomenk\",\"isPartOf\":{\"@id\":\"https:\\\/\\\/www.cjvt.si\\\/promocija-sopomenk\\\/#website\"},\"datePublished\":\"2018-10-26T19:23:00+00:00\",\"breadcrumb\":{\"@id\":\"https:\\\/\\\/www.cjvt.si\\\/promocija-sopomenk\\\/dogodki\\\/#breadcrumb\"},\"inLanguage\":\"sl-SI\",\"potentialAction\":[{\"@type\":\"ReadAction\",\"target\":[\"https:\\\/\\\/www.cjvt.si\\\/promocija-sopomenk\\\/dogodki\\\/\"]}]},{\"@type\":\"BreadcrumbList\",\"@id\":\"https:\\\/\\\/www.cjvt.si\\\/promocija-sopomenk\\\/dogodki\\\/#breadcrumb\",\"itemListElement\":[{\"@type\":\"ListItem\",\"position\":1,\"name\":\"Home\",\"item\":\"https:\\\/\\\/www.cjvt.si\\\/promocija-sopomenk\\\/\"},{\"@type\":\"ListItem\",\"position\":2,\"name\":\"Dogodki\"}]},{\"@type\":\"WebSite\",\"@id\":\"https:\\\/\\\/www.cjvt.si\\\/promocija-sopomenk\\\/#website\",\"url\":\"https:\\\/\\\/www.cjvt.si\\\/promocija-sopomenk\\\/\",\"name\":\"Promocija Sopomenk\",\"description\":\"\",\"potentialAction\":[{\"@type\":\"SearchAction\",\"target\":{\"@type\":\"EntryPoint\",\"urlTemplate\":\"https:\\\/\\\/www.cjvt.si\\\/promocija-sopomenk\\\/?s={search_term_string}\"},\"query-input\":{\"@type\":\"PropertyValueSpecification\",\"valueRequired\":true,\"valueName\":\"search_term_string\"}}],\"inLanguage\":\"sl-SI\"}]}<\/script>\n<!-- \/ Yoast SEO plugin. -->","yoast_head_json":{"title":"Dogodki - Promocija Sopomenk","robots":{"index":"index","follow":"follow","max-snippet":"max-snippet:-1","max-image-preview":"max-image-preview:large","max-video-preview":"max-video-preview:-1"},"canonical":"https:\/\/www.cjvt.si\/promocija-sopomenk\/dogodki\/","og_locale":"sl_SI","og_type":"article","og_title":"Dogodki - Promocija Sopomenk","og_url":"https:\/\/www.cjvt.si\/promocija-sopomenk\/dogodki\/","og_site_name":"Promocija Sopomenk","twitter_card":"summary_large_image","twitter_misc":{"Est. reading time":"7 minut"},"schema":{"@context":"https:\/\/schema.org","@graph":[{"@type":"WebPage","@id":"https:\/\/www.cjvt.si\/promocija-sopomenk\/dogodki\/","url":"https:\/\/www.cjvt.si\/promocija-sopomenk\/dogodki\/","name":"Dogodki - Promocija Sopomenk","isPartOf":{"@id":"https:\/\/www.cjvt.si\/promocija-sopomenk\/#website"},"datePublished":"2018-10-26T19:23:00+00:00","breadcrumb":{"@id":"https:\/\/www.cjvt.si\/promocija-sopomenk\/dogodki\/#breadcrumb"},"inLanguage":"sl-SI","potentialAction":[{"@type":"ReadAction","target":["https:\/\/www.cjvt.si\/promocija-sopomenk\/dogodki\/"]}]},{"@type":"BreadcrumbList","@id":"https:\/\/www.cjvt.si\/promocija-sopomenk\/dogodki\/#breadcrumb","itemListElement":[{"@type":"ListItem","position":1,"name":"Home","item":"https:\/\/www.cjvt.si\/promocija-sopomenk\/"},{"@type":"ListItem","position":2,"name":"Dogodki"}]},{"@type":"WebSite","@id":"https:\/\/www.cjvt.si\/promocija-sopomenk\/#website","url":"https:\/\/www.cjvt.si\/promocija-sopomenk\/","name":"Promocija Sopomenk","description":"","potentialAction":[{"@type":"SearchAction","target":{"@type":"EntryPoint","urlTemplate":"https:\/\/www.cjvt.si\/promocija-sopomenk\/?s={search_term_string}"},"query-input":{"@type":"PropertyValueSpecification","valueRequired":true,"valueName":"search_term_string"}}],"inLanguage":"sl-SI"}]}},"_links":{"self":[{"href":"https:\/\/www.cjvt.si\/promocija-sopomenk\/wp-json\/wp\/v2\/pages\/1021","targetHints":{"allow":["GET"]}}],"collection":[{"href":"https:\/\/www.cjvt.si\/promocija-sopomenk\/wp-json\/wp\/v2\/pages"}],"about":[{"href":"https:\/\/www.cjvt.si\/promocija-sopomenk\/wp-json\/wp\/v2\/types\/page"}],"author":[{"embeddable":true,"href":"https:\/\/www.cjvt.si\/promocija-sopomenk\/wp-json\/wp\/v2\/users\/1"}],"replies":[{"embeddable":true,"href":"https:\/\/www.cjvt.si\/promocija-sopomenk\/wp-json\/wp\/v2\/comments?post=1021"}],"version-history":[{"count":0,"href":"https:\/\/www.cjvt.si\/promocija-sopomenk\/wp-json\/wp\/v2\/pages\/1021\/revisions"}],"wp:attachment":[{"href":"https:\/\/www.cjvt.si\/promocija-sopomenk\/wp-json\/wp\/v2\/media?parent=1021"}],"curies":[{"name":"wp","href":"https:\/\/api.w.org\/{rel}","templated":true}]}}

<section class="av_textblock_section "  itemscope="itemscope" itemtype="https://schema.org/CreativeWork" ><div class='avia_textblock  '   itemprop="text" ><h3>Promocijski dogodki in predstavitve Sopomenk v letu 2018</h3>
</div></section>
<div class='avia-data-table-wrap avia_responsive_table'><table class='avia-table avia-data-table avia-table-1  avia-builder-el-1  el_after_av_textblock  el_before_av_textblock  avia_pricing_default '  itemscope="itemscope" itemtype="https://schema.org/Table" ><tbody><tr class='avia-heading-row'><th class=''>Dogodek</th><th class=''>Ciljna publika</th><th class=''>Datum in kraj izvedbe</th></tr><tr class=''><td class=''><i>Špela Arhar Holdt</i> in <i>Jaka Čibej</i><br />
<b>Digitalno slovaropisje: Kdo je slovar?</b></td><td class=''>Domača strokovna javnost in študentke ter študenti</td><td class=''>22. maj 2018, Filozofska fakulteta UL</td></tr><tr class=''><td class=''><i>Iztok Kosem</i><br />
<b>Kam se obrniti, ko zmanjka besed?</b></td><td class=''>Širša javnost</td><td class=''>27. junij 2018, Ljudska univerza Kranj</td></tr><tr class=''><td class=''><i>Špela Arhar Holdt</i><br />
<b>Thesaurus of Modern Slovene: By the Community for the Community</b></td><td class=''>Tuja in domača strokovna javnost</td><td class=''>18. julij 2018, kongres EURALEX 2018, Ljubljana</td></tr><tr class=''><td class=''><i>Andreja Pavle Jurman</i><br />
<b>Slovar sopomenk sodobne slovenščine in njegova uporabnost pri pouku slovenščine</b></td><td class=''>Učitelji in učiteljice slovenščine in drugih jezikovnih predmetov</td><td class=''>21. avgust 2018, Pedagoška konferenca Gimnazije Ledina, Novo mesto</td></tr><tr class=''><td class=''><i>Polona Gantar</i> in <i>Jaka Čibej</i><br />
<b>Sopomenke in še svet: Slovar sopomenk sodobne slovenščine na lektoratih v tujini</b></td><td class=''>Učiteljice in učitelji slovenščine kot drugega/tujega jezika</td><td class=''>27. avgust 2018, Filozofska fakulteta UL</td></tr><tr class=''><td class=''><i>Špela Arhar Holdt</i><br />
<b>Slovar sopomenk sodobne slovenščine v lektorskem kontekstu</b></td><td class=''>Članice in člani Lektorskega društva Slovenije</td><td class=''>26. september 2018, Lektorsko društvo Slovenije, Ljubljana</td></tr><tr class=''><td class=''><i>Jaka Čibej</i><br />
<b>Jezikovni viri in tehnologije: delavnice za dijake</b></td><td class=''>Učitelji in učiteljice slovenščine ter dijaki in dijakinje 3. in 4. letnikov</td><td class=''>3. oktober 2018, Gimnazija Jurija Vege Idrija</td></tr><tr class=''><td class=''><i>Andreja Pavle Jurman</i><br />
<b>Slovar sopomenk sodobne slovenščine in njegova uporabnost pri pouku slovenščine</b></td><td class=''>Člani in članice Slavističnega društva Ljubljana</td><td class=''>9. oktober 2018, Gimnazija Ledina, Ljubljana</td></tr><tr class=''><td class=''><i>Polona Gantar</i> in <i>Špela Arhar Holdt</i><br />
<b>Slovar sopomenk sodobne slovenščine: Možnosti in meje uporabniškega sodelovanja</b></td><td class=''>Domača strokovna javnost</td><td class=''>15. oktober 2018, Lingvistični krožek, Filozofska fakulteta UL</td></tr><tr class=''><td class=''><i>Špela Arhar Holdt</i> in <i>Jaka Čibej</i><br />
<b>Kaj je odzivni slovar?</b></td><td class=''>Širša javnost (zamejski Slovenci in Slovenke v Italiji)</td><td class=''>15. november 2018, Gorica</td></tr><tr class=''><td class=''><i>Polona Gantar</i> in <i>Jaka Čibej</i><br />
<b>Predstavitev Sopomenk in Kolokacij za učiteljice in učitelje v zamejstvu</b></td><td class=''>Učiteljice in učitelji slovenščine v zamejstvu</td><td class=''>22. november 2018, Center za slovenščino kot drugi in tuji jezik, Ljubljana</td></tr></tbody></table></div><style type='text/css'>.avia-table-1 td:nth-of-type(1):before { content: 'Dogodek'; } .avia-table-1 td:nth-of-type(2):before { content: 'Ciljna publika'; } .avia-table-1 td:nth-of-type(3):before { content: 'Datum in kraj izvedbe'; } </style>
<section class="av_textblock_section "  itemscope="itemscope" itemtype="https://schema.org/CreativeWork" ><div class='avia_textblock  '   itemprop="text" ><h3>Promocijski dogodki in predstavitve Sopomenk v letu 2019</h3>
</div></section>
<div class='avia-data-table-wrap avia_responsive_table'><table class='avia-table avia-data-table avia-table-2  avia-builder-el-3  el_after_av_textblock  avia-builder-el-last  avia_pricing_default '  itemscope="itemscope" itemtype="https://schema.org/Table" ><tbody><tr class='avia-heading-row'><th class=''>Dogodek</th><th class=''>Ciljna publika</th><th class=''>Datum in kraj izvedbe</th></tr><tr class=''><td class=''><i>Teja Goli</i> in <i>Jaka Čibej</i><br />
<b>Slovar sopomenk sodobne slovenščine na informativnem dnevu Fakultete za računalništvo in informatiko Univerze v Ljubljani</b></td><td class=''>Dijaki in dijakinje, študentke in študenti</td><td class=''>10. februar 2019, Fakulteta za računalništvo in informatiko UL</td></tr><tr class=''><td class=''><i>Špela Arhar Holdt</i><br />
<b>How Users Responded to a Responsive Dictionary: The Case of the Thesaurus of Modern Slovene</b></td><td class=''>Tuja in domača strokovna javnost</td><td class=''>13. maj 2019, konferenca eReL 2019, Institut za hrvatski jezik i jezikoslovlje (Zagreb)</td></tr><tr class=''><td class=''><i>Polona Gantar</i> in <i>Jaka Čibej</i><br />
<b>Predstavitev odzivnih jezikovnih virov na Junijskem izobraževanju CSDTJ 2019</b></td><td class=''>Učiteljice in učitelji slovenščine kot drugega/tujega jezika</td><td class=''>27. junij 2019, Filozofska fakulteta UL</td></tr><tr class=''><td class=''><i>Teja Goli</i> in <i>Špela Arhar Holdt</i><br />
<b>Sopomenski turnir na sejmu LIBER.AC 2019</b></td><td class=''>Študentke in študenti</td><td class=''>2. julij 2019, Filozofska fakulteta UL</td></tr><tr class=''><td class=''><i>Jaka Čibej</i><br />
<b>Repel the Syntruders! A Crowdsourcing Cleanup of the Thesaurus of Modern Slovene</b></td><td class=''>Tuja strokovna javnost</td><td class=''>4. oktober 2019, konferenca eLex 2019, Sintra, Portugalska</td></tr></tbody></table></div><style type='text/css'>.avia-table-2 td:nth-of-type(1):before { content: 'Dogodek'; } .avia-table-2 td:nth-of-type(2):before { content: 'Ciljna publika'; } .avia-table-2 td:nth-of-type(3):before { content: 'Datum in kraj izvedbe'; } </style>
