{"id":1514,"date":"2020-02-17T13:30:49","date_gmt":"2020-02-17T12:30:49","guid":{"rendered":"https:\/\/www.cjvt.si\/promocija-sopomenk\/?page_id=1514"},"modified":"2020-02-17T13:30:49","modified_gmt":"2020-02-17T12:30:49","slug":"igra-besed","status":"publish","type":"page","link":"https:\/\/www.cjvt.si\/promocija-sopomenk\/igra-besed\/","title":{"rendered":"Igra"},"content":{"rendered":"<div class=\"flex_column av_one_full  flex_column_div av-zero-column-padding first  avia-builder-el-0  avia-builder-el-no-sibling  \" style='border-radius:0px; '><p><div  style='padding-bottom:10px; color:#e92603;' class='av-special-heading av-special-heading-h3 custom-color-heading   avia-builder-el-1  el_before_av_textblock  avia-builder-el-first  '><h3 class='av-special-heading-tag '  itemprop=\"headline\"  >Igra besed<\/h3><div class='special-heading-border'><div class='special-heading-inner-border' style='border-color:#e92603'><\/div><\/div><\/div><br \/>\n<section class=\"av_textblock_section \"  itemscope=\"itemscope\" itemtype=\"https:\/\/schema.org\/CreativeWork\" ><div class='avia_textblock  '   itemprop=\"text\" ><p style=\"text-align: justify\">Igra besed je jezikovna igra, ki je bila kot aplikacija za telefone prvotno razvita v okviru projekta &#8220;Promocija jezikovne igralne aplikacije za mobilne naprave&#8221; s finan\u010dno podporo Ministrstvo za kulturo Republike Slovenije (po pogodbi \u0161t. 3340-18-098004) in s podatkovnimi viri, pripravljenimi v projektu &#8220;Kolokacije kot temelj jezikovnega opisa: semanti\u010dni in \u010dasovni vidiki &#8220;(Javna agencija za raziskovalno dejavnost RS, \u0161t. J6-8255). Infrastrukturno podporo je zagotovil Center za jezikovne vire in tehnologije Univerze v Ljubljani.<br \/>\nPrvotni na\u010din igranja temelji na kolokacijah (tipi\u010dnah sopojavitvah besed). Ra\u010dunalnik igralcu ponudi besedo, igralec pa mora uganiti, katera beseda se najbolj tipi\u010dno pojavlja zraven nje \u2013 bodisi spredaj bodisi zadaj. Igralni na\u010dini so trije: Izberi, Vtipkaj in Povleci, poleg tega pa se je mogo\u010de pomeriti tudi v tematskih tekmah, ki najbolj\u0161im prina\u0161ajo prakti\u010dne nagrade.<\/p>\n<p>V okviru projekta Slovar sopomenk sodobne sloven\u0161\u010dine: od skupnosti za skupnost je bil razvit tudi na\u010din igranja s sopomenkami. Pri sopomenskem na\u010dinu igranja uporabnik prejme izto\u010dnico in navede do tri sopomenke, ki so nato to\u010dkovane glede na njihovo prisotnost v Slovarju sopomenk. Igralcu je na voljo 500 stopenj te\u017eavnosti, lahko pa izbere poljubno stopnjo in se na hitro preizkusi.<\/p>\n<p>Igra besed je brezpla\u010dno na voljo tako za operacijski sistem Android (<a href=\"https:\/\/play.google.com\/store\/apps\/details?id=si.cjvt.igrabesed\" target=\"_blank\" rel=\"noopener noreferrer\">Google Play<\/a>) kot za iOS (<a href=\"https:\/\/apps.apple.com\/us\/app\/igra-besed\/id1480364735\" target=\"_blank\" rel=\"noopener noreferrer\">App Store<\/a>).<\/p>\n<p>Vabljeni k igranju!<\/p>\n<\/div><\/section><\/p><\/div>\n","protected":false},"excerpt":{"rendered":"excerpt","protected":false},"author":1,"featured_media":0,"parent":0,"menu_order":0,"comment_status":"closed","ping_status":"closed","template":"","meta":{"_acf_changed":false,"_relevanssi_hide_post":"","_relevanssi_hide_content":"","_relevanssi_pin_for_all":"","_relevanssi_pin_keywords":"","_relevanssi_unpin_keywords":"","_relevanssi_related_keywords":"","_relevanssi_related_include_ids":"","_relevanssi_related_exclude_ids":"","_relevanssi_related_no_append":"","_relevanssi_related_not_related":"","_relevanssi_related_posts":"","_relevanssi_noindex_reason":"","inline_featured_image":false,"episode_type":"","audio_file":"","cover_image":"","cover_image_id":"","duration":"","filesize":"","filesize_raw":"","date_recorded":"","explicit":"","block":"","footnotes":""},"class_list":["post-1514","page","type-page","status-publish","hentry"],"acf":[],"yoast_head":"<!-- This site is optimized with the Yoast SEO plugin v26.9 - https:\/\/yoast.com\/product\/yoast-seo-wordpress\/ -->\n<title>Igra - Promocija Sopomenk<\/title>\n<meta name=\"robots\" content=\"index, follow, max-snippet:-1, max-image-preview:large, max-video-preview:-1\" \/>\n<link rel=\"canonical\" href=\"https:\/\/www.cjvt.si\/promocija-sopomenk\/igra-besed\/\" \/>\n<meta property=\"og:locale\" content=\"sl_SI\" \/>\n<meta property=\"og:type\" content=\"article\" \/>\n<meta property=\"og:title\" content=\"Igra - Promocija Sopomenk\" \/>\n<meta property=\"og:url\" content=\"https:\/\/www.cjvt.si\/promocija-sopomenk\/igra-besed\/\" \/>\n<meta property=\"og:site_name\" content=\"Promocija Sopomenk\" \/>\n<meta name=\"twitter:card\" content=\"summary_large_image\" \/>\n<meta name=\"twitter:label1\" content=\"Est. reading time\" \/>\n\t<meta name=\"twitter:data1\" content=\"2 minuti\" \/>\n<script type=\"application\/ld+json\" class=\"yoast-schema-graph\">{\"@context\":\"https:\/\/schema.org\",\"@graph\":[{\"@type\":\"WebPage\",\"@id\":\"https:\/\/www.cjvt.si\/promocija-sopomenk\/igra-besed\/\",\"url\":\"https:\/\/www.cjvt.si\/promocija-sopomenk\/igra-besed\/\",\"name\":\"Igra - Promocija Sopomenk\",\"isPartOf\":{\"@id\":\"https:\/\/www.cjvt.si\/promocija-sopomenk\/#website\"},\"datePublished\":\"2020-02-17T12:30:49+00:00\",\"breadcrumb\":{\"@id\":\"https:\/\/www.cjvt.si\/promocija-sopomenk\/igra-besed\/#breadcrumb\"},\"inLanguage\":\"sl-SI\",\"potentialAction\":[{\"@type\":\"ReadAction\",\"target\":[\"https:\/\/www.cjvt.si\/promocija-sopomenk\/igra-besed\/\"]}]},{\"@type\":\"BreadcrumbList\",\"@id\":\"https:\/\/www.cjvt.si\/promocija-sopomenk\/igra-besed\/#breadcrumb\",\"itemListElement\":[{\"@type\":\"ListItem\",\"position\":1,\"name\":\"Home\",\"item\":\"https:\/\/www.cjvt.si\/promocija-sopomenk\/\"},{\"@type\":\"ListItem\",\"position\":2,\"name\":\"Igra\"}]},{\"@type\":\"WebSite\",\"@id\":\"https:\/\/www.cjvt.si\/promocija-sopomenk\/#website\",\"url\":\"https:\/\/www.cjvt.si\/promocija-sopomenk\/\",\"name\":\"Promocija Sopomenk\",\"description\":\"\",\"potentialAction\":[{\"@type\":\"SearchAction\",\"target\":{\"@type\":\"EntryPoint\",\"urlTemplate\":\"https:\/\/www.cjvt.si\/promocija-sopomenk\/?s={search_term_string}\"},\"query-input\":{\"@type\":\"PropertyValueSpecification\",\"valueRequired\":true,\"valueName\":\"search_term_string\"}}],\"inLanguage\":\"sl-SI\"}]}<\/script>\n<!-- \/ Yoast SEO plugin. -->","yoast_head_json":{"title":"Igra - Promocija Sopomenk","robots":{"index":"index","follow":"follow","max-snippet":"max-snippet:-1","max-image-preview":"max-image-preview:large","max-video-preview":"max-video-preview:-1"},"canonical":"https:\/\/www.cjvt.si\/promocija-sopomenk\/igra-besed\/","og_locale":"sl_SI","og_type":"article","og_title":"Igra - Promocija Sopomenk","og_url":"https:\/\/www.cjvt.si\/promocija-sopomenk\/igra-besed\/","og_site_name":"Promocija Sopomenk","twitter_card":"summary_large_image","twitter_misc":{"Est. reading time":"2 minuti"},"schema":{"@context":"https:\/\/schema.org","@graph":[{"@type":"WebPage","@id":"https:\/\/www.cjvt.si\/promocija-sopomenk\/igra-besed\/","url":"https:\/\/www.cjvt.si\/promocija-sopomenk\/igra-besed\/","name":"Igra - Promocija Sopomenk","isPartOf":{"@id":"https:\/\/www.cjvt.si\/promocija-sopomenk\/#website"},"datePublished":"2020-02-17T12:30:49+00:00","breadcrumb":{"@id":"https:\/\/www.cjvt.si\/promocija-sopomenk\/igra-besed\/#breadcrumb"},"inLanguage":"sl-SI","potentialAction":[{"@type":"ReadAction","target":["https:\/\/www.cjvt.si\/promocija-sopomenk\/igra-besed\/"]}]},{"@type":"BreadcrumbList","@id":"https:\/\/www.cjvt.si\/promocija-sopomenk\/igra-besed\/#breadcrumb","itemListElement":[{"@type":"ListItem","position":1,"name":"Home","item":"https:\/\/www.cjvt.si\/promocija-sopomenk\/"},{"@type":"ListItem","position":2,"name":"Igra"}]},{"@type":"WebSite","@id":"https:\/\/www.cjvt.si\/promocija-sopomenk\/#website","url":"https:\/\/www.cjvt.si\/promocija-sopomenk\/","name":"Promocija Sopomenk","description":"","potentialAction":[{"@type":"SearchAction","target":{"@type":"EntryPoint","urlTemplate":"https:\/\/www.cjvt.si\/promocija-sopomenk\/?s={search_term_string}"},"query-input":{"@type":"PropertyValueSpecification","valueRequired":true,"valueName":"search_term_string"}}],"inLanguage":"sl-SI"}]}},"_links":{"self":[{"href":"https:\/\/www.cjvt.si\/promocija-sopomenk\/wp-json\/wp\/v2\/pages\/1514","targetHints":{"allow":["GET"]}}],"collection":[{"href":"https:\/\/www.cjvt.si\/promocija-sopomenk\/wp-json\/wp\/v2\/pages"}],"about":[{"href":"https:\/\/www.cjvt.si\/promocija-sopomenk\/wp-json\/wp\/v2\/types\/page"}],"author":[{"embeddable":true,"href":"https:\/\/www.cjvt.si\/promocija-sopomenk\/wp-json\/wp\/v2\/users\/1"}],"replies":[{"embeddable":true,"href":"https:\/\/www.cjvt.si\/promocija-sopomenk\/wp-json\/wp\/v2\/comments?post=1514"}],"version-history":[{"count":0,"href":"https:\/\/www.cjvt.si\/promocija-sopomenk\/wp-json\/wp\/v2\/pages\/1514\/revisions"}],"wp:attachment":[{"href":"https:\/\/www.cjvt.si\/promocija-sopomenk\/wp-json\/wp\/v2\/media?parent=1514"}],"curies":[{"name":"wp","href":"https:\/\/api.w.org\/{rel}","templated":true}]}}