{"id":43,"date":"2020-01-16T14:55:37","date_gmt":"2020-01-16T13:55:37","guid":{"rendered":"https:\/\/www.cjvt.starkmat.si\/template\/?page_id=43"},"modified":"2020-06-24T14:43:01","modified_gmt":"2020-06-24T12:43:01","slug":"sodelavci","status":"publish","type":"page","link":"https:\/\/www.cjvt.si\/rsdo\/konzorcij\/","title":{"rendered":"Konzorcij"},"content":{"rendered":"<div class=\"flex_column av_one_full  flex_column_div av-zero-column-padding first  avia-builder-el-0  el_before_av_one_full  avia-builder-el-first  \" style='border-radius:0px; '><section class=\"av_textblock_section \"  itemscope=\"itemscope\" itemtype=\"https:\/\/schema.org\/CreativeWork\" ><div class='avia_textblock  '   itemprop=\"text\" ><h1>KONZORCIJ<\/h1>\n<\/div><\/section><br \/>\n<div   class='hr hr-short hr-left   avia-builder-el-2  el_after_av_textblock  avia-builder-el-last '><span class='hr-inner ' ><span class='hr-inner-style'><\/span><\/span><\/div><\/p><\/div>\n<div class=\"flex_column av_one_full  no_margin flex_column_div av-zero-column-padding first  avia-builder-el-3  el_after_av_one_full  avia-builder-el-last  column-top-margin\" style='margin-top:0px; margin-bottom:20px; border-radius:0px; '><section class=\"av_textblock_section \"  itemscope=\"itemscope\" itemtype=\"https:\/\/schema.org\/CreativeWork\" ><div class='avia_textblock  '   itemprop=\"text\" ><p>Konzorcij sestavlja dvanajst ustanov, med katerimi so najve\u010dje izobra\u017eevalne in raziskovalne organizacije v Sloveniji \u2013 tri univerze in tri javne raziskovalne organizacije \u2013 ter \u0161est podjetij.<\/p>\n<p>V okviru <strong>Univerze v Ljubljani<\/strong> (UL) kot koordinatorice konzorcija pri projektu sodeluje pet fakultet, ustanoviteljic Centra za jezikovne vire in tehnologije UL (<a href=\"https:\/\/www.cjvt.si\/\">CJVT<\/a>): Fakulteta za ra\u010dunalni\u0161tvo in informatiko (FRI), Fakulteta za elektrotehniko (FE), Filozofska fakulteta (FF), Fakulteta za dru\u017ebene vede (FDV), Pedago\u0161ka fakulteta (PEF), poleg tega Fakulteta za upravo (FU). V okviru <strong>Univerze v Mariboru<\/strong> (UM) pri projektu sodelujejo: Fakulteta za elektrotehniko, ra\u010dunalni\u0161tvo in informatiko (FERI), Pedago\u0161ka fakulteta (PEF) ter Fakulteta za organizacijske vede (FOV). V okviru <strong>Univerze v Novi Gorici<\/strong> (UNG) sodeluje Fakulteta za humanistiko.<\/p>\n<p>Na <strong>Institutu \u00bbJo\u017eef Stefan\u00ab<\/strong> (IJS) sta v projekt vklju\u010deni dve enoti: Odsek za tehnologije znanja ter Laboratorij za umetno inteligenco, ki na IJS upravljata infrastrukturo <a href=\"http:\/\/www.clarin.si\/info\/o-projektu\/\">CLARIN.SI<\/a>. Ta je del evropske infrastrukture <a href=\"https:\/\/www.clarin.eu\/\">CLARIN<\/a> ERIC, ki spada med dolgoro\u010dno vzdr\u017eevane evropske infrastrukture ESFRI.<\/p>\n<p>Na <strong>Znanstvenoraziskovalnem centru SAZU<\/strong> (ZRC) v projektu sodeluje In\u0161titut za slovenski jezik Frana Ramov\u0161a (ISJFR), osrednja ustanova, namenjena sistemati\u010dnemu spremljanju in razlagi slovenskega jezikovnega gradiva, ki vzdr\u017euje slovarski portal <a href=\"https:\/\/fran.si\/\">Fran<\/a> kot del svoje raziskovalne infrastrukture. ZRC skupaj z IJS sodeluje tudi pri drugi ESFRI infrastrukturi s podro\u010dja humanistike, <a href=\"http:\/\/www.dariah.si\/\">DARIAH-SI<\/a>, ki jo v Sloveniji koordinira <strong>In\u0161titut za novej\u0161o zgodovino<\/strong> (INZ).<\/p>\n<p>Obstoje\u010de infrastrukture, na \u010delu s CLARIN.SI, ki so financirane bodisi s strani ARRS ali z evropskimi sredstvi in so namenjene vzdr\u017eevanju in dostopu do jezikovnih virov in tehnologij za slovenski jezik, zagotavljajo tudi dolgoro\u010dno dostopnost in vzdr\u017eevanje rezultatov po koncu projekta.<\/p>\n<p>V raziskovalni infrastrukturi CLARIN.SI od njene vzpostavitve l. 2013 poleg univerz in raziskovalnih organizacij sodelujeta tudi dve podjetji, ki \u017ee dlje \u010dasa v slovenskem prostoru delujeta na podro\u010dju razvoja jezikovnih virov in tehnologij, <strong>Alpineon<\/strong>, d.o.o. in <strong>Amebis<\/strong>, d.o.o. Poleg omenjenih v projektnem konzorciju sodelujeta dve novoustanovljeni podjetji, <strong>Aikwit<\/strong> d.o.o. ter <strong>Vitasis<\/strong>, d.o.o., prvo deluje na podro\u010dju nudenja prevajalskih uslug, drugo na podro\u010dju informacijskih tehnologij. Vsa podjetja bodo v prakso prena\u0161ala novo nastale izdelke, od strojnega prevajanja do govornih tehnologij. Preostali dve podjetji, <strong>Slovenska tiskovna agencija<\/strong> d.o.o. in <strong>Po\u0161ta Slovenije<\/strong> d.o.o., sta vklju\u010deni kot pomembna uporabnika novo razvitih jezikovnotehnolo\u0161kih izdelkov. Imata predvsem vlogo evalvatorjev izdelkov v \u010dasu razvoja ter diseminatorjev projektnih rezultatov med in po koncu projekta.<\/p>\n<\/div><\/section><\/div>\n","protected":false},"excerpt":{"rendered":"","protected":false},"author":1,"featured_media":0,"parent":0,"menu_order":0,"comment_status":"closed","ping_status":"closed","template":"","meta":{"_acf_changed":false,"_relevanssi_hide_post":"","_relevanssi_hide_content":"","_relevanssi_pin_for_all":"","_relevanssi_pin_keywords":"","_relevanssi_unpin_keywords":"","_relevanssi_related_keywords":"","_relevanssi_related_include_ids":"","_relevanssi_related_exclude_ids":"","_relevanssi_related_no_append":"","_relevanssi_related_not_related":"","_relevanssi_related_posts":"","_relevanssi_noindex_reason":"","inline_featured_image":false,"episode_type":"","audio_file":"","podmotor_file_id":"","podmotor_episode_id":"","cover_image":"","cover_image_id":"","duration":"","filesize":"","filesize_raw":"","date_recorded":"","explicit":"","block":"","itunes_episode_number":"","itunes_title":"","itunes_season_number":"","itunes_episode_type":"","footnotes":""},"class_list":["post-43","page","type-page","status-publish","hentry"],"acf":[],"yoast_head":"<!-- This site is optimized with the Yoast SEO plugin v27.3 - https:\/\/yoast.com\/product\/yoast-seo-wordpress\/ -->\n<title>Konzorcij - RSDO<\/title>\n<meta name=\"robots\" content=\"index, follow, max-snippet:-1, max-image-preview:large, max-video-preview:-1\" \/>\n<link rel=\"canonical\" href=\"https:\/\/www.cjvt.si\/rsdo\/konzorcij\/\" \/>\n<meta property=\"og:locale\" content=\"sl_SI\" \/>\n<meta property=\"og:type\" content=\"article\" \/>\n<meta property=\"og:title\" content=\"Konzorcij - RSDO\" \/>\n<meta property=\"og:url\" content=\"https:\/\/www.cjvt.si\/rsdo\/konzorcij\/\" \/>\n<meta property=\"og:site_name\" content=\"RSDO\" \/>\n<meta property=\"article:modified_time\" content=\"2020-06-24T12:43:01+00:00\" \/>\n<meta name=\"twitter:card\" content=\"summary_large_image\" \/>\n<meta name=\"twitter:label1\" content=\"Est. reading time\" \/>\n\t<meta name=\"twitter:data1\" content=\"4 minute\" \/>\n<script type=\"application\/ld+json\" class=\"yoast-schema-graph\">{\"@context\":\"https:\\\/\\\/schema.org\",\"@graph\":[{\"@type\":\"WebPage\",\"@id\":\"https:\\\/\\\/www.cjvt.si\\\/rsdo\\\/konzorcij\\\/\",\"url\":\"https:\\\/\\\/www.cjvt.si\\\/rsdo\\\/konzorcij\\\/\",\"name\":\"Konzorcij - RSDO\",\"isPartOf\":{\"@id\":\"https:\\\/\\\/www.cjvt.si\\\/rsdo\\\/#website\"},\"datePublished\":\"2020-01-16T13:55:37+00:00\",\"dateModified\":\"2020-06-24T12:43:01+00:00\",\"breadcrumb\":{\"@id\":\"https:\\\/\\\/www.cjvt.si\\\/rsdo\\\/konzorcij\\\/#breadcrumb\"},\"inLanguage\":\"sl-SI\",\"potentialAction\":[{\"@type\":\"ReadAction\",\"target\":[\"https:\\\/\\\/www.cjvt.si\\\/rsdo\\\/konzorcij\\\/\"]}]},{\"@type\":\"BreadcrumbList\",\"@id\":\"https:\\\/\\\/www.cjvt.si\\\/rsdo\\\/konzorcij\\\/#breadcrumb\",\"itemListElement\":[{\"@type\":\"ListItem\",\"position\":1,\"name\":\"Home\",\"item\":\"https:\\\/\\\/www.cjvt.si\\\/rsdo\\\/\"},{\"@type\":\"ListItem\",\"position\":2,\"name\":\"Konzorcij\"}]},{\"@type\":\"WebSite\",\"@id\":\"https:\\\/\\\/www.cjvt.si\\\/rsdo\\\/#website\",\"url\":\"https:\\\/\\\/www.cjvt.si\\\/rsdo\\\/\",\"name\":\"RSDO\",\"description\":\"\",\"potentialAction\":[{\"@type\":\"SearchAction\",\"target\":{\"@type\":\"EntryPoint\",\"urlTemplate\":\"https:\\\/\\\/www.cjvt.si\\\/rsdo\\\/?s={search_term_string}\"},\"query-input\":{\"@type\":\"PropertyValueSpecification\",\"valueRequired\":true,\"valueName\":\"search_term_string\"}}],\"inLanguage\":\"sl-SI\"}]}<\/script>\n<!-- \/ Yoast SEO plugin. -->","yoast_head_json":{"title":"Konzorcij - RSDO","robots":{"index":"index","follow":"follow","max-snippet":"max-snippet:-1","max-image-preview":"max-image-preview:large","max-video-preview":"max-video-preview:-1"},"canonical":"https:\/\/www.cjvt.si\/rsdo\/konzorcij\/","og_locale":"sl_SI","og_type":"article","og_title":"Konzorcij - RSDO","og_url":"https:\/\/www.cjvt.si\/rsdo\/konzorcij\/","og_site_name":"RSDO","article_modified_time":"2020-06-24T12:43:01+00:00","twitter_card":"summary_large_image","twitter_misc":{"Est. reading time":"4 minute"},"schema":{"@context":"https:\/\/schema.org","@graph":[{"@type":"WebPage","@id":"https:\/\/www.cjvt.si\/rsdo\/konzorcij\/","url":"https:\/\/www.cjvt.si\/rsdo\/konzorcij\/","name":"Konzorcij - RSDO","isPartOf":{"@id":"https:\/\/www.cjvt.si\/rsdo\/#website"},"datePublished":"2020-01-16T13:55:37+00:00","dateModified":"2020-06-24T12:43:01+00:00","breadcrumb":{"@id":"https:\/\/www.cjvt.si\/rsdo\/konzorcij\/#breadcrumb"},"inLanguage":"sl-SI","potentialAction":[{"@type":"ReadAction","target":["https:\/\/www.cjvt.si\/rsdo\/konzorcij\/"]}]},{"@type":"BreadcrumbList","@id":"https:\/\/www.cjvt.si\/rsdo\/konzorcij\/#breadcrumb","itemListElement":[{"@type":"ListItem","position":1,"name":"Home","item":"https:\/\/www.cjvt.si\/rsdo\/"},{"@type":"ListItem","position":2,"name":"Konzorcij"}]},{"@type":"WebSite","@id":"https:\/\/www.cjvt.si\/rsdo\/#website","url":"https:\/\/www.cjvt.si\/rsdo\/","name":"RSDO","description":"","potentialAction":[{"@type":"SearchAction","target":{"@type":"EntryPoint","urlTemplate":"https:\/\/www.cjvt.si\/rsdo\/?s={search_term_string}"},"query-input":{"@type":"PropertyValueSpecification","valueRequired":true,"valueName":"search_term_string"}}],"inLanguage":"sl-SI"}]}},"_links":{"self":[{"href":"https:\/\/www.cjvt.si\/rsdo\/wp-json\/wp\/v2\/pages\/43","targetHints":{"allow":["GET"]}}],"collection":[{"href":"https:\/\/www.cjvt.si\/rsdo\/wp-json\/wp\/v2\/pages"}],"about":[{"href":"https:\/\/www.cjvt.si\/rsdo\/wp-json\/wp\/v2\/types\/page"}],"author":[{"embeddable":true,"href":"https:\/\/www.cjvt.si\/rsdo\/wp-json\/wp\/v2\/users\/1"}],"replies":[{"embeddable":true,"href":"https:\/\/www.cjvt.si\/rsdo\/wp-json\/wp\/v2\/comments?post=43"}],"version-history":[{"count":67,"href":"https:\/\/www.cjvt.si\/rsdo\/wp-json\/wp\/v2\/pages\/43\/revisions"}],"predecessor-version":[{"id":1297,"href":"https:\/\/www.cjvt.si\/rsdo\/wp-json\/wp\/v2\/pages\/43\/revisions\/1297"}],"wp:attachment":[{"href":"https:\/\/www.cjvt.si\/rsdo\/wp-json\/wp\/v2\/media?parent=43"}],"curies":[{"name":"wp","href":"https:\/\/api.w.org\/{rel}","templated":true}]}}