{"id":1278,"date":"2021-05-20T15:16:50","date_gmt":"2021-05-20T13:16:50","guid":{"rendered":"https:\/\/www.cjvt.si\/programska\/?page_id=1278"},"modified":"2021-11-12T13:33:52","modified_gmt":"2021-11-12T12:33:52","slug":"bibliografija-2","status":"publish","type":"page","link":"https:\/\/www.cjvt.si\/sokol\/povezave\/","title":{"rendered":"Povezave"},"content":{"rendered":"<div class=\"flex_column av_one_full  flex_column_div av-zero-column-padding first  avia-builder-el-0  avia-builder-el-no-sibling  \" style='border-radius:0px; '><section class=\"av_textblock_section \"  itemscope=\"itemscope\" itemtype=\"https:\/\/schema.org\/CreativeWork\" ><div class='avia_textblock  '   itemprop=\"text\" ><h1><strong>SLOVARJA IN SLOVARSKI BAZI<\/strong><\/h1>\n<\/div><\/section><br \/>\n<section class=\"av_textblock_section \"  itemscope=\"itemscope\" itemtype=\"https:\/\/schema.org\/CreativeWork\" ><div class='avia_textblock  '  style='font-size:14px; '  itemprop=\"text\" ><ul>\n<li><a href=\"https:\/\/viri.cjvt.si\/sopomenke\/slv\/\">Slovar sopomenk sodobne sloven\u0161\u010dine<\/a><\/li>\n<li><a href=\"https:\/\/viri.cjvt.si\/kolokacije\/slv\/\">Kolokacijski slovar sodobne sloven\u0161\u010dine<\/a><\/li>\n<li>Krek, Simon; Laskowski, Cyprian; Robnik-\u0160ikonja, Marko; Kosem, Iztok; Arhar Holdt, \u0160pela; Gantar, Polona; \u010cibej, Jaka; Gorjanc, Vojko; Klemenc, Bojan; Dobrovoljc, Kaja (2018).\u00a0<em>Thesaurus of Modern Slovene 1.0,<\/em> Slovenian language resource repository CLARIN.SI.\u00a0<a href=\"http:\/\/hdl.handle.net\/11356\/1166\">http:\/\/hdl.handle.net\/11356\/1166<\/a><\/li>\n<li>Kosem, Iztok; Gantar, Polona; Krek, Simon; Arhar Holdt, \u0160pela; \u010cibej, Laskowski, Cyprian Adam; Pori, Eva; Klemenc, Bojan; Dobrovoljc, Kaja; Gorjanc, Vojko; Ljube\u0161i\u0107, Nikola (2019)<em>. <\/em><em>Collocations dictionary of modern Slovene KSSS 1.0<\/em>, Slovenian language resource repository CLARIN.SI. <a href=\"https:\/\/www.clarin.si\/repository\/xmlui\/handle\/11356\/1250\">https:\/\/www.clarin.si\/repository\/xmlui\/handle\/11356\/1250<\/a><\/li>\n<\/ul>\n<\/div><\/section><br \/>\n<section class=\"av_textblock_section \"  itemscope=\"itemscope\" itemtype=\"https:\/\/schema.org\/CreativeWork\" ><div class='avia_textblock  '   itemprop=\"text\" ><h1><strong>ZNANSTVENI PRISPEVKI<\/strong><\/h1>\n<\/div><\/section><br \/>\n<section class=\"av_textblock_section \"  itemscope=\"itemscope\" itemtype=\"https:\/\/schema.org\/CreativeWork\" ><div class='avia_textblock  '  style='font-size:14px; '  itemprop=\"text\" ><ul>\n<li>Arhar Holdt, \u0160pela; \u010cibej, Jaka; Dobrovoljc, Kaja; Gantar, Polona; Gorjanc, Vojko; Klemenc, Bojan; Kosem, Iztok; Krek, Simon; Laskowski, Cyprian Adam; Robnik \u0160ikonja, Marko (2018).\u00a0Thesaurus of modern Slovene: by the community for the community. V: Jaka \u010cibej idr. (ur.):\u00a0<em>Proceedings of the 18th EURALEX International Congress: Lexicography in global contexts<\/em>, zbornik konference, str. 401\u2013410.\u00a0<a href=\"https:\/\/e-knjige.ff.uni-lj.si\/znanstvena-zalozba\/catalog\/view\/118\/211\/3000-1\">https:\/\/e-knjige.ff.uni-lj.si\/znanstvena-zalozba\/catalog\/view\/118\/211\/3000-1<\/a><\/li>\n<li>Krek, Simon; Lakowski, Cyprian; Robnik-\u0160ikonja, Marko (2017).\u00a0From translation equivalents to synonyms: creation of a Slovene thesaurus using word co-occurrence network analysis. V: KOSEM, Iztok (ur.) et al.,\u00a0<i>Proceedings of eLex 2017: Lexicography from Scratch<\/i>, 19-21 September 2017, Leiden, Netherlands.\u00a0<a class=\"click_trigger_event\" href=\"https:\/\/elex.link\/elex2017\/wp-content\/uploads\/2017\/09\/paper05.pdf\" target=\"_blank\" rel=\"noopener\">https:\/\/elex.link\/elex2017\/wp-content\/uploads\/2017\/09\/paper05.pdf<\/a><\/li>\n<li>Arhar Holdt, \u0160pela (2020).\u00a0How users responded to a responsive dictionary: the case of the Thesaurus of Modern Slovene.\u00a0<em>Rasprave Instituta za hrvatski jezik i jezikoslovlje<\/em>, letn. 46, \u0161t. 2, str. 465\u2013482. doi:\u00a0<a href=\"https:\/\/doi.org\/10.31724\/rihjj.46.2.1\">10.31724\/rihjj.46.2.1<\/a><\/li>\n<li>\u010cibej, Jaka; Arhar Holdt, \u0160pela (2019).\u00a0Repel the syntruders! A crowdsourcing cleanup of the thesaurus of modern Slovene. V: Iztok Kosem in Simon Krek (ur.):\u00a0<em>Electronic lexicography in the 21st century,<\/em>\u00a0zbornik konference, str. 338\u2013356, ilustr.\u00a0<a href=\"https:\/\/elex.link\/elex2019\/wp-content\/uploads\/2019\/10\/eLex-2019_Proceedings.pdf\">https:\/\/elex.link\/elex2019\/wp-content\/uploads\/2019\/10\/eLex-2019_Proceedings.pdf<\/a><\/li>\n<li>Kosem, Iztok; Krek, Simon; Gantar, Polona; Arhar Holdt, \u0160pela; \u010cibej, Jaka; Laskowski, Cyprian Adam (2018). Kolokacijski slovar sodobne sloven\u0161\u010dine. V: Darja Fi\u0161er, Andrej Pan\u010dur (ur.): <em>Jezikovne tehnologije in digitalna humanistika<\/em>: zbornik konference, str. 133\u2013139. Ljubljana: Znanstvena zaloz\u030cba Filozofske fakultete v Ljubljani.<a href=\"http:\/\/www.sdjt.si\/wp\/wp-content\/uploads\/2018\/09\/JTDH-2018_Kosem-et-al_Kolokacijski-slovar-sodobne-slovenscine.pdf\"> http:\/\/www.sdjt.si\/wp\/wp-content\/uploads\/2018\/09\/JTDH-2018_Kosem-et-al_Kolokacijski-slovar-sodobne-slovenscine.pdf<\/a><\/li>\n<li>Kosem, Iztok; Krek, Simon; Gantar, Polona; Arhar Holdt, \u0160pela; \u010cibej, Jaka; Laskowski, Cyprian Adam (2018). Collocations dictionary of modern Slovene. V: Jaka \u010cibej idr. (ur.): <em>Proceedings of the 18th EURALEX International Congress: Lexicography in global contexts<\/em>, zbornik konference, str. 989\u2013997. Ljubljana: Ljubljana University Press, Faculty of Arts. <a href=\"https:\/\/e-knjige.ff.uni-lj.si\/znanstvena-zalozba\/catalog\/view\/118\/211\/3000-1\">https:\/\/e-knjige.ff.uni-lj.si\/znanstvena-zalozba\/catalog\/view\/118\/211\/3000-1<\/a><\/li>\n<li>Kosem, Iztok (ur.)\u00a0(2021)<em>.<\/em><em>\u00a0Kolokacije v sloven\u0161\u010dini<\/em>. Ljubljana: Znanstvena zalo\u017eba Filozofske fakultete. <a href=\"https:\/\/doi.org\/10.4312\/9789610605379\">https:\/\/doi.org\/10.4312\/9789610605379<\/a><\/li>\n<li>Kosem, Iztok (ur.); Gantar, Polona (ur.)\u00a0(2020)<em>.<\/em><em>\u00a0Kolokacije v leksikografiji: obstoje\u010de re\u0161itve in izzivi za prihodnost (Collocations in lexicography: existing solutions and future challenges)<\/em>. Sloven\u0161\u010dina 2.0, tematska \u0161tevilka. Ljubljana: Znanstvena zalo\u017eba Filozofske fakultete, 2020.\u00a0\u00a0<a href=\"https:\/\/revije.ff.uni-lj.si\/slovenscina2\/index\">https:\/\/revije.ff.uni-lj.si\/slovenscina2\/index<\/a><\/li>\n<li>Pori, Eva; \u010cibej, Jaka; Arhar Holdt, \u0160pela; Kosem, Iztok (2020).\u00a0The attitude of dictionary users towards automatically extracted collocation data: a user study.\u00a0<em>Kolokacije v leksikografiji: obstoje\u010de re\u0161itve in izzivi.\u00a0<\/em>Sloven\u0161\u010dina 2.0, tematska \u0161tevilka, letn. 8, \u0161t. 2, str. 168\u2013201. doi:\u00a0<a href=\"https:\/\/doi.org\/10.4312\/slo2.0.2020.2.168-201\">10.4312\/slo2.0.2020.2.168-201<\/a><\/li>\n<li>Gorjanc, Vojko (ur.); Gantar, Polona (ur.); Kosem, Iztok (ur.); Krek, Simon (ur.) (2017)<em>.\u00a0<\/em><em>Slovar sodobne sloven\u0161\u010dine: problemi in re\u0161itve<\/em>. Ljubljana: Znanstvena zalo\u017eba Filozofske fakultete, 2017. doi:\u00a0<a href=\"https:\/\/doi.org\/10.4312\/9789612379759\">10.4312\/9789612379759<\/a><\/li>\n<li>Gorjanc, Vojko (ur.); Gantar, Polona (ur.); Kosem, Iztok (ur.); Krek, Simon (ur.) (2017)<em>.<\/em><em>\u00a0Dictionary of modern Slovene: problems and solutions<\/em>. Ljubljana: Ljubljana University Press, Faculty of Arts.\u00a0<a href=\"http:\/\/www.ff.uni-lj.si\/sites\/default\/files\/Dokumenti\/Knjige\/e-books\/dictionary_of_modern_slo.pdf\">http:\/\/www.ff.uni-lj.si\/sites\/default\/files\/Dokumenti\/Knjige\/e-books\/dictionary_of_modern_slo.pdf<\/a><\/li>\n<li>Gantar, Polona (2020).\u00a0Dictionary of modern Slovene: from Slovene lexical database to digital dictionary database.\u00a0<em>Rasprave Instituta za hrvatski jezik i jezikoslovlje<\/em>, letn. 46, \u0161t. 2, str. 589\u2013602. doi:\u00a0<a href=\"https:\/\/dx.doi.org\/10.31724\/rihjj.46.2.7\">10.31724\/rihjj.46.2.7<\/a><\/li>\n<li>Gantar, Polona\u00a0(2015).\u00a0<em>Leksikografski opis sloven\u0161\u010dine v digitalnem okolju<\/em>. Ljubljana: Znanstvena zalo\u017eba Filozofske fakultete.<a href=\"https:\/\/www.dlib.si\/details\/URN:NBN:SI:DOC-C6OT60O0\">\u00a0https:\/\/www.dlib.si\/details\/URN:NBN:SI:DOC-C6OT60O0<\/a><\/li>\n<li>Gantar, Polona; Kosem, Iztok; Krek, Simon (2016).\u00a0Discovering Automated Lexicography: The Case of the Slovene Lexical Database.\u00a0<em>International Journal of Lexicography<\/em>, letn. 29, \u0161t. 2, str. 200\u2013225.\u00a0<a href=\"https:\/\/doi.org\/10.1093\/ijl\/ecw014\">\u00a0https:\/\/doi.org\/10.1093\/ijl\/ecw014<\/a><\/li>\n<li>Krek, Simon; Arhar Holdt, \u0160pela; Erjavec, Toma\u017e; \u010cibej, Jaka; Repar, Andra\u017e; Gantar, Polona; Ljube\u0161i\u0107, Nikola; Kosem, Iztok; Dobrovoljc, Kaja (2020). Gigafida 2.0: the reference corpus of written standard Slovene. V: CALZOLARI, Nicoletta (ur.). <i>LREC 2020: Twelfth International Conference on Language Resources and Evaluation: May 11-16, 2020, Marseille, France.<\/i> Paris: ELRA &#8211; European Language Resources Association, str. 3340-3345. <a href=\"http:\/\/www.lrec-conf.org\/proceedings\/lrec2020\/LREC-2020.pdf\">http:\/\/www.lrec-conf.org\/proceedings\/lrec2020\/LREC-2020.pdf<\/a><\/li>\n<li>Logar, Nata\u0161a; Gr\u010dar, Miha; Brakus, Marko; Erjavec, Toma\u017e; Arhar Holdt, \u0160pela; Krek, Simon (2020). <i>Korpusi slovenskega jezika Gigafida, KRES, ccGigafida in ccKres: gradnja, vsebina, uporaba,<\/i> 1. e-izdaja. Ljubljana: Znanstvena zalo\u017eba Filozofske fakultete. <a href=\"https:\/\/doi.org\/10.4312\/9789610603542\">10.4312\/9789610603542<\/a><\/li>\n<li>Kosem, Iztok; Koppel, Kristina; Zingano Kuhn, Tanara; Michelfeit, Jan; Tiberius, Carole (2019). Identification and automatic extraction of good dictionary examples: the case of GDEX. <em>International journal of lexicography<\/em>, letn. 8, \u0161t. 2, str. 119\u2013137. doi: <a href=\"https:\/\/doi.org\/10.1093\/ijl\/ecy014\">10.1093\/ijl\/ecy014<\/a><\/li>\n<li>Arhar Holdt, \u0160pela;\u00a0Logar, Nata\u0161a; Pori, Eva; Kosem, Iztok\u00a0(2020).\u00a0&#8220;Game of Words&#8221;: play the game, clean the database. V: Zoe Gavriilidou, Maria Mitsiaki in Asimakis Fliatouras (ur.):\u00a0<em>Lexicography for inclusion,<\/em>\u00a0zbornik konference<em>,\u00a0<\/em>str. 41\u201349.\u00a0<a href=\"https:\/\/euralex2020.gr\/wp-content\/uploads\/2020\/11\/EURALEX2020_ProceedingsBook-Preview.pdf\">https:\/\/euralex2020.gr\/wp-content\/uploads\/2020\/11\/EURALEX2020_ProceedingsBook-Preview.pdf<\/a><\/li>\n<\/ul>\n<\/div><\/section><\/p><\/div>\n","protected":false},"excerpt":{"rendered":"","protected":false},"author":12,"featured_media":0,"parent":0,"menu_order":0,"comment_status":"closed","ping_status":"closed","template":"","meta":{"_acf_changed":false,"_relevanssi_hide_post":"","_relevanssi_hide_content":"","_relevanssi_pin_for_all":"","_relevanssi_pin_keywords":"","_relevanssi_unpin_keywords":"","_relevanssi_related_keywords":"","_relevanssi_related_include_ids":"","_relevanssi_related_exclude_ids":"","_relevanssi_related_no_append":"","_relevanssi_related_not_related":"","_relevanssi_related_posts":"","_relevanssi_noindex_reason":"","inline_featured_image":false,"episode_type":"","audio_file":"","podmotor_file_id":"","podmotor_episode_id":"","cover_image":"","cover_image_id":"","duration":"","filesize":"","filesize_raw":"","date_recorded":"","explicit":"","block":"","itunes_episode_number":"","itunes_title":"","itunes_season_number":"","itunes_episode_type":"","footnotes":""},"class_list":["post-1278","page","type-page","status-publish","hentry"],"acf":[],"yoast_head":"<!-- This site is optimized with the Yoast SEO plugin v27.5 - https:\/\/yoast.com\/product\/yoast-seo-wordpress\/ -->\n<title>Povezave - Sopomenke in Kolokacije 2.0 - SoKol<\/title>\n<meta name=\"robots\" content=\"index, follow, max-snippet:-1, max-image-preview:large, max-video-preview:-1\" \/>\n<link rel=\"canonical\" href=\"https:\/\/www.cjvt.si\/sokol\/povezave\/\" \/>\n<meta property=\"og:locale\" content=\"sl_SI\" \/>\n<meta property=\"og:type\" content=\"article\" \/>\n<meta property=\"og:title\" content=\"Povezave - Sopomenke in Kolokacije 2.0 - SoKol\" \/>\n<meta property=\"og:url\" content=\"https:\/\/www.cjvt.si\/sokol\/povezave\/\" \/>\n<meta property=\"og:site_name\" content=\"Sopomenke in Kolokacije 2.0 - SoKol\" \/>\n<meta property=\"article:modified_time\" content=\"2021-11-12T12:33:52+00:00\" \/>\n<meta name=\"twitter:card\" content=\"summary_large_image\" \/>\n<script type=\"application\/ld+json\" class=\"yoast-schema-graph\">{\"@context\":\"https:\\\/\\\/schema.org\",\"@graph\":[{\"@type\":\"WebPage\",\"@id\":\"https:\\\/\\\/www.cjvt.si\\\/sokol\\\/povezave\\\/\",\"url\":\"https:\\\/\\\/www.cjvt.si\\\/sokol\\\/povezave\\\/\",\"name\":\"Povezave - Sopomenke in Kolokacije 2.0 - SoKol\",\"isPartOf\":{\"@id\":\"https:\\\/\\\/www.cjvt.si\\\/sokol\\\/#website\"},\"datePublished\":\"2021-05-20T13:16:50+00:00\",\"dateModified\":\"2021-11-12T12:33:52+00:00\",\"breadcrumb\":{\"@id\":\"https:\\\/\\\/www.cjvt.si\\\/sokol\\\/povezave\\\/#breadcrumb\"},\"inLanguage\":\"sl-SI\",\"potentialAction\":[{\"@type\":\"ReadAction\",\"target\":[\"https:\\\/\\\/www.cjvt.si\\\/sokol\\\/povezave\\\/\"]}]},{\"@type\":\"BreadcrumbList\",\"@id\":\"https:\\\/\\\/www.cjvt.si\\\/sokol\\\/povezave\\\/#breadcrumb\",\"itemListElement\":[{\"@type\":\"ListItem\",\"position\":1,\"name\":\"Home\",\"item\":\"https:\\\/\\\/www.cjvt.si\\\/sokol\\\/\"},{\"@type\":\"ListItem\",\"position\":2,\"name\":\"Povezave\"}]},{\"@type\":\"WebSite\",\"@id\":\"https:\\\/\\\/www.cjvt.si\\\/sokol\\\/#website\",\"url\":\"https:\\\/\\\/www.cjvt.si\\\/sokol\\\/\",\"name\":\"Sopomenke in Kolokacije 2.0 - SoKol\",\"description\":\"Nadgradnja temeljnih slovarskih virov in podatkovnih baz CJVT UL\",\"potentialAction\":[{\"@type\":\"SearchAction\",\"target\":{\"@type\":\"EntryPoint\",\"urlTemplate\":\"https:\\\/\\\/www.cjvt.si\\\/sokol\\\/?s={search_term_string}\"},\"query-input\":{\"@type\":\"PropertyValueSpecification\",\"valueRequired\":true,\"valueName\":\"search_term_string\"}}],\"inLanguage\":\"sl-SI\"}]}<\/script>\n<!-- \/ Yoast SEO plugin. -->","yoast_head_json":{"title":"Povezave - Sopomenke in Kolokacije 2.0 - SoKol","robots":{"index":"index","follow":"follow","max-snippet":"max-snippet:-1","max-image-preview":"max-image-preview:large","max-video-preview":"max-video-preview:-1"},"canonical":"https:\/\/www.cjvt.si\/sokol\/povezave\/","og_locale":"sl_SI","og_type":"article","og_title":"Povezave - Sopomenke in Kolokacije 2.0 - SoKol","og_url":"https:\/\/www.cjvt.si\/sokol\/povezave\/","og_site_name":"Sopomenke in Kolokacije 2.0 - SoKol","article_modified_time":"2021-11-12T12:33:52+00:00","twitter_card":"summary_large_image","schema":{"@context":"https:\/\/schema.org","@graph":[{"@type":"WebPage","@id":"https:\/\/www.cjvt.si\/sokol\/povezave\/","url":"https:\/\/www.cjvt.si\/sokol\/povezave\/","name":"Povezave - Sopomenke in Kolokacije 2.0 - SoKol","isPartOf":{"@id":"https:\/\/www.cjvt.si\/sokol\/#website"},"datePublished":"2021-05-20T13:16:50+00:00","dateModified":"2021-11-12T12:33:52+00:00","breadcrumb":{"@id":"https:\/\/www.cjvt.si\/sokol\/povezave\/#breadcrumb"},"inLanguage":"sl-SI","potentialAction":[{"@type":"ReadAction","target":["https:\/\/www.cjvt.si\/sokol\/povezave\/"]}]},{"@type":"BreadcrumbList","@id":"https:\/\/www.cjvt.si\/sokol\/povezave\/#breadcrumb","itemListElement":[{"@type":"ListItem","position":1,"name":"Home","item":"https:\/\/www.cjvt.si\/sokol\/"},{"@type":"ListItem","position":2,"name":"Povezave"}]},{"@type":"WebSite","@id":"https:\/\/www.cjvt.si\/sokol\/#website","url":"https:\/\/www.cjvt.si\/sokol\/","name":"Sopomenke in Kolokacije 2.0 - SoKol","description":"Nadgradnja temeljnih slovarskih virov in podatkovnih baz CJVT UL","potentialAction":[{"@type":"SearchAction","target":{"@type":"EntryPoint","urlTemplate":"https:\/\/www.cjvt.si\/sokol\/?s={search_term_string}"},"query-input":{"@type":"PropertyValueSpecification","valueRequired":true,"valueName":"search_term_string"}}],"inLanguage":"sl-SI"}]}},"_links":{"self":[{"href":"https:\/\/www.cjvt.si\/sokol\/wp-json\/wp\/v2\/pages\/1278","targetHints":{"allow":["GET"]}}],"collection":[{"href":"https:\/\/www.cjvt.si\/sokol\/wp-json\/wp\/v2\/pages"}],"about":[{"href":"https:\/\/www.cjvt.si\/sokol\/wp-json\/wp\/v2\/types\/page"}],"author":[{"embeddable":true,"href":"https:\/\/www.cjvt.si\/sokol\/wp-json\/wp\/v2\/users\/12"}],"replies":[{"embeddable":true,"href":"https:\/\/www.cjvt.si\/sokol\/wp-json\/wp\/v2\/comments?post=1278"}],"version-history":[{"count":43,"href":"https:\/\/www.cjvt.si\/sokol\/wp-json\/wp\/v2\/pages\/1278\/revisions"}],"predecessor-version":[{"id":1882,"href":"https:\/\/www.cjvt.si\/sokol\/wp-json\/wp\/v2\/pages\/1278\/revisions\/1882"}],"wp:attachment":[{"href":"https:\/\/www.cjvt.si\/sokol\/wp-json\/wp\/v2\/media?parent=1278"}],"curies":[{"name":"wp","href":"https:\/\/api.w.org\/{rel}","templated":true}]}}